000
CXUS52 KJAX 111948
CLMSSI

CLIMATE REPORT
NATIONAL WEATHER SERVICE JACKSONVILLE FL
845 AM EDT THU SEP 1 2016

...................................

...THE ST SIMONS ISLAND CLIMATE SUMMARY FOR THE MONTH OF AUGUST 2016...

CLIMATE NORMAL PERIOD 1981 TO 2010
CLIMATE RECORD PERIOD 1948 TO 2016

WEATHER         OBSERVED          NORMAL  DEPART
                 VALUE   DATE(S)  VALUE   FROM
                                          NORMAL
................................................
TEMPERATURE (F)
RECORD
 HIGH             101   08/11/2011
 LOW               62   08/25/1957
HIGHEST            97   08/21        88       9
LOWEST             74   08/27        74       0
                        08/06
                        08/02
AVG. MAXIMUM     90.1              88.7     1.4
AVG. MINIMUM     77.4              75.0     2.4
MEAN             83.8              81.8     2.0
DAYS MAX >= 90     17              10.1     6.9
DAYS MAX <= 32      0               0.0     0.0
DAYS MIN <= 32      0               0.0     0.0
DAYS MIN <= 0       0               0.0     0.0

PRECIPITATION (INCHES)
RECORD
 MAXIMUM        18.16   1969
 MINIMUM         1.16   1980
TOTALS           3.80              6.27   -2.47
DAILY AVG.       0.12              0.20   -0.08
DAYS >= .01        10              12.4    -2.4
DAYS >= .10         6               8.7    -2.7
DAYS >= .50         2               3.9    -1.9
DAYS >= 1.00        1               2.3    -1.3
GREATEST
 24 HR. TOTAL    1.81   08/30 TO 08/31
 STORM TOTAL       MM
 (MM/DD(HH))            MM

SNOWFALL (INCHES)
RECORDS
 TOTAL             MM   MM
 24 HR TOTAL       MM
TOTALS            0.0               0.0     0.0
 LIQUID EQUIV    0.00              0.00    0.00
SINCE 7/1         0.0               0.0     0.0
 LIQUID 7/1      0.00
DAYS >= TRACE       0               0.0     0.0
DAYS >= 1.0         0               0.0     0.0
GREATEST
 SNOW DEPTH         0   MM
 24 HR TOTAL      0.0   08/31 TO 08/31
 STORM TOTAL       MM
 (MM/DD(HH))            MM

DEGREE_DAYS
HEATING TOTAL       0                 0       0
 SINCE 7/1          0                 0       0
COOLING TOTAL     591               522      69
 SINCE 1/1       2271              1976     295

FREEZE DATES
RECORD
 EARLIEST     11/03/1954
 LATEST       03/31/1964
EARLIEST                        12/20
LATEST                          02/14
.................................................

WIND (MPH)
AVERAGE WIND SPEED              8.2
HIGHEST WIND SPEED/DIRECTION    23/130    DATE  08/30
HIGHEST GUST SPEED/DIRECTION    35/090    DATE  08/23

SKY COVER
POSSIBLE SUNSHINE (PERCENT)   MM
AVERAGE SKY COVER           0.20
NUMBER OF DAYS FAIR           26
NUMBER OF DAYS PC              5
NUMBER OF DAYS CLOUDY          0

AVERAGE RH (PERCENT)     75

WEATHER CONDITIONS. NUMBER OF DAYS WITH
THUNDERSTORM              0     MIXED PRECIP               0
HEAVY RAIN                5     RAIN                       6
LIGHT RAIN               12     FREEZING RAIN              0
LT FREEZING RAIN          0     HAIL                       0
HEAVY SNOW                0     SNOW                       0
LIGHT SNOW                0     SLEET                      0
FOG                       7     FOG W/VIS <= 1/4 MILE      0
HAZE                      3

-  INDICATES NEGATIVE NUMBERS.
R  INDICATES RECORD WAS SET OR TIED.
MM INDICATES DATA IS MISSING.
T  INDICATES TRACE AMOUNT.

$$
