667
CXUS54 KBMX 021219
CLMTCL


CLIMATE REPORT
NATIONAL WEATHER SERVICE BIRMINGHAM, AL
619 AM CST THU MAR 2 2017

...................................

...THE TUSCALOOSA CLIMATE SUMMARY FOR THE MONTH OF FEBRUARY 2017...

CLIMATE NORMAL PERIOD 1981 TO 2010
CLIMATE RECORD PERIOD 1948 TO 2017

WEATHER         OBSERVED          NORMAL  DEPART  LAST YEAR`S
                 VALUE   DATE(S)  VALUE   FROM    VALUE  DATE(S)
                                          NORMAL
................................................................
TEMPERATURE (F)
RECORD
 HIGH              86   02/13/1962
 LOW                    02/08/1989
HIGHEST            81   02/24        MM      MM       76  02/02
                                                          02/01
LOWEST             26   02/04        MM      MM       20  02/10
AVG. MAXIMUM     67.0              60.2     6.8     61.9
AVG. MINIMUM     43.6              37.3     6.3     38.5
MEAN             55.3                               50.2
DAYS MAX >= 90      0               0.0     0.0        0
DAYS MAX <= 32      0               0.1    -0.1        0
DAYS MIN <= 32      6               9.2    -3.2       11
DAYS MIN <= 0       0               0.0     0.0        0

PRECIPITATION (INCHES)
RECORD
 MAXIMUM        14.79   1961
 MINIMUM         1.60   1968
TOTALS           4.01              5.32   -1.31     5.46
DAILY AVG.       0.14              0.19   -0.05
DAYS >= .01        11               9.6     1.4
DAYS >= .10         6               7.3    -1.3
DAYS >= .50         3               3.6    -0.6
DAYS >= 1.00        1               1.9    -0.9

DEGREE_DAYS
HEATING TOTAL     269               458    -189      428
 SINCE 7/1       1303              2090    -787     1670
.................................................................

WIND (MPH)
AVERAGE WIND SPEED              6.2
HIGHEST WIND SPEED/DIRECTION    25/010    DATE  02/12
HIGHEST GUST SPEED/DIRECTION    35/010    DATE  02/12

AVERAGE RH (PERCENT)     69

WEATHER CONDITIONS. NUMBER OF DAYS WITH
THUNDERSTORM              0     MIXED PRECIP               0
HEAVY RAIN                5     RAIN                       5
LIGHT RAIN               12     FREEZING RAIN              0
LT FREEZING RAIN          0     HAIL                       0
HEAVY SNOW                0     SNOW                       0
LIGHT SNOW                0     SLEET                      0
FOG                      14     FOG W/VIS <= 1/4 MILE      2
HAZE                      1

-  INDICATES NEGATIVE NUMBERS.
R  INDICATES RECORD WAS SET OR TIED.
MM INDICATES DATA IS MISSING.
T  INDICATES TRACE AMOUNT.

$$
