000
CXUS51 KCLE 011935
CLMTOL


CLIMATE REPORT
NATIONAL WEATHER SERVICE CLEVELAND OH
334 PM EDT SUN OCT 1 2017

...................................

...THE TOLEDO OH CLIMATE SUMMARY FOR THE MONTH OF SEPTEMBER 2017...

CLIMATE NORMAL PERIOD 1981 TO 2010
CLIMATE RECORD PERIOD 1873 TO 2017

WEATHER         OBSERVED          NORMAL  DEPART  LAST YEAR`S
                 VALUE   DATE(S)  VALUE   FROM    VALUE
                                          NORMAL
.............................................................
TEMPERATURE (F)
RECORD
 HIGH             100   09/02/1953
                        09/01/1953
                        09/15/1939
 LOW               28   09/23/1974
HIGHEST            93   09/21
LOWEST             42   09/10
AVG. MAXIMUM     77.3              75.4     1.9     78.1
AVG. MINIMUM     55.2              52.8     2.4     56.8
MEAN             66.2              64.1     2.1     67.5
DAYS MAX >= 90      6               0.9     5.1        2
DAYS MAX <= 32      0               0.0     0.0        0
DAYS MIN <= 32      0               0.1    -0.1        0
DAYS MIN <= 0       0               0.0     0.0        0

PRECIPITATION (INCHES)
RECORD
 MAXIMUM         8.10   1972
 MINIMUM         0.37   1946
TOTALS           2.64              2.78   -0.14     3.97
DAYS >= .01         8               9.7    -1.7        6
DAYS >= .10         4               5.4    -1.4        6
DAYS >= .50         1               1.7    -0.7        3
DAYS >= 1.00        1               0.5     0.5        1
GREATEST
 24 HR. TOTAL    1.65   09/19 TO 09/19              1.32

SNOWFALL (INCHES)
RECORDS
 TOTAL              T   1993
                        1967
                        1950
TOTALS            0.0               0.0     0.0      0.0
SINCE 7/1         0.0               0.0     0.0      0.0
DAYS >= 1.0         0               0.0     0.0        0
GREATEST
 24 HR TOTAL      0.0   09/30 TO 09/30

DEGREE_DAYS
HEATING TOTAL      79               110     -31       38
 SINCE 7/1         93               124     -31       39
COOLING TOTAL     122                82      40      119
 SINCE 1/1        715               784     -69     1008
..............................................................

WIND (MPH)
AVERAGE WIND SPEED              5.1
HIGHEST WIND SPEED/DIRECTION    26/060    DATE  09/01
HIGHEST GUST SPEED/DIRECTION    37/230    DATE  09/04

SKY COVER
AVERAGE SKY COVER           0.30

AVERAGE RH (PERCENT)     75

WEATHER CONDITIONS. NUMBER OF DAYS WITH
THUNDERSTORM              0     MIXED PRECIP               0
HEAVY RAIN                3     RAIN                       2
LIGHT RAIN                8     FREEZING RAIN              0
LT FREEZING RAIN          0     HAIL                       0
HEAVY SNOW                0     SNOW                       0
LIGHT SNOW                0     SLEET                      0
FOG                      18     FOG W/VIS <= 1/4 MILE      3
HAZE                      6

-  INDICATES NEGATIVE NUMBERS.
R  INDICATES RECORD WAS SET OR TIED.
MM INDICATES DATA IS MISSING.
T  INDICATES TRACE AMOUNT.

$$
