000
CXUS53 KTOP 011431
CLMTOP


CLIMATE REPORT
NATIONAL WEATHER SERVICE TOPEKA KS
921 AM CDT THU SEP 1 2016

...................................

...THE TOPEKA KS CLIMATE SUMMARY FOR THE MONTH OF AUGUST 2016...

CLIMATE NORMAL PERIOD 1981 TO 2010
CLIMATE RECORD PERIOD 1887 TO 2016

WEATHER         OBSERVED          NORMAL  DEPART  LAST YEAR`S
                 VALUE   DATE(S)  VALUE   FROM    VALUE  DATE(S)
                                          NORMAL
................................................................
TEMPERATURE (F)
RECORD
 HIGH             113   08/14/1936
                        08/13/1936
 LOW               40   08/24/1891
HIGHEST           100   08/04        90      10       93
LOWEST             55   08/21        62      -7       50
AVG. MAXIMUM     87.7              88.6    -0.9     86.1
AVG. MINIMUM     67.5              66.2     1.3     64.3
MEAN             77.6              77.4     0.2     75.2
DAYS MAX >= 90     11              13.7    -2.7        8
DAYS MAX <= 32      0               0.0     0.0        0
DAYS MIN <= 32      0               0.0     0.0        0
DAYS MIN <= 0       0               0.0     0.0        0

PRECIPITATION (INCHES)
RECORD
 MAXIMUM        12.69   1903
 MINIMUM         0.26   1971
TOTALS           5.83              4.24    1.59     3.10
DAILY AVG.       0.19              0.14    0.05     0.10
DAYS >= .01         9               8.6     0.4        8
DAYS >= .10         8               5.9     2.1        5
DAYS >= .50         4               2.6     1.4        3
DAYS >= 1.00        3               1.4     1.6        1
GREATEST
 24 HR. TOTAL    2.31   08/25 TO 08/26              1.17

SNOWFALL (INCHES)
RECORDS
 TOTAL              T   2014
                        1994
TOTALS            0.0               0.0     0.0      0.0
SINCE 7/1           T               0.0     0.0      0.0
SNOWDEPTH AVG.      0                                  0
DAYS >= 1.0         0               0.0     0.0        0
GREATEST
 SNOW DEPTH         0   MM                             0  MM
 24 HR TOTAL      0.0   08/31 TO 08/31               0.0

DEGREE_DAYS
HEATING TOTAL       0                 2      -2        0
 SINCE 7/1          0                 2      -2        0
COOLING TOTAL     396               386      10      322
 SINCE 1/1       1401              1228     173     1218
.................................................................

WIND (MPH)
AVERAGE WIND SPEED              5.9
HIGHEST WIND SPEED/DIRECTION    37/280    DATE  08/19
HIGHEST GUST SPEED/DIRECTION    55/290    DATE  08/19

SKY COVER
POSSIBLE SUNSHINE (PERCENT)   MM
AVERAGE SKY COVER           0.30
NUMBER OF DAYS FAIR           20
NUMBER OF DAYS PC              6
NUMBER OF DAYS CLOUDY          5

AVERAGE RH (PERCENT)     73

WEATHER CONDITIONS. NUMBER OF DAYS WITH
THUNDERSTORM             11     MIXED PRECIP               0
HEAVY RAIN                7     RAIN                       8
LIGHT RAIN               13     FREEZING RAIN              0
LT FREEZING RAIN          0     HAIL                       0
HEAVY SNOW                0     SNOW                       0
LIGHT SNOW                0     SLEET                      0
FOG                      13     FOG W/VIS <= 1/4 MILE      1
HAZE                      0

-  INDICATES NEGATIVE NUMBERS.
R  INDICATES RECORD WAS SET OR TIED.
MM INDICATES DATA IS MISSING.
T  INDICATES TRACE AMOUNT.

REMARKS...

BOTH TEMPERATURES AND PRECIPITATION WERE NEAR THEIR NORMAL VALUES
FOR AUGUST. HOT CONDITIONS WERE COMMON IN THE EARLY PORTIONS OF THE
MONTH WITH HEAT INDEX VALUES REACHING 100 TO 110 AUGUST 3 AND
4...AND AGAIN FROM THE NINTH THROUGH THE ELEVENTH. LESS THAN TWO-
THIRDS OF AN INCH OF RAIN ACCUMULATED THROUGH AUGUST 18...BUT A MUCH
WETTER PERIOD ENDED THE MONTH. THUNDERSTORMS IMPACTED THE CITY ON
EIGHT OF THE FINAL NINE DAYS OF THE MONTH. THUNDERSTORMS ON AUGUST
19 PRODUCED 55 MPH WINDS AT BOTH BILLARD AIRPORT AND FORBES FIELD
AND SPOTTY TREE DAMAGE.

$$
