000
CXUS54 KMRX 032317
CLMTRI

CLIMATE REPORT
NATIONAL WEATHER SERVICE MORRISTOWN TN
615 PM EST TUE FEB 3 2015

...................................

...THE TRI-CITIES CLIMATE SUMMARY FOR THE MONTH OF JANUARY 2015...

CLIMATE NORMAL PERIOD 1981 TO 2010
CLIMATE RECORD PERIOD 1934 TO 2015

WEATHER         OBSERVED          NORMAL  DEPART
                 VALUE   DATE(S)  VALUE   FROM
                                          NORMAL
................................................
TEMPERATURE (F)
HIGHEST            66   01/04
LOWEST              3   01/08
AVG. MAXIMUM     45.5              45.3     0.2
AVG. MINIMUM     24.7              25.0    -0.3
MEAN             35.1              35.2    -0.1
DAYS MAX >= 90      0
DAYS MAX <= 32      2
DAYS MIN <= 32     26
DAYS MIN <= 0       0

PRECIPITATION (INCHES)
RECORD
 MAXIMUM         9.99   2013
 MINIMUM         1.06   1940
TOTALS           2.28              3.37   -1.09
DAYS >= .01        11
DAYS >= .10         5
DAYS >= .50         2
DAYS >= 1.00        0
GREATEST
 24 HR. TOTAL    0.87   01/23 TO 01/24

SNOWFALL (INCHES)
TOTALS            0.3               4.7    -4.4
SINCE 7/1         1.5
SNOWDEPTH AVG.      0
DAYS >= TRACE       6
GREATEST
 SNOW DEPTH         0   MM

DEGREE_DAYS
HEATING TOTAL     921               925      -4
 SINCE 7/1       2635              2654     -19
COOLING TOTAL       0                 0       0
 SINCE 1/1          0                 0       0
.................................................



-  INDICATES NEGATIVE NUMBERS.
R  INDICATES RECORD WAS SET OR TIED.
MM INDICATES DATA IS MISSING.
T  INDICATES TRACE AMOUNT.

$$
