763
CXUS54 KMRX 050328
CLMTRI


CLIMATE REPORT
NATIONAL WEATHER SERVICE MORRISTOWN TN
1128 PM EDT TUE APR 4 2017

...................................

...THE TRI-CITIES      ASOS CLIMATE SUMMARY FOR THE MONTH OF MARCH 2017...

CLIMATE NORMAL PERIOD 1981 TO 2010
CLIMATE RECORD PERIOD 1934 TO 2017

WEATHER         OBSERVED          NORMAL  DEPART
                 VALUE   DATE(S)  VALUE   FROM
                                          NORMAL
................................................
TEMPERATURE (F)
HIGHEST            77   03/29
                        03/27
LOWEST             15   03/16
AVG. MAXIMUM     60.0              59.0     1.0
AVG. MINIMUM     35.6              34.4     1.2
MEAN             47.8              46.7     1.1
DAYS MAX >= 90      0
DAYS MAX <= 32      0
DAYS MIN <= 32     14
DAYS MIN <= 0       0

PRECIPITATION (INCHES)
RECORD
 MAXIMUM         9.56   1955
 MINIMUM         0.94   2016
TOTALS           4.57              3.44    1.13
DAYS >= .01        14
DAYS >= .10         9
DAYS >= .50         3
DAYS >= 1.00        1
GREATEST
 24 HR. TOTAL    1.72   03/01 TO 03/01

SNOWFALL (INCHES)
TOTALS            0.3               1.4    -1.1
SINCE 7/1         4.3
SNOWDEPTH AVG.      0
DAYS >= TRACE       3
GREATEST
 SNOW DEPTH         0   MM

DEGREE_DAYS
HEATING TOTAL     527               568     -41
 SINCE 7/1       3094              3950    -856
COOLING TOTAL       0                 1      -1
 SINCE 1/1          0                 1      -1
.................................................



-  INDICATES NEGATIVE NUMBERS.
R  INDICATES RECORD WAS SET OR TIED.
MM INDICATES DATA IS MISSING.
T  INDICATES TRACE AMOUNT.

$$
