000
CXUS56 KSGX 011854
CLMTRM


CLIMATE REPORT
NATIONAL WEATHER SERVICE SAN DIEGO, CA
1153 AM PDT TUE SEP 1 2015

...................................

...THE THERMAL AIRPORT CA CLIMATE SUMMARY FOR THE MONTH OF AUGUST 2015...

CLIMATE NORMAL PERIOD 1981 TO 2010
CLIMATE RECORD PERIOD 1950 TO 2015

WEATHER         OBSERVED          NORMAL  DEPART  LAST YEAR`S
                 VALUE   DATE(S)  VALUE   FROM    VALUE  DATE(S)
                                          NORMAL
................................................................
TEMPERATURE (F)
RECORD
 HIGH             121   08/05/1997
 LOW               52   08/31/1999
                        08/21/1993
HIGHEST           116   08/15       106      10      114  08/29
                                                          08/28
LOWEST             68   08/04        75      -7       65  08/23
AVG. MAXIMUM    109.0             105.8     3.2    104.2
AVG. MINIMUM     78.0              73.6     4.4     75.3
MEAN             93.5              89.7     3.8     89.8
DAYS MAX >= 90     31              30.8     0.2       31
DAYS MAX <= 32      0               0.0     0.0        0
DAYS MAX >= 100    31                                 26
DAYS MAX >= 110    15                                  4
DAYS MIN <= 32      0               0.0     0.0        0

PRECIPITATION (INCHES)
RECORD
 MAXIMUM         3.62   1977
 MINIMUM         0.00   2010
                        2006
                        2005
TOTALS           0.00R             0.19   -0.19     0.32
DAILY AVG.       0.00              0.01   -0.01     0.01
DAYS >= .01         0               1.0    -1.0        2
DAYS >= .10         0               0.5    -0.5        1
DAYS >= .50         0               0.0     0.0        0
DAYS >= 1.00        0               0.0     0.0        0
DAYS >= 1.50        0                                  0
DAYS >= 2.00        0                                  0
GREATEST
 24 HR. TOTAL    0.00   08/31 TO 08/31           08/03 TO 08/03
                                                          08/02 TO 08/03
                                                          08/03 TO 08/03
 STORM TOTAL       MM                                 MM
 (MM/DD(HH))            MM                    08/03(00) TO 08/03(00)
                                                 08/03(00) TO 08/03(00)3
                                                 08/03(00) TO 08/03(00)3

DEGREE_DAYS
HEATING TOTAL       0                 0       0        0
 SINCE 7/1          0                 0       0        0
COOLING TOTAL     890               766     124      775
 SINCE 1/1       3122              2833     289     3197

FREEZE DATES
RECORD
 EARLIEST     10/30/1971
 LATEST       04/10/1999
EARLIEST                        12/02
LATEST                          02/06
....................................................

WIND (MPH)
AVERAGE WIND SPEED              7.0
RESULTANT WIND SPEED/DIRECTION   1/348
HIGHEST WIND SPEED/DIRECTION    28/340    DATE  08/18
HIGHEST GUST SPEED/DIRECTION    35/340    DATE  08/18

SKY COVER
POSSIBLE SUNSHINE (PERCENT)   MM
AVERAGE SKY COVER           0.00
NUMBER OF DAYS FAIR           30
NUMBER OF DAYS PC              0
NUMBER OF DAYS CLOUDY          0

AVERAGE RH (PERCENT)     32

WEATHER CONDITIONS. NUMBER OF DAYS WITH
THUNDERSTORM              0     MIXED PRECIP               0
HEAVY RAIN                0     RAIN                       0
LIGHT RAIN                0     FREEZING RAIN              0
LT FREEZING RAIN          0     HAIL                       0
HEAVY SNOW                0     SNOW                       0
LIGHT SNOW                0     SLEET                      0
FOG                       0     FOG W/VIS <= 1/4 MILE      0
HAZE                      4

-  INDICATES NEGATIVE NUMBERS.
R  INDICATES RECORD WAS SET OR TIED.
MM INDICATES DATA IS MISSING.
T  INDICATES TRACE AMOUNT.

$$
