716
CXUS54 KTSA 011600
CLMTUL

CLIMATE REPORT
NATIONAL WEATHER SERVICE TULSA OK
946 AM CST MON FEB 1 2016

...................................

...THE TULSA OKLAHOMA CLIMATE SUMMARY FOR THE MONTH OF JANUARY 2016...

CLIMATE NORMAL PERIOD 1981 TO 2010
CLIMATE RECORD PERIOD 1882 TO 2016

WEATHER         OBSERVED          NORMAL  DEPART  LAST YEAR`S
                 VALUE   DATE(S)  VALUE   FROM    VALUE  DATE(S)
                                          NORMAL
................................................................
TEMPERATURE (F)
RECORD
 HIGH              82   01/28/1909
 LOW              -16   01/22/1930
HIGHEST            75   01/29        47      28       80  01/28
LOWEST             10   01/10        26     -16        7  01/08
                                                          01/07
AVG. MAXIMUM     48.4              48.0     0.4     50.2
AVG. MINIMUM     27.8              27.5     0.3     26.6
MEAN             38.1              37.7     0.4     38.4
DAYS MAX >= 90      0               0.0     0.0        0
DAYS MAX <= 32      2               3.5    -1.5        3
DAYS MIN <= 32     20              21.6    -1.6       24
DAYS MIN <= 0       0               0.1    -0.1        0

PRECIPITATION (INCHES)
RECORD
 MAXIMUM         6.74   MM
 MINIMUM         0.00   MM
TOTALS           0.61              1.66   -1.05     0.75
DAILY AVG.       0.02              0.05   -0.03     0.02
DAYS >= .01         4               6.1    -2.1        6
DAYS >= .10         2               3.3    -1.3        3
DAYS >= .50         0               1.1    -1.1        0
DAYS >= 1.00        0               0.3    -0.3        0
GREATEST
 24 HR. TOTAL    0.31   01/08 TO 01/09

SNOWFALL (INCHES)
RECORDS
 TOTAL           12.7   1979
TOTALS            2.5               2.7    -0.2        T
SINCE 7/1         3.0               5.7    -2.7      2.4
SNOWDEPTH AVG.      0                MM      MM        0
DAYS >= 1.0         1               0.8     0.2        0
GREATEST
 SNOW DEPTH         1   01/10                         -1  01/04
 24 HR TOTAL      2.5   01/09 TO 01/09

DEGREE_DAYS
HEATING TOTAL     826               845     -19      817
 SINCE 7/1       1862              2273    -411     2210
.................................................................

WIND (MPH)
AVERAGE WIND SPEED              9.1
HIGHEST WIND SPEED/DIRECTION    35/180    DATE  01/29
HIGHEST GUST SPEED/DIRECTION    42/180    DATE  01/29

SKY COVER
POSSIBLE SUNSHINE (PERCENT)   MM
AVERAGE SKY COVER           0.50
NUMBER OF DAYS FAIR           11
NUMBER OF DAYS PC             12
NUMBER OF DAYS CLOUDY          8

AVERAGE RH (PERCENT)     67

WEATHER CONDITIONS. NUMBER OF DAYS WITH
THUNDERSTORM              0     MIXED PRECIP               0
HEAVY RAIN                0     RAIN                       1
LIGHT RAIN                6     FREEZING RAIN              0
LT FREEZING RAIN          1     HAIL                       0
HEAVY SNOW                0     SNOW                       2
LIGHT SNOW                3     SLEET                      1
FOG                      11     FOG W/VIS <= 1/4 MILE      1
HAZE                      1

-  INDICATES NEGATIVE NUMBERS.
R  INDICATES RECORD WAS SET OR TIED.
MM INDICATES DATA IS MISSING.
T  INDICATES TRACE AMOUNT.

&&
-------------------------------------------------------------------
 YEARLY PRECIPITATION (INCHES):
 TOTAL..................... 0.61
 DEPARTURE FROM NORMAL.....-1.05
$$
