000
CXUS54 KMEG 031321
CLMTUP


CLIMATE REPORT
NATIONAL WEATHER SERVICE MEMPHIS TN
817 AM CDT WED MAY 3 2017

...................................

...THE TUPELO CLIMATE SUMMARY FOR THE MONTH OF APRIL 2017...

CLIMATE NORMAL PERIOD 1981 TO 2010
CLIMATE RECORD PERIOD 1930 TO 2017

WEATHER         OBSERVED          NORMAL  DEPART  LAST YEAR`S
                 VALUE   DATE(S)  VALUE   FROM    VALUE  DATE(S)
                                          NORMAL
................................................................
TEMPERATURE (F)
RECORD
 HIGH              93   04/18/2006
 LOW               30   04/08/2007
                        04/07/2007
                        04/01/1926
HIGHEST            87   04/28        74      13       86  04/28
LOWEST             37   04/08        51     -14       38  04/09
AVG. MAXIMUM     78.3              74.1     4.2     74.5
AVG. MINIMUM     55.3              50.2     5.1     52.7
MEAN             66.8              62.1     4.7     63.6
DAYS MAX >= 90      0               0.4    -0.4        0
DAYS MAX <= 32      0               0.0     0.0        0
DAYS MIN <= 32      0               0.8    -0.8        0
DAYS MIN <= 0       0               0.0     0.0        0

PRECIPITATION (INCHES)
RECORD
 MAXIMUM        12.16   1991
 MINIMUM         0.46   1986
TOTALS           5.49              4.78    0.71     5.85
DAILY AVG.       0.18              0.16    0.02     0.19
DAYS >= .01        10               9.5     0.5       11
DAYS >= .10         6               6.6    -0.6        7
DAYS >= .50         5               3.2     1.8        4
DAYS >= 1.00        3               1.6     1.4        3
GREATEST
 24 HR. TOTAL    1.64   04/17 TO 04/17

SNOWFALL (INCHES)
RECORDS
 TOTAL            0.4   1987
TOTALS            0.0                 T     0.0      0.0
SINCE 7/1           T               2.1    -2.1        T
SNOWDEPTH AVG.      0                MM      MM        0
DAYS >= 1.0         0               0.0     0.0        0
GREATEST
 SNOW DEPTH         0   MM                             0  MM
 24 HR TOTAL      0.0   04/30 TO 04/30

DEGREE_DAYS
HEATING TOTAL      51               146     -95       94
 SINCE 7/1       1959              2932    -973     2261
COOLING TOTAL     111                60      51       61
 SINCE 1/1        157                76      81       90
.................................................................

WIND (MPH)
AVERAGE WIND SPEED              7.3
HIGHEST WIND SPEED/DIRECTION    31/220    DATE  04/05
HIGHEST GUST SPEED/DIRECTION    44/290    DATE  04/06

SKY COVER
POSSIBLE SUNSHINE (PERCENT)   MM
AVERAGE SKY COVER           0.30
NUMBER OF DAYS FAIR           16
NUMBER OF DAYS PC             11
NUMBER OF DAYS CLOUDY          3

AVERAGE RH (PERCENT)     65

WEATHER CONDITIONS. NUMBER OF DAYS WITH
THUNDERSTORM              0     MIXED PRECIP               0
HEAVY RAIN                4     RAIN                       3
LIGHT RAIN                9     FREEZING RAIN              0
LT FREEZING RAIN          0     HAIL                       0
HEAVY SNOW                0     SNOW                       0
LIGHT SNOW                0     SLEET                      0
FOG                      12     FOG W/VIS <= 1/4 MILE      2
HAZE                      1

-  INDICATES NEGATIVE NUMBERS.
R  INDICATES RECORD WAS SET OR TIED.
MM INDICATES DATA IS MISSING.
T  INDICATES TRACE AMOUNT.

$$
