000
CXUS55 KTWC 011641
CLMTUS

CLIMATE REPORT
NATIONAL WEATHER SERVICE TUCSON AZ
937 AM MST SAT NOV 1 2014

...................................

...THE TUCSON AZ CLIMATE SUMMARY FOR THE MONTH OF OCTOBER 2014...

CLIMATE NORMAL PERIOD 1981 TO 2010
CLIMATE RECORD PERIOD 1895 TO 2014

WEATHER         OBSERVED          NORMAL  DEPART  LAST YEAR`S
                 VALUE   DATE(S)  VALUE   FROM    VALUE  DATE(S)
                                          NORMAL
................................................................
TEMPERATURE (F)
RECORD
 HIGH             102   10/01/2010
                        10/03/1993
                        06/06/3755
 LOW               26   10/30/1971
HIGHEST            98   10/04        96       2       95  10/07
LOWEST             57   10/29        44      13       44  10/31
AVG. MAXIMUM     89.3              84.8     4.5     85.4
AVG. MINIMUM     62.1              57.3     4.8     55.1
MEAN             75.7              71.0     4.7     70.2
DAYS MAX >= 90     16               8.3     7.7       10
DAYS MAX <= 32      0               0.0     0.0        0
DAYS MIN <= 32      0               0.0     0.0        0
DAYS MIN <= 0       0               0.0     0.0        0

PRECIPITATION (INCHES)
RECORD
 MAXIMUM         4.98   2000
                        1983
 MINIMUM         0.00   2013
                        1982
                        1973
TOTALS           1.33              0.89    0.44     0.00
DAILY AVG.       0.04              0.03    0.01     0.00
DAYS >= .01         3               3.2    -0.2        0
DAYS >= .10         3               1.8     1.2        0
DAYS >= .50         1               0.6     0.4        0
DAYS >= 1.00        0               0.2    -0.2        0
GREATEST
 24 HR. TOTAL    0.92   10/08 TO 10/09           10/31 TO 10/31
                                                          10/30 TO 10/30
                                                          10/29 TO 10/29

DEGREE_DAYS
HEATING TOTAL       0                24     -24       13
 SINCE 7/1          0                24     -24       13
COOLING TOTAL     341               212     129      183
 SINCE 1/1       3574              3119     455     3604
..........................................................

WIND (MPH)
AVERAGE WIND SPEED              6.5
HIGHEST WIND SPEED/DIRECTION    24/140    DATE  10/03
HIGHEST GUST SPEED/DIRECTION    30/150    DATE  10/03

AVERAGE RH (PERCENT)     41

WEATHER CONDITIONS. NUMBER OF DAYS WITH
THUNDERSTORM              0     MIXED PRECIP               0
HEAVY RAIN                3     RAIN                       2
LIGHT RAIN                4     FREEZING RAIN              0
LT FREEZING RAIN          0     HAIL                       0
HEAVY SNOW                0     SNOW                       0
LIGHT SNOW                0     SLEET                      0
FOG                       2     FOG W/VIS <= 1/4 MILE      0
HAZE                      1

-  INDICATES NEGATIVE NUMBERS.
R  INDICATES RECORD WAS SET OR TIED.
MM INDICATES DATA IS MISSING.
T  INDICATES TRACE AMOUNT.

$$
