000
CXUS53 KAPX 010729
CLMTVC


CLIMATE REPORT
NATIONAL WEATHER SERVICE GAYLORD MI
328 AM EDT FRI SEP 1 2017

...................................

...THE TRAVERSE CITY MI CLIMATE SUMMARY FOR THE MONTH OF AUGUST 2017...

CLIMATE NORMAL PERIOD 1981 TO 2010
CLIMATE RECORD PERIOD 1896 TO 2017

WEATHER         OBSERVED          NORMAL  DEPART  LAST YEAR`S
                 VALUE   DATE(S)  VALUE   FROM    VALUE  DATE(S)
                                          NORMAL
................................................................
TEMPERATURE (F)
RECORD
 HIGH             100   08/18/1955
                        08/06/1947
                        08/05/1947
 LOW               32   08/29/1982
HIGHEST            86   08/21        MM      MM       94  08/04
                        08/01
LOWEST             43   08/25        MM      MM       53  08/08
AVG. MAXIMUM     76.2              77.9    -1.7     83.2
AVG. MINIMUM     57.7              56.9     0.8     63.5
MEAN             67.0              67.4    -0.4     73.4
DAYS MAX >= 90      0               1.3    -1.3        7
DAYS MAX <= 32      0               0.0     0.0        0
DAYS MIN <= 32      0               0.0     0.0        0
DAYS MIN <= 0       0               0.0     0.0        0

PRECIPITATION (INCHES)
RECORD
 MAXIMUM           MM   MM
 MINIMUM           MM   MM
TOTALS           4.78              3.38    1.40     3.67
DAILY AVG.       0.15              0.11    0.04     0.12
DAYS >= .01        12              10.0     2.0       11
DAYS >= .10         5               6.1    -1.1        7
DAYS >= .50         2               2.2    -0.2        3
DAYS >= 1.00        1               0.8     0.2        1
GREATEST
 24 HR. TOTAL    3.02   08/03 TO 08/03
 STORM TOTAL       MM
 (MM/DD(HH))            MM

DEGREE_DAYS
COOLING TOTAL      99               116     -17
 SINCE 1/1        383               369      14

FREEZE DATES
RECORD
 EARLIEST     MM
 LATEST       MM
EARLIEST                        MM
LATEST                          MM
.................................................................

WIND (MPH)
AVERAGE WIND SPEED              5.4
HIGHEST WIND SPEED/DIRECTION    25/290    DATE  08/22
HIGHEST GUST SPEED/DIRECTION    32/280    DATE  08/22

SKY COVER
POSSIBLE SUNSHINE (PERCENT)   MM
AVERAGE SKY COVER           0.60
NUMBER OF DAYS FAIR            4
NUMBER OF DAYS PC             22
NUMBER OF DAYS CLOUDY          5

AVERAGE RH (PERCENT)     70

WEATHER CONDITIONS. NUMBER OF DAYS WITH
THUNDERSTORM              0     MIXED PRECIP               0
HEAVY RAIN                2     RAIN                       7
LIGHT RAIN               14     FREEZING RAIN              0
LT FREEZING RAIN          0     HAIL                       0
HEAVY SNOW                0     SNOW                       0
LIGHT SNOW                0     SLEET                      0
FOG                      12     FOG W/VIS <= 1/4 MILE      2
HAZE                      5

-  INDICATES NEGATIVE NUMBERS.
R  INDICATES RECORD WAS SET OR TIED.
MM INDICATES DATA IS MISSING.
T  INDICATES TRACE AMOUNT.

$$
