000
CXUS53 KAPX 010755
CLMTVC


CLIMATE REPORT
NATIONAL WEATHER SERVICE GAYLORD MI
354 AM EDT MON JUN 1 2015

...................................

...THE TRAVERSE CITY MI CLIMATE SUMMARY FOR THE MONTH OF MAY 2015...

CLIMATE NORMAL PERIOD 1981 TO 2010
CLIMATE RECORD PERIOD 1896 TO 2015

WEATHER         OBSERVED          NORMAL  DEPART  LAST YEAR`S
                 VALUE   DATE(S)  VALUE   FROM    VALUE  DATE(S)
                                          NORMAL
................................................................
TEMPERATURE (F)
RECORD
 HIGH              95   05/28/1978
                        05/20/1977
                        05/31/1934
 LOW               17   05/02/1966
HIGHEST            89   05/07        MM      MM       88  05/31
LOWEST             29   05/20        MM      MM       29  05/06
AVG. MAXIMUM     69.6              65.8     3.8     65.6
AVG. MINIMUM     44.7              41.5     3.2     43.4
MEAN             57.2              53.7     3.5     54.5
DAYS MAX >= 90      0               0.2    -0.2        0
DAYS MAX <= 32      0               0.0     0.0        0
DAYS MIN <= 32      4               4.5    -0.5        4
DAYS MIN <= 0       0               0.0     0.0        0

PRECIPITATION (INCHES)
RECORD
 MAXIMUM           MM   MM
 MINIMUM           MM   MM
TOTALS           3.77              2.59    1.18     3.18
DAILY AVG.       0.13              0.08    0.05     0.10
DAYS >= .01        14              10.3     3.7       14
DAYS >= .10         8               5.7     2.3        7
DAYS >= .50         3               1.4     1.6        2
DAYS >= 1.00        0               0.4    -0.4        0
GREATEST
 24 HR. TOTAL    1.55   05/24 TO 05/25
 STORM TOTAL       MM
 (MM/DD(HH))            MM

DEGREE_DAYS
COOLING TOTAL      35                17      18
 SINCE 1/1         35                20      15

FREEZE DATES
RECORD
 EARLIEST     MM
 LATEST       MM
EARLIEST                        MM
LATEST                          MM
.................................................................

WIND (MPH)
AVERAGE WIND SPEED              5.9
HIGHEST WIND SPEED/DIRECTION    26/260    DATE  05/18
HIGHEST GUST SPEED/DIRECTION    35/260    DATE  05/18

SKY COVER
POSSIBLE SUNSHINE (PERCENT)   MM
AVERAGE SKY COVER           0.60
NUMBER OF DAYS FAIR            5
NUMBER OF DAYS PC             18
NUMBER OF DAYS CLOUDY          8

AVERAGE RH (PERCENT)     66

WEATHER CONDITIONS. NUMBER OF DAYS WITH
THUNDERSTORM              0     MIXED PRECIP               0
HEAVY RAIN                3     RAIN                       5
LIGHT RAIN               17     FREEZING RAIN              0
LT FREEZING RAIN          0     HAIL                       0
HEAVY SNOW                0     SNOW                       0
LIGHT SNOW                0     SLEET                      0
FOG                      17     FOG W/VIS <= 1/4 MILE      1
HAZE                      5

-  INDICATES NEGATIVE NUMBERS.
R  INDICATES RECORD WAS SET OR TIED.
MM INDICATES DATA IS MISSING.
T  INDICATES TRACE AMOUNT.

$$
