217
CXUS55 KREV 010900
CLMTVL

CLIMATE REPORT
NATIONAL WEATHER SERVICE RENO NV
143 AM PDT FRI JUL 1 2016

...................................

...THE SOUTH LAKE TAHOE CA CLIMATE SUMMARY FOR THE MONTH OF JUNE
2016...

THE AVERAGE TEMPERATURE FOR JUNE 2016 AT SOUTH LAKE TAHOE WAS 58.4
DEGREES WHICH IS 3.7 DEGREES BELOW NORMAL. THE HIGHEST TEMPERATURE
FOR JUNE WAS 86 DEGREES WHICH OCCURRED ON THE 28TH AND 29TH. THE
LOWEST TEMPERATURE FOR THE MONTH WAS 33 DEGREES WHICH WAS RECORDED
ON THE 2ND AND 19TH.

FOR JUNE 2016 A TOTAL OF 0.02 INCHES OF PRECIPITATION WAS RECORDED
AT SOUTH LAKE TAHOE. THIS IS 0.57 INCHES BELOW NORMAL.

NO SNOWFALL WAS REPORTED AT SOUTH LAKE TAHOE FOR THE MONTH OF JUNE
2016.

THE AVERAGE WIND SPEED FOR THE MONTH WAS 6.6 MPH. THE PEAK WIND GUST
FOR THE MONTH WAS 49 MPH FROM THE SOUTH WHICH OCCURRED ON THE 10TH.

CLIMATE NORMAL PERIOD 1981 TO 2010
CLIMATE RECORD PERIOD 1968 TO 2016

WEATHER         OBSERVED          NORMAL  DEPART
                 VALUE   DATE(S)  VALUE   FROM
                                          NORMAL
................................................
TEMPERATURE (F)
RECORD
 HIGH              90   06/25/2015
                        06/25/1988
                        07/11/2002
 LOW               21   06/09/1988
HIGHEST            86   06/29        90      -4
                        06/28
LOWEST             33   06/19        21      12
                        06/02
AVG. MAXIMUM     75.8              72.3     3.5
AVG. MINIMUM     41.0              37.1     3.9
MEAN             58.4              54.7     3.7
DAYS MAX >= 90      0               0.0     0.0
DAYS MAX <= 32      0               0.0     0.0
DAYS MIN <= 32      0               5.5    -5.5
DAYS MIN <= 0       0               0.0     0.0

PRECIPITATION (INCHES)
RECORD
 MAXIMUM           MM   MM
 MINIMUM           MM   MM
TOTALS           0.02              0.59   -0.57
DAILY AVG.       0.00              0.02   -0.02
DAYS >= .01         1                MM      MM
DAYS >= .10         0                MM      MM
DAYS >= .50         0                MM      MM
DAYS >= 1.00        0                MM      MM
GREATEST
 24 HR. TOTAL    0.02   06/12 TO 06/12
                        06/12 TO 06/13
 STORM TOTAL       MM
 (MM/DD(HH))            MM

SNOWFALL (INCHES)
 LIQUID EQUIV    0.00                MM      MM
 LIQUID 7/1     11.83
GREATEST
 SNOW DEPTH         0   MM

DEGREE_DAYS
HEATING TOTAL     193               310    -117
 SINCE 7/1       6878              7732    -854
COOLING TOTAL       2                 1       1
 SINCE 1/1          2                 1       1

FREEZE DATES
RECORD
 EARLIEST     MM
 LATEST       MM
EARLIEST      12/01             09/16
LATEST        05/26             05/18
.................................................

WIND (MPH)
AVERAGE WIND SPEED              6.6
HIGHEST WIND SPEED/DIRECTION    31/190    DATE  06/10
HIGHEST GUST SPEED/DIRECTION    49/180    DATE  06/10

AVERAGE RH (PERCENT)     47

WEATHER CONDITIONS. NUMBER OF DAYS WITH
THUNDERSTORM              0     MIXED PRECIP               0
HEAVY RAIN                0     RAIN                       1
LIGHT RAIN                4     FREEZING RAIN              0
LT FREEZING RAIN          0     HAIL                       0
HEAVY SNOW                0     SNOW                       0
LIGHT SNOW                0     SLEET                      0
FOG                       0     FOG W/VIS <= 1/4 MILE      0
HAZE                      3

-  INDICATES NEGATIVE NUMBERS.
R  INDICATES RECORD WAS SET OR TIED.
MM INDICATES DATA IS MISSING.
T  INDICATES TRACE AMOUNT.

$$
