000
CXUS55 KREV 020744 AAA
CLMTVL

CLIMATE REPORT
NATIONAL WEATHER SERVICE RENO NV
209 AM PDT SAT AUG 1 2015

...................................

...THE SOUTH LAKE TAHOE CA CLIMATE SUMMARY FOR THE MONTH OF JULY
2015...

THE AVERAGE TEMPERATURE FOR JULY 2015 AT SOUTH LAKE TAHOE WAS 62.4
DEGREES WHICH IS 1.3 DEGREES ABOVE NORMAL.  THE HIGHEST TEMPERATURE
FOR JULY WAS 90 DEGREES WHICH OCCURRED ON THE 2ND.  THE LOWEST
TEMPERATURE FOR THE MONTH WAS 39 DEGREES WHICH WAS RECORDED ON THE
27TH.

FOR JULY 2015 A TOTAL OF 0.94 INCHES OF PRECIPITATION WAS RECORDED
AT SOUTH LAKE TAHOE.  THIS IS 0.51 INCHES ABOVE NORMAL.  NO SNOWFALL
WAS REPORTED IN JUNE.

THE AVERAGE WIND SPEED FOR THE MONTH WAS 4.2 MPH.  THE PEAK WIND
GUST FOR THE MONTH WAS 30 MPH FROM THE SOUTH WHICH OCCURRED ON THE
THE 22ND AND 23RD.


CLIMATE NORMAL PERIOD 1981 TO 2010
CLIMATE RECORD PERIOD 1968 TO 2015

WEATHER         OBSERVED          NORMAL  DEPART
                 VALUE   DATE(S)  VALUE   FROM
                                          NORMAL
................................................
TEMPERATURE (F)
RECORD
 HIGH              99   07/22/1988
 LOW               25   07/01/1976
HIGHEST            90   07/02        99      -9
LOWEST             39   07/27        25      14
AVG. MAXIMUM     78.7              80.8    -2.1
AVG. MINIMUM     46.2              41.4     4.8
MEAN             62.4              61.1     1.3
DAYS MAX >= 90      1               1.0     0.0
DAYS MAX <= 32      0               0.0     0.0
DAYS MIN <= 32      0               1.3    -1.3
DAYS MIN <= 0       0               0.0     0.0

PRECIPITATION (INCHES)
RECORD
 MAXIMUM           MM   MM
 MINIMUM           MM   MM
TOTALS           0.94              0.43    0.51
DAILY AVG.       0.03              0.01    0.02
DAYS >= .01         9                MM      MM
DAYS >= .10         2                MM      MM
DAYS >= .50         0                MM      MM
DAYS >= 1.00        0                MM      MM
GREATEST
 24 HR. TOTAL    0.39   07/07 TO 07/08
                        07/08 TO 07/08
                        07/08 TO 07/09
 STORM TOTAL       MM
 (MM/DD(HH))            MM

SNOWFALL (INCHES)
 LIQUID EQUIV    0.00                MM      MM
 LIQUID 7/1      0.00
GREATEST
 SNOW DEPTH         0   MM

DEGREE_DAYS
HEATING TOTAL     105               138     -33
 SINCE 7/1        105               138     -33
COOLING TOTAL      33                18      15
 SINCE 1/1         61                19      42

FREEZE DATES
RECORD
 EARLIEST     MM
 LATEST       MM
EARLIEST                        09/16
LATEST                          05/18
.................................................

WIND (MPH)
AVERAGE WIND SPEED              4.2
HIGHEST WIND SPEED/DIRECTION    22/190    DATE  07/23
HIGHEST GUST SPEED/DIRECTION    30/190    DATE  07/23

AVERAGE RH (PERCENT)     53

WEATHER CONDITIONS. NUMBER OF DAYS WITH
THUNDERSTORM             13     MIXED PRECIP               0
HEAVY RAIN                1     RAIN                       3
LIGHT RAIN               11     FREEZING RAIN              0
LT FREEZING RAIN          0     HAIL                       0
HEAVY SNOW                0     SNOW                       0
LIGHT SNOW                0     SLEET                      0
FOG                       4     FOG W/VIS <= 1/4 MILE      0
HAZE                      6

-  INDICATES NEGATIVE NUMBERS.
R  INDICATES RECORD WAS SET OR TIED.
MM INDICATES DATA IS MISSING.
T  INDICATES TRACE AMOUNT.

$$
