000
CXUS54 KMRX 012255 RRA
CLMTYS

CLIMATE REPORT
NATIONAL WEATHER SERVICE MORRISTOWN TN
555 PM EST SUN JAN 1 2017

...................................

...THE KNOXVILLE    ASOS CLIMATE SUMMARY FOR THE MONTH OF DECEMBER 2016...

CLIMATE NORMAL PERIOD 1981 TO 2010
CLIMATE RECORD PERIOD 1871 TO 2016

WEATHER         OBSERVED          NORMAL  DEPART
                 VALUE   DATE(S)  VALUE   FROM
                                          NORMAL
................................................
TEMPERATURE (F)
HIGHEST            70   12/25
                        12/18
LOWEST             19   12/10
AVG. MAXIMUM     51.3              49.8     1.5
AVG. MINIMUM     34.3              31.7     2.6
MEAN             42.8              40.8     2.0
DAYS MAX >= 90      0
DAYS MAX <= 32      0
DAYS MIN <= 32     13
DAYS MIN <= 0       0

PRECIPITATION (INCHES)
RECORD
 MAXIMUM        12.34   1901
 MINIMUM         0.45   1965
TOTALS           6.96              4.50    2.46
DAYS >= .01        14
DAYS >= .10        10
DAYS >= .50         6
DAYS >= 1.00        3
GREATEST
 24 HR. TOTAL    4.78   11/30 TO 12/01

SNOWFALL (INCHES)
TOTALS              T               0.8    -0.8
SINCE 7/1           T
SNOWDEPTH AVG.      0
DAYS >= TRACE       1
GREATEST
 SNOW DEPTH         0   MM

DEGREE_DAYS
HEATING TOTAL     681               752     -71
 SINCE 7/1       1085              1433    -348
COOLING TOTAL       0                 0       0
 SINCE 1/1       2121              1526     595
.................................................



-  INDICATES NEGATIVE NUMBERS.
R  INDICATES RECORD WAS SET OR TIED.
MM INDICATES DATA IS MISSING.
T  INDICATES TRACE AMOUNT.

$$
