000
CXUS54 KMRX 041635 RRA
CLMTYS

CLIMATE REPORT
NATIONAL WEATHER SERVICE MORRISTOWN TN
1234 PM EDT SAT JUL 4 2015

...................................

...THE KNOXVILLE CLIMATE SUMMARY FOR THE MONTH OF JUNE 2015...

CLIMATE NORMAL PERIOD 1981 TO 2010
CLIMATE RECORD PERIOD 1871 TO 2015

WEATHER         OBSERVED          NORMAL  DEPART
                 VALUE   DATE(S)  VALUE   FROM
                                          NORMAL
................................................
TEMPERATURE (F)
HIGHEST            96   06/26
LOWEST             59   06/29
                        06/04
AVG. MAXIMUM     88.7              85.4     3.3
AVG. MINIMUM     67.4              64.7     2.7
MEAN             78.1              75.0     3.1
DAYS MAX >= 90     17
DAYS MAX <= 32      0
DAYS MIN <= 32      0
DAYS MIN <= 0       0

PRECIPITATION (INCHES)
RECORD
 MAXIMUM        11.83   1928
 MINIMUM         0.20   1944
TOTALS           5.29              3.81    1.48
DAYS >= .01        10
DAYS >= .10         9
DAYS >= .50         3
DAYS >= 1.00        2
GREATEST
 24 HR. TOTAL    1.63   06/30 TO 06/30

SNOWFALL (INCHES)
TOTALS            0.0               0.0     0.0
SINCE 7/1         9.3
SNOWDEPTH AVG.      0
DAYS >= TRACE       0
GREATEST
 SNOW DEPTH         0   MM

DEGREE_DAYS
HEATING TOTAL       0                 4      -4
 SINCE 7/1       3845              3637     208
COOLING TOTAL     399               305      94
 SINCE 1/1        633               467     166
.................................................



-  INDICATES NEGATIVE NUMBERS.
R  INDICATES RECORD WAS SET OR TIED.
MM INDICATES DATA IS MISSING.
T  INDICATES TRACE AMOUNT.

$$
