000
CXUS53 KLOT 011140
CLMUGN


CLIMATE REPORT
NATIONAL WEATHER SERVICE CHICAGO IL
608 AM CDT SAT APR 1 2017

...................................

...THE WAUKEGAN   CLIMATE SUMMARY FOR THE MONTH OF MARCH 2017...

CLIMATE NORMAL PERIOD 1981 TO 2010
CLIMATE RECORD PERIOD 2000 TO 2017

WEATHER         OBSERVED          NORMAL  DEPART  LAST YEAR`S
                 VALUE   DATE(S)  VALUE   FROM    VALUE
                                          NORMAL
.............................................................
TEMPERATURE (F)
RECORD
 HIGH              84   03/21/2012
                        03/20/2012
                        03/20/2012
 LOW               -7   03/04/2002
HIGHEST            80   03/24        MM      MM       70
LOWEST             10   03/14        MM      MM        7
AVG. MAXIMUM     43.3              43.9    -0.6     47.6
AVG. MINIMUM     28.6              26.5     2.1     31.6
MEAN             36.0              35.2     0.8     39.6

PRECIPITATION (INCHES)
RECORD
 MAXIMUM         4.57   2004
 MINIMUM         0.79   2005
TOTALS           3.43              2.32    1.11     3.24

DEGREE_DAYS
HEATING TOTAL     893               924     -31      777
 SINCE 7/1       5005              5870    -865     5122
COOLING TOTAL       0                 0       0        0
 SINCE 1/1          0                 0       0        0
..............................................................

WIND (MPH)
AVERAGE WIND SPEED              9.5
HIGHEST WIND SPEED/DIRECTION    37/200    DATE  03/06
HIGHEST GUST SPEED/DIRECTION    50/220    DATE  03/08

AVERAGE RH (PERCENT)     71


-  INDICATES NEGATIVE NUMBERS.
R  INDICATES RECORD WAS SET OR TIED.
MM INDICATES DATA IS MISSING.
T  INDICATES TRACE AMOUNT.

$$
