000
CXUS53 KLOT 011317
CLMUGN


CLIMATE REPORT
NATIONAL WEATHER SERVICE CHICAGO IL
801 AM CDT FRI APR 1 2016

...................................

...THE WAUKEGAN   CLIMATE SUMMARY FOR THE MONTH OF MARCH 2016...

CLIMATE NORMAL PERIOD 1981 TO 2010
CLIMATE RECORD PERIOD 2000 TO 2016

WEATHER         OBSERVED          NORMAL  DEPART  LAST YEAR`S
                 VALUE   DATE(S)  VALUE   FROM    VALUE
                                          NORMAL
.............................................................
TEMPERATURE (F)
RECORD
 HIGH              84   03/21/2012
                        03/20/2012
                        03/20/2012
 LOW               -7   03/04/2002
HIGHEST            70   03/08        MM      MM       70
LOWEST              7   03/02        MM      MM       -5
AVG. MAXIMUM     47.6              43.9     3.7     42.6
AVG. MINIMUM     31.6              26.5     5.1     22.1
MEAN             39.6              35.2     4.4     32.4

PRECIPITATION (INCHES)
RECORD
 MAXIMUM           MM   MM
 MINIMUM           MM   MM
TOTALS           3.24              2.32    0.92     0.64

DEGREE_DAYS
HEATING TOTAL     777               924    -147     1006
 SINCE 7/1       5122              5870    -748     6531
COOLING TOTAL       0                 0       0        0
 SINCE 1/1          0                 0       0        0
..............................................................

WIND (MPH)
AVERAGE WIND SPEED              8.8
HIGHEST WIND SPEED/DIRECTION    32/230    DATE  03/16
HIGHEST GUST SPEED/DIRECTION    46/230    DATE  03/16

AVERAGE RH (PERCENT)     78


-  INDICATES NEGATIVE NUMBERS.
R  INDICATES RECORD WAS SET OR TIED.
MM INDICATES DATA IS MISSING.
T  INDICATES TRACE AMOUNT.

$$
