000
CXUS56 KSEW 011044
CLMUIL


CLIMATE REPORT
NATIONAL WEATHER SERVICE SEATTLE WA
243 AM PST THU FEB 1 2018

...................................

...THE QUILLAYUTE WA AIRPORT CLIMATE SUMMARY FOR THE MONTH OF JANUARY 2018...

CLIMATE NORMAL PERIOD 1981 TO 2010
CLIMATE RECORD PERIOD 1966 TO 2018

WEATHER         OBSERVED          NORMAL  DEPART  LAST YEAR`S
                 VALUE   DATE(S)  VALUE   FROM    VALUE  DATE(S)
                                          NORMAL
................................................................
TEMPERATURE (F)
RECORD
 HIGH              69   01/21/2005
 LOW                7   01/23/1969
HIGHEST            63   01/15        MM      MM       53  01/27
                                                          01/17
                                                          01/16
LOWEST             27   01/03        MM      MM       16  01/05
AVG. MAXIMUM     49.4              47.1     2.3     44.9
AVG. MINIMUM     38.7              36.0     2.7     30.5
MEAN             44.0              41.6     2.4     37.7
DAYS MAX >= 90      0               0.0     0.0        0
DAYS MAX <= 32      0               0.2    -0.2        0
DAYS MIN <= 32      3               9.3    -6.3       17
DAYS MIN <= 0       0               0.0     0.0        0

PRECIPITATION (INCHES)
RECORD
 MAXIMUM        24.02   2006
 MINIMUM         1.22   1985
TOTALS          22.10             14.61    7.49     8.28
DAILY AVG.       0.71              0.47    0.24     0.27
DAYS >= .01        27              22.8     4.2       11
DAYS >= .10        26              18.8     7.2        7
DAYS >= .50        13               9.8     3.2        5
DAYS >= 1.00        7               4.9     2.1        3
GREATEST
 24 HR. TOTAL    4.21   01/29 TO 01/29

DEGREE_DAYS
HEATING TOTAL     641               727     -86      838
 SINCE 7/1       2937              3205    -268     3126
COOLING TOTAL       0                 0       0        0
 SINCE 1/1          0                 0       0        0
.................................................................

WIND (MPH)
AVERAGE WIND SPEED              7.1
HIGHEST WIND SPEED/DIRECTION    29/150    DATE  01/21
HIGHEST GUST SPEED/DIRECTION    51/150    DATE  01/17

SKY COVER
POSSIBLE SUNSHINE (PERCENT)   MM
AVERAGE SKY COVER           0.70
NUMBER OF DAYS FAIR            4
NUMBER OF DAYS PC              5
NUMBER OF DAYS CLOUDY         22

AVERAGE RH (PERCENT)     88

WEATHER CONDITIONS. NUMBER OF DAYS WITH
THUNDERSTORM              0     MIXED PRECIP               0
HEAVY RAIN                6     RAIN                      19
LIGHT RAIN               27     FREEZING RAIN              0
LT FREEZING RAIN          0     HAIL                       0
HEAVY SNOW                0     SNOW                       0
LIGHT SNOW                0     SLEET                      0
FOG                      27     FOG W/VIS <= 1/4 MILE      0
HAZE                      0

-  INDICATES NEGATIVE NUMBERS.
R  INDICATES RECORD WAS SET OR TIED.
MM INDICATES DATA IS MISSING.
T  INDICATES TRACE AMOUNT.

$$
