160
CXUS54 KCRP 011607 CCA
CLMVCT

CLIMATE REPORT
NATIONAL WEATHER SERVICE CORPUS CHRISTI TX
1055 AM CDT MON MAY 1 2017

...................................

...THE VICTORIA CLIMATE SUMMARY FOR THE MONTH OF APRIL 2017...

CLIMATE NORMAL PERIOD 1981 TO 2010
CLIMATE RECORD PERIOD 1893 TO 2017

WEATHER         OBSERVED          NORMAL  DEPART  LAST YEAR`S
                 VALUE   DATE(S)  VALUE   FROM    VALUE  DATE(S)
                                          NORMAL
................................................................
TEMPERATURE (F)
RECORD
 HIGH             100   04/16/1920
 LOW               33   04/03/1987
HIGHEST            95   04/26        80      15       89  04/30
LOWEST             47   04/06        61     -14       46  04/03
                                                          04/02
AVG. MAXIMUM     83.5              80.5     3.0     81.0
AVG. MINIMUM     61.6              59.3     2.3     60.8
MEAN             72.6              69.9     2.7     70.9
DAYS MAX >= 90      1               0.8     0.2        0
DAYS MAX <= 32      0               0.0     0.0        0
DAYS MIN <= 32      0               0.0     0.0        0
DAYS MIN <= 0       0               0.0     0.0        0

PRECIPITATION (INCHES)
RECORD
 MAXIMUM        11.70   1997
 MINIMUM         0.00   1912
                        1911
                        1909
TOTALS           2.94              2.82    0.12     4.59
DAILY AVG.       0.10              0.09    0.01     0.15
DAYS >= .01         7               6.1     0.9       12
DAYS >= .10         4               3.2     0.8        6
DAYS >= .50         3               1.3     1.7        4
DAYS >= 1.00        2               0.7     1.3        2
GREATEST
 24 HR. TOTAL    1.07   04/11 TO 04/11           04/18 TO 04/18
                                                          04/30 TO 04/30
                                                          04/30 TO 04/30

SNOWFALL (INCHES)
RECORDS
 TOTAL            0.0   MM
 24 HR TOTAL      0.0   MM
TOTALS            0.0               0.0     0.0      0.0
SINCE 7/1         0.0               0.1    -0.1      0.0
SNOWDEPTH AVG.      0                MM      MM        0
DAYS >= 1.0         0               0.0     0.0        0
GREATEST
 SNOW DEPTH         0   MM                             0
 24 HR TOTAL      0.0   MM                           0.0

DEGREE_DAYS
HEATING TOTAL       2                30     -28        9
 SINCE 7/1        567              1248    -681      913
COOLING TOTAL     239               177      62      194
 SINCE 1/1        626               289     337      351
.................................................

WIND (MPH)
AVERAGE WIND SPEED              11.2
HIGHEST WIND SPEED/DIRECTION    37/340    DATE  04/29
HIGHEST GUST SPEED/DIRECTION    46/170    DATE  04/29

SKY COVER
AVERAGE SKY COVER           0.40

AVERAGE RH (PERCENT)     70

WEATHER CONDITIONS. NUMBER OF DAYS WITH
THUNDERSTORM              6     MIXED PRECIP               0
HEAVY RAIN                3     RAIN                       6
LIGHT RAIN               10     FREEZING RAIN              0
LT FREEZING RAIN          0     HAIL                       0
HEAVY SNOW                0     SNOW                       0
LIGHT SNOW                0     SLEET                      0
FOG                      17     FOG W/VIS <= 1/4 MILE      2
HAZE                      8

-  INDICATES NEGATIVE NUMBERS.
R  INDICATES RECORD WAS SET OR TIED.
MM INDICATES DATA IS MISSING.
T  INDICATES TRACE AMOUNT.

$$

TJC...CORRECTED FOR THUNDERSTORM DAYS
