000
CXUS53 KLBF 020134
CLMVTN


CLIMATE REPORT
NATIONAL WEATHER SERVICE NORTH PLATTE
833 PM CDT TUE AUG 1 2017

...................................

...THE VALENTINE NE CLIMATE SUMMARY FOR THE MONTH OF JULY 2017...

CLIMATE NORMAL PERIOD 1981 TO 2010
CLIMATE RECORD PERIOD 1885 TO 2017

WEATHER         OBSERVED          NORMAL  DEPART  LAST YEAR`S
                 VALUE   DATE(S)  VALUE   FROM    VALUE  DATE(S)
                                          NORMAL
................................................................
TEMPERATURE (F)
RECORD
 HIGH             114   07/02/1990
 LOW               38   07/30/1971
HIGHEST           112   07/19       103       9      102  07/20
LOWEST             48   07/01        47       1       49  07/12
AVG. MAXIMUM     97.7              88.7     9.0     87.6
AVG. MINIMUM     64.8              60.4     4.4     60.5
MEAN             81.2              74.5     6.7     74.1
DAYS MAX >= 90     26              13.8    12.2       12
DAYS MAX <= 32      0               0.0     0.0        0
DAYS MIN <= 32      0               0.0     0.0        0
DAYS MIN <= 0       0               0.0     0.0        0

PRECIPITATION (INCHES)
RECORD
 MAXIMUM         8.96   1983
 MINIMUM         0.04   1936
TOTALS           0.73              3.21   -2.48     3.11
DAILY AVG.       0.02              0.10   -0.08     0.10
DAYS >= .01         5               9.5    -4.5       11
DAYS >= .10         3               5.6    -2.6        6
DAYS >= .50         0               1.9    -1.9        3
DAYS >= 1.00        0               0.8    -0.8        1
GREATEST
 24 HR. TOTAL    0.39   07/28 TO 07/28           07/26 TO 07/27
                                                          07/31 TO 07/31
                                                          07/31 TO 07/31

SNOWFALL (INCHES)
RECORDS
 TOTAL            0.0   2002
TOTALS            0.0               0.0     0.0      0.0
SINCE 7/1         0.0               0.0     0.0      0.0
SNOWDEPTH AVG.      0                MM      MM        0
DAYS >= 1.0         0               0.0     0.0        0
GREATEST
 SNOW DEPTH         0   MM                             0  MM
 24 HR TOTAL      0.0   07/31 TO 07/31

DEGREE_DAYS
HEATING TOTAL       0                 8      -8        5
 SINCE 7/1          0                 8      -8        5
COOLING TOTAL     512               304     208      294
 SINCE 1/1        731               475     256      549
..................................................

WIND (MPH)
AVERAGE WIND SPEED              9.2
HIGHEST WIND SPEED/DIRECTION    32/300    DATE  07/25
HIGHEST GUST SPEED/DIRECTION    44/300    DATE  07/25

SKY COVER
POSSIBLE SUNSHINE (PERCENT)   MM
AVERAGE SKY COVER           0.10
NUMBER OF DAYS FAIR           29
NUMBER OF DAYS PC              2
NUMBER OF DAYS CLOUDY          0

AVERAGE RH (PERCENT)     50

WEATHER CONDITIONS. NUMBER OF DAYS WITH
THUNDERSTORM              0     MIXED PRECIP               0
HEAVY RAIN                1     RAIN                       3
LIGHT RAIN                9     FREEZING RAIN              0
LT FREEZING RAIN          0     HAIL                       0
HEAVY SNOW                0     SNOW                       0
LIGHT SNOW                0     SLEET                      0
FOG                       3     FOG W/VIS <= 1/4 MILE      1
HAZE                      2

-  INDICATES NEGATIVE NUMBERS.
R  INDICATES RECORD WAS SET OR TIED.
MM INDICATES DATA IS MISSING.
T  INDICATES TRACE AMOUNT.

$$
