016
CXUS56 KMTR 020345
CLMWVI


CLIMATE REPORT
NATIONAL WEATHER SERVICE SAN FRANCISCO BAY AREA
745 PM PST THU DEC 1 2016

...................................

...THE WATSONVILLE AIRPORT CLIMATE SUMMARY FOR THE MONTH OF NOVEMBER 2016...

CLIMATE NORMAL PERIOD 1981 TO 2010
CLIMATE RECORD PERIOD 1998 TO 2016

WEATHER         OBSERVED          NORMAL   LAST YEAR`S
                 VALUE   DATE(S)  VALUE    VALUE  DATE(S)

.........................................................
TEMPERATURE (F)
HIGHEST            81   11/10        MM        77  11/21
LOWEST             35   11/30        MM        29  11/27
AVG. MAXIMUM     67.1                        65.6
AVG. MINIMUM     46.0                        41.4
MEAN             56.5              54.6      53.5
DAYS MAX >= 90      0                           0
DAYS MAX <= 32      0                           0
DAYS MIN <= 32      0                           2
DAYS MIN <= 0       0                           0

PRECIPITATION (INCHES)
RECORD
 MAXIMUM           MM   MM
 MINIMUM           MM   MM
TOTALS           1.89                        3.10
DAILY AVG.       0.07                        0.10
DAYS >= .01         6                           6
DAYS >= .10         4                           5
DAYS >= .50         2                           1
DAYS >= 1.00        0                           1
GREATEST
 24 HR. TOTAL    0.86   11/19 TO 11/20    11/02 TO 11/02
                                                   11/29 TO 11/29
                                                   11/29 TO 11/29

DEGREE_DAYS
HEATING TOTAL     251                         339
 SINCE 7/1        668                         363
COOLING TOTAL       4                           0
 SINCE 1/1         92                         434
..........................................................

WIND (MPH)
AVERAGE WIND SPEED              3.1
RESULTANT WIND SPEED/DIRECTION   1/283
HIGHEST WIND SPEED/DIRECTION    16/180    DATE  11/26
HIGHEST GUST SPEED/DIRECTION    23/100    DATE  11/26

SKY COVER
POSSIBLE SUNSHINE (PERCENT)   MM
AVERAGE SKY COVER           0.30
NUMBER OF DAYS FAIR           19
NUMBER OF DAYS PC              7
NUMBER OF DAYS CLOUDY          4

AVERAGE RH (PERCENT)     79

WEATHER CONDITIONS. NUMBER OF DAYS WITH
THUNDERSTORM              0     MIXED PRECIP               0
HEAVY RAIN                3     RAIN                       6
LIGHT RAIN                7     FREEZING RAIN              0
LT FREEZING RAIN          0     HAIL                       0
HEAVY SNOW                0     SNOW                       0
LIGHT SNOW                0     SLEET                      0
FOG                      18     FOG W/VIS <= 1/4 MILE      4
HAZE                      0

-  INDICATES NEGATIVE NUMBERS.
R  INDICATES RECORD WAS SET OR TIED.
MM INDICATES DATA IS MISSING.
T  INDICATES TRACE AMOUNT.

$$
