000
CXUS56 KMTR 011423
CLMWVI


CLIMATE REPORT
NATIONAL WEATHER SERVICE SAN FRANCISCO BAY AREA
723 AM PDT SAT APR 1 2017

...................................

...THE WATSONVILLE AIRPORT CLIMATE SUMMARY FOR THE MONTH OF MARCH 2017...

CLIMATE NORMAL PERIOD 1981 TO 2010
CLIMATE RECORD PERIOD 1998 TO 2017

WEATHER         OBSERVED          NORMAL   LAST YEAR`S
                 VALUE   DATE(S)  VALUE    VALUE  DATE(S)

.........................................................
TEMPERATURE (F)
HIGHEST            85   03/13        MM        77  03/17
LOWEST             34R  03/02        MM        39  03/29
AVG. MAXIMUM     66.7                        64.3
AVG. MINIMUM     45.2                        46.6
MEAN             56.0              53.2      55.5
DAYS MAX >= 90      0                           0
DAYS MAX <= 32      0                           0
DAYS MIN <= 32      0                           0
DAYS MIN <= 0       0                           0

PRECIPITATION (INCHES)
RECORD
 MAXIMUM           MM   MM
 MINIMUM           MM   MM
TOTALS           3.99                        7.59
DAILY AVG.       0.13                        0.24
DAYS >= .01         9                          13
DAYS >= .10         7                           8
DAYS >= .50         4                           5
DAYS >= 1.00        0                           2
GREATEST
 24 HR. TOTAL    0.99   03/22 TO 03/22    03/05 TO 03/06
                                                   03/31 TO 03/31
                                                   03/31 TO 03/31

DEGREE_DAYS
HEATING TOTAL     273                         287
 SINCE 7/1       2232                        1764
COOLING TOTAL       0                           0
 SINCE 1/1          0                           0
..........................................................

WIND (MPH)
AVERAGE WIND SPEED              3.9
RESULTANT WIND SPEED/DIRECTION   2/234
HIGHEST WIND SPEED/DIRECTION    24/240    DATE  03/05
HIGHEST GUST SPEED/DIRECTION    32/360    DATE  03/31

SKY COVER
POSSIBLE SUNSHINE (PERCENT)   MM
AVERAGE SKY COVER           0.30
NUMBER OF DAYS FAIR           20
NUMBER OF DAYS PC              7
NUMBER OF DAYS CLOUDY          4

AVERAGE RH (PERCENT)     77

WEATHER CONDITIONS. NUMBER OF DAYS WITH
THUNDERSTORM              0     MIXED PRECIP               0
HEAVY RAIN                5     RAIN                       7
LIGHT RAIN                9     FREEZING RAIN              0
LT FREEZING RAIN          0     HAIL                       0
HEAVY SNOW                0     SNOW                       0
LIGHT SNOW                0     SLEET                      0
FOG                      12     FOG W/VIS <= 1/4 MILE      3
HAZE                      2

-  INDICATES NEGATIVE NUMBERS.
R  INDICATES RECORD WAS SET OR TIED.
MM INDICATES DATA IS MISSING.
T  INDICATES TRACE AMOUNT.

$$
