000
CXUS51 KBGM 031536
CLSAVP


CLIMATE REPORT
NATIONAL WEATHER SERVICE BINGHAMTON NY
1120 AM EDT THU SEP 3 2015

...................................

...THE AVOCA PA CLIMATE SUMMARY FOR THE SEASON, FROM
6/1/2015 TO 8/31/2015...

CLIMATE NORMAL PERIOD 1981 TO 2010
CLIMATE RECORD PERIOD 1901 TO 2015

WEATHER         OBSERVED          NORMAL  DEPART  LAST YEAR`S
                 VALUE   DATE(S)  VALUE   FROM    VALUE  DATE(S)
                                          NORMAL
................................................................
TEMPERATURE (F)
RECORD
 HIGH             101   07/16/1988
                        07/03/1966
 LOW               34   06/11/1972
HIGHEST            93   07/19        80      13       92  07/23
LOWEST             47   06/07        59     -12       48  06/20
AVG. MAXIMUM     81.8              79.8     2.0     81.1
AVG. MINIMUM     60.7              59.0     1.7     59.9
MEAN             71.3              69.4     1.9     70.5
DAYS MAX >= 90      8               5.5     2.5        5
DAYS MAX <= 32      0               0.0     0.0        0
DAYS MIN <= 32      0               0.0     0.0        0
DAYS MIN <= 0       0               0.0     0.0        0

PRECIPITATION (INCHES)
RECORD
 MAXIMUM        17.96   1986
 MINIMUM         5.56   1995
TOTALS          11.59             11.23    0.36     8.67
DAILY AVG.       0.13              0.12    0.01     0.09
DAYS >= .01        33              35.3    -2.3       33
DAYS >= .10        24              22.2     1.8       19
DAYS >= .50         9               7.2     1.8        6
DAYS >= 1.00        2               2.2    -0.2        1
GREATEST
 24 HR. TOTAL    1.87   06/08 TO 06/09           08/31 TO 08/31

SNOWFALL (INCHES)
RECORDS
 TOTAL            0.0   MM
 24 HR TOTAL      0.0   MM
TOTALS            0.0               0.0     0.0      0.0
SINCE 7/1         0.0               0.0     0.0      0.0
DAYS >= TRACE       0               0.0     0.0        0
DAYS >= 1.0         0               0.0     0.0        0
GREATEST
 24 HR TOTAL      0.0   MM                       08/31 TO 08/31

DEGREE_DAYS
HEATING TOTAL      24                80     -56       22
 SINCE 7/1          0                26     -26       11
COOLING TOTAL     628               487     141      551
 SINCE 1/1        776               524     252      592

FREEZE DATES
RECORD
 EARLIEST     09/21/1956
 LATEST       05/25/1956
EARLIEST                        10/15
LATEST                          04/26
..................................................

WIND (MPH)
AVERAGE WIND SPEED              5.2
RESULTANT WIND SPEED/DIRECTION   1/215
HIGHEST WIND SPEED/DIRECTION    30/250    DATE  06/21
HIGHEST GUST SPEED/DIRECTION    41/260    DATE  06/21

SKY COVER
POSSIBLE SUNSHINE (PERCENT)   MM
AVERAGE SKY COVER           0.40
NUMBER OF DAYS FAIR           47
NUMBER OF DAYS PC             25
NUMBER OF DAYS CLOUDY         20

AVERAGE RH (PERCENT)     67

WEATHER CONDITIONS. NUMBER OF DAYS WITH
THUNDERSTORM              0     MIXED PRECIP               0
HEAVY RAIN               21     RAIN                      25
LIGHT RAIN               40     FREEZING RAIN              0
LT FREEZING RAIN          0     HAIL                       0
HEAVY SNOW                0     SNOW                       0
LIGHT SNOW                0     SLEET                      0
FOG                      44     FOG W/VIS <= 1/4 MILE      2
HAZE                     21

-  INDICATES NEGATIVE NUMBERS.
R  INDICATES RECORD WAS SET OR TIED.
MM INDICATES DATA IS MISSING.
T  INDICATES TRACE AMOUNT.

$$
