000
CXUS51 KCTP 010752
CLSBFD
CLIMATE REPORT
NATIONAL WEATHER SERVICE STATE COLLEGE PA
252 AM EST FRI MAR 01 2024
...................................
...THE BRADFORD CLIMATE SUMMARY FOR THE SEASON, FROM
12/1/2023 TO 2/29/2024...
CLIMATE NORMAL PERIOD 1991 TO 2020
CLIMATE RECORD PERIOD 1957 TO 2024
WEATHER OBSERVED NORMAL DEPART LAST YEAR`S
VALUE DATE(S) VALUE FROM VALUE DATE(S)
NORMAL
................................................................
TEMPERATURE (F)
RECORD
HIGH 75 12/01/2010
LOW -30 02/11/1979
HIGHEST 62 02/27 66 02/15
LOWEST -5 01/15 -6 12/23
12/24
AVG. MAXIMUM 39.7 33.1 6.6 39.6
AVG. MINIMUM 26.4 17.9 8.5 24.4
MEAN 33.0 25.5 7.5 32.0
DAYS MAX >= 90 0 0.0 0.0 0
DAYS MAX <= 32 22 47.7 -25.7 20
DAYS MIN <= 32 66 81.6 -15.6 71
DAYS MIN <= 0 3 9.3 -6.3 3
PRECIPITATION (INCHES)
RECORD
MAXIMUM 15.38 1993
MINIMUM 3.73 2000
TOTALS 7.60 7.97 -0.37 7.43
DAILY AVG. 0.08 NAN NAN 0.08
DAYS >= .01 47 45.5 1.5 37
DAYS >= .10 20 21.5 -1.5 15
DAYS >= .50 5 4.0 1.0 3
DAYS >= 1.00 0 1.0 -1.0 1
GREATEST
24 HR. TOTAL 0.79 MM 1.37
STORM TOTAL 0.81 1.26
(MM/DD(HH)) MM
DEGREE DAYS
HEATING TOTAL 2890 3553 -663 2949
SINCE 7/1 4253 5274 -1021 MM
COOLING TOTAL 0 0 0 0
SINCE 1/1 0 0 0 MM
FREEZE DATES
RECORD
EARLIEST 08/05/1972
LATEST 06/30/1961
EARLIEST 10/23
LATEST 05/26
................................................................
WIND (MPH)
AVERAGE WIND SPEED 7.3
RESULTANT WIND SPEED/DIRECTION 3/250
HIGHEST WIND SPEED/DIRECTION 35/120 DATE 01/09
HIGHEST GUST SPEED/DIRECTION 56/120 DATE 01/09
SKY COVER
POSSIBLE SUNSHINE (PERCENT) MM
AVERAGE SKY COVER 0.72
NUMBER OF DAYS FAIR 14
NUMBER OF DAYS PC 22
NUMBER OF DAYS CLOUDY 55
AVERAGE RH (PERCENT) 70
WEATHER CONDITIONS. NUMBER OF DAYS WITH
THUNDERSTORM 2 MIXED PRECIP 0
HEAVY RAIN 6 RAIN 12
LIGHT RAIN 31 FREEZING RAIN 0
LT FREEZING RAIN 4 HAIL 0
HEAVY SNOW 9 SNOW 18
LIGHT SNOW 43 SLEET 0
FOG 46 FOG W/VIS <= 1/4 MILE 11
HAZE 52
- INDICATES NEGATIVE NUMBERS.
R INDICATES RECORD WAS SET OR TIED.
MM INDICATES DATA IS MISSING.
T INDICATES TRACE AMOUNT.
$$