000
CXUS53 KILX 011658
CLSCMI

CLIMATE REPORT
NATIONAL WEATHER SERVICE LINCOLN IL
1147 AM CDT THU SEP 1 2016

...................................

...THE CHAMPAIGN IL AIRPORT CLIMATE SUMMARY FOR THE SEASON, FROM
6/1/2016 TO 8/31/2016...

CLIMATE NORMAL PERIOD 1981 TO 2010
CLIMATE RECORD PERIOD 9999 TO 9999

WEATHER         OBSERVED          NORMAL  DEPART  LAST YEAR`S
                 VALUE   DATE(S)  VALUE   FROM    VALUE
                                          NORMAL
.............................................................
TEMPERATURE (F)
RECORD
 HIGH              MM   MM
 LOW               MM   MM
HIGHEST            94   06/11        MM      MM       92
                        06/10
LOWEST             50   06/29        MM      MM       50
                        06/08
AVG. MAXIMUM     84.4              83.5     0.9     82.3
AVG. MINIMUM     64.8              62.0     2.8     62.3
MEAN             74.6              72.7     1.9     72.3
DAYS MAX >= 90     14              12.7     1.3        6
DAYS MAX <= 32      0               0.0     0.0        0
DAYS MIN <= 32      0               0.0     0.0        0
DAYS MIN <= 0       0               0.0     0.0        0

PRECIPITATION (INCHES)
RECORD
 MAXIMUM           MM   MM
 MINIMUM           MM   MM
TOTALS          13.99             12.12    1.87    13.79
DAILY AVG.       0.15                               0.15
DAYS >= .01        29                MM      MM       29
DAYS >= .10        23                MM      MM       21
DAYS >= .50        10                MM      MM        9
DAYS >= 1.00        5                MM      MM        5
GREATEST
 24 HR. TOTAL    2.07   06/14 TO 06/15              2.02

DEGREE_DAYS
HEATING TOTAL      10                25     -15       12
 SINCE 7/1          8                 9      -1        6
COOLING TOTAL     921               735     186      710
 SINCE 1/1       1021               827     194      864

FREEZE DATES
RECORD
 EARLIEST     MM
 LATEST       MM
EARLIEST                        MM
LATEST                          MM
..............................................................

WIND (MPH)
AVERAGE WIND SPEED              7.2
HIGHEST WIND SPEED/DIRECTION    35/020    DATE  07/06
HIGHEST GUST SPEED/DIRECTION    43/030    DATE  07/06

SKY COVER
POSSIBLE SUNSHINE (PERCENT)   MM
AVERAGE SKY COVER           0.30
NUMBER OF DAYS FAIR           73
NUMBER OF DAYS PC             16
NUMBER OF DAYS CLOUDY          3

AVERAGE RH (PERCENT)     76

WEATHER CONDITIONS. NUMBER OF DAYS WITH
THUNDERSTORM             23     MIXED PRECIP               0
HEAVY RAIN               21     RAIN                      20
LIGHT RAIN               34     FREEZING RAIN              0
LT FREEZING RAIN          0     HAIL                       0
HEAVY SNOW                0     SNOW                       0
LIGHT SNOW                0     SLEET                      0
FOG                      61     FOG W/VIS <= 1/4 MILE      9
HAZE                     11

-  INDICATES NEGATIVE NUMBERS.
R  INDICATES RECORD WAS SET OR TIED.
MM INDICATES DATA IS MISSING.
T  INDICATES TRACE AMOUNT.

$$
