370
CXUS51 KRNK 011249
CLSDAN


CLIMATE REPORT
NATIONAL WEATHER SERVICE BLACKSBURG VA
748 AM EST THU DEC 1 2016

...................................

...THE DANVILLE VA CLIMATE SUMMARY FOR THE SEASON, FROM
9/1/2016 TO 11/30/2016...

CLIMATE NORMAL PERIOD 1981 TO 2010
CLIMATE RECORD PERIOD 1948 TO 2016

WEATHER         OBSERVED          NORMAL  DEPART  LAST YEAR`S
                 VALUE   DATE(S)  VALUE   FROM    VALUE
                                          NORMAL
.............................................................
TEMPERATURE (F)
RECORD
 HIGH             104   09/06/1954
 LOW               15   11/19/2014
                        11/25/2013
                        11/25/1970
HIGHEST            95   09/09                         94
LOWEST             20   11/13                         24
AVG. MAXIMUM     74.5              70.0     4.5     72.5
AVG. MINIMUM     50.1              49.1     1.0     50.7
MEAN             62.3              59.5     2.8     61.6
DAYS MAX >= 90      8               2.6     5.4        5
DAYS MAX <= 32      0               0.0     0.0        0
DAYS MIN <= 32     11               9.6     1.4        9
DAYS MIN <= 0       0               0.0     0.0        0

PRECIPITATION (INCHES)
RECORD
 MAXIMUM        19.93   1996
 MINIMUM         2.31   2001
TOTALS           8.95             10.85   -1.90    18.18
DAILY AVG.       0.10              0.12   -0.02     0.20
DAYS >= .01        20              24.8    -4.8       32
DAYS >= .10        10              15.1    -5.1       21
DAYS >= .50         5               7.0    -2.0       13
DAYS >= 1.00        3               3.4    -0.4        8
GREATEST
 24 HR. TOTAL    3.81                               3.25

SNOWFALL (INCHES)
TOTALS            0.0                                0.0
DAYS >= TRACE       0                                  0
DAYS >= 1.0         0                                  0
GREATEST
 24 HR TOTAL      0.0                                0.0

DEGREE_DAYS
HEATING TOTAL     570               709    -139      542
COOLING TOTAL     346               213     133      249
..............................................................

WIND (MPH)
AVERAGE WIND SPEED              4.9
HIGHEST WIND SPEED/DIRECTION    26/230    DATE  11/30
HIGHEST GUST SPEED/DIRECTION    39/300    DATE  11/19

SKY COVER
AVERAGE SKY COVER           0.30

AVERAGE RH (PERCENT)     72

WEATHER CONDITIONS. NUMBER OF DAYS WITH
THUNDERSTORM              0     MIXED PRECIP               0
HEAVY RAIN                8     RAIN                       8
LIGHT RAIN               26     FREEZING RAIN              0
LT FREEZING RAIN          0     HAIL                       0
HEAVY SNOW                0     SNOW                       0
LIGHT SNOW                0     SLEET                      0
FOG                      48     FOG W/VIS <= 1/4 MILE      7
HAZE                      0

-  INDICATES NEGATIVE NUMBERS.
R  INDICATES RECORD WAS SET OR TIED.
MM INDICATES DATA IS MISSING.
T  INDICATES TRACE AMOUNT.

$$

RAB
