000
CXUS53 KDVN 011210
CLSDBQ


CLIMATE REPORT
NATIONAL WEATHER SERVICE QUAD CITIES IA IL
710 AM CDT TUE SEP 1 2015

...................................

...THE DUBUQUE CLIMATE SUMMARY FOR THE SEASON, FROM
6/1/2015 TO 8/31/2015...

CLIMATE NORMAL PERIOD 1981 TO 2010
CLIMATE RECORD PERIOD 1873 TO 2015

WEATHER         OBSERVED          NORMAL  DEPART
                 VALUE   DATE(S)  VALUE   FROM
                                          NORMAL
................................................
TEMPERATURE (F)
RECORD
 HIGH             110   07/14/1936
 LOW               36   06/11/1972
HIGHEST            92   07/17        82      10
LOWEST             42   06/01        54     -12
AVG. MAXIMUM     78.7              80.1    -1.4
AVG. MINIMUM     59.5              60.2    -0.7
MEAN             69.1              70.1    -1.0
DAYS MAX >= 90      3               5.9    -2.9
DAYS MAX <= 32      0               0.0     0.0
DAYS MIN <= 32      0               0.0     0.0
DAYS MIN <= 0       0               0.0     0.0

PRECIPITATION (INCHES)
TOTALS          12.06             13.11   -1.05
DAILY AVG.       0.13              0.14   -0.01
DAYS >= .01        26              30.3    -4.3
DAYS >= .10        19
DAYS >= .50         8
DAYS >= 1.00        3               3.6    -0.6
GREATEST
 24 HR. TOTAL    2.74   06/11 TO 06/12

SNOWFALL (INCHES)
TOTALS              T               0.0     0.0
SINCE 7/1           T               0.0     0.0
SNOWDEPTH AVG.      0
DAYS >= TRACE       1               0.0     1.0
DAYS >= 1.0         0               0.0     0.0
GREATEST
 SNOW DEPTH         0   MM
 24 HR TOTAL      0.0   MM

DEGREE_DAYS
HEATING TOTAL      56                67     -11
 SINCE 7/1         33                27       6
COOLING TOTAL     457               539     -82
 SINCE 1/1        493               576     -83
.................................................

WIND (MPH)
AVERAGE WIND SPEED              7.6
HIGHEST WIND SPEED/DIRECTION    52/270    DATE  06/22
HIGHEST GUST SPEED/DIRECTION    72/260    DATE  06/22

SKY COVER
POSSIBLE SUNSHINE (PERCENT)   MM
AVERAGE SKY COVER           0.30
NUMBER OF DAYS FAIR           61
NUMBER OF DAYS PC             23
NUMBER OF DAYS CLOUDY          8

AVERAGE RH (PERCENT)     75

WEATHER CONDITIONS. NUMBER OF DAYS WITH
THUNDERSTORM             16     HAIL                       1
SLEET                     0     FOG                       55
FOG W/VIS <= 1/4 MILE    12     HAZE                      17

-  INDICATES NEGATIVE NUMBERS.
R  INDICATES RECORD WAS SET OR TIED.
MM INDICATES DATA IS MISSING.
T  INDICATES TRACE AMOUNT.

$$


===================================================================

NOTE: SUPPLEMENTAL CLIMATE DATA WAS USED FROM A NEARBY
CLIMATOLOGICALLY REPRESENTATIVE STATION.

===================================================================
