000
CXUS53 KDLH 021940
CLSDLH

CXUS53 KDLH 021928
CLMDLH


CLIMATE REPORT
NATIONAL WEATHER SERVICE DULUTH MN
140 PM CST WED DEC 2 2015

...................................

...THE DULUTH CLIMATE SUMMARY FOR THE SEASON, FROM
9/1/2015 TO 11/30/2015...

CLIMATE NORMAL PERIOD 1981 TO 2010
CLIMATE RECORD PERIOD 1870 TO 2015

WEATHER         OBSERVED          NORMAL  DEPART  LAST YEAR`S
                 VALUE   DATE(S)  VALUE   FROM    VALUE
                                          NORMAL
.............................................................
TEMPERATURE (F)
RECORD
 HIGH              95   09/07/1976
 LOW              -29   11/29/1875
HIGHEST            85   09/01        MM      MM       81
LOWEST             10   11/27        MM      MM       -9
MEAN             48.2              42.5     5.7     41.3

PRECIPITATION (INCHES)
RECORD
 MAXIMUM        17.74   1881
 MINIMUM         1.98   1958

TOTAL           11.46              8.17    3.29     4.42

SNOWFALL (INCHES)
RECORD
 MAXIMUM         56.8   1991
 MINIMUM          0.2   1899

SINCE 7/1         4.4

DEGREE_DAYS
HEATING TOTAL    1567              2063    -496     2138
COOLING TOTAL      58                15      43        9
..............................................................

WIND (MPH)
AVERAGE WIND SPEED              10.3
HIGHEST WIND SPEED/DIRECTION    33/280
HIGHEST GUST SPEED/DIRECTION    43/280

SKY COVER
POSSIBLE SUNSHINE (PERCENT)   MM



-  INDICATES NEGATIVE NUMBERS.
R  INDICATES RECORD WAS SET OR TIED.
MM INDICATES DATA IS MISSING.
T  INDICATES TRACE AMOUNT.

$$

.THE 2015 AUTUMN SEASON WAS WARMER AND WETTER THAN NORMAL AT DULUTH
MN...

THE AVERAGE TEMPERATURE FOR THE AUTUMN SEASON WAS 48.1 DEGREES WHICH
WAS 5.6 DEGREES ABOVE THE NORMAL OF 42.5 DEGREES. THIS WAS THE 3RD
WARMEST METEOROLOGICAL AUTUMN ON RECORD AT DULUTH. 11.46 INCHES OF
PRECIPITATION WAS RECORDED FOR THE SEASON WHICH WAS 3.29 INCHES
ABOVE THE NORMAL OF 11.78 INCHES. THIS WAS THE 14TH WETTEST AUTUMN
SEASON ON RECORD. 4.4 INCHES OF SNOW FELL FOR THE SEASON WHICH WAS
11.7 INCHES BELOW THE NORMAL OF 16.1 INCHES. THIS WAS THE 32ND LEAST
SNOWIEST AUTUMN SEASON ON RECORD.

$$
