000
CXUS55 KLKN 011919
CLSELY


CLIMATE REPORT
NATIONAL WEATHER SERVICE ELKO NV
1208 PM PDT FRI SEP 1 2017

...................................

...THE ELY AIRPORT NV CLIMATE SUMMARY FOR THE SEASON, FROM
6/1/2017 TO 8/31/2017...

CLIMATE NORMAL PERIOD 1981 TO 2010
CLIMATE RECORD PERIOD 1893 TO 2017

WEATHER         OBSERVED          NORMAL  DEPART  LAST YEAR`S
                 VALUE   DATE(S)  VALUE   FROM    VALUE
                                          NORMAL
.............................................................
TEMPERATURE (F)
RECORD
 HIGH             101   07/12/2002
                        07/18/1998
 LOW               18   06/14/1976
HIGHEST            97   06/20        96       1       98
LOWEST             34   06/14        28       6       31
AVG. MAXIMUM     87.9              84.0     3.9     87.2
AVG. MINIMUM     48.7              45.4     3.3     45.6
MEAN             68.3              64.7     3.6     66.4
DAYS MAX >= 90     41              19.7    21.3       35
DAYS MAX <= 32      0               0.0     0.0        0
DAYS MIN <= 32      0               2.9    -2.9        1
DAYS MIN <= 0       0               0.0     0.0        0

PRECIPITATION (INCHES)
RECORD
 MAXIMUM         4.88   1983
 MINIMUM         0.31   1974
TOTALS           1.21              2.21   -1.00     2.06
DAILY AVG.       0.01              0.02   -0.01     0.02
DAYS >= .01        14              16.0    -2.0       11
DAYS >= .10         4               6.3    -2.3        5
DAYS >= .50         0               1.0    -1.0        1
DAYS >= 1.00        0               0.2    -0.2        1

SNOWFALL (INCHES)
RECORDS
 TOTAL            1.7   1955
TOTALS              T               0.1    -0.1      0.0
DAYS >= 1.0         0               0.0     0.0        0
GREATEST
 SNOW DEPTH         0   MM                             0

DEGREE_DAYS
HEATING TOTAL      78               239    -161       98
COOLING TOTAL     409               211     198      255
..............................................................

WIND (MPH)
AVERAGE WIND SPEED              9.1
HIGHEST WIND SPEED/DIRECTION    44/200    DATE  06/11
HIGHEST GUST SPEED/DIRECTION    58/200    DATE  06/11

AVERAGE RH (PERCENT)     38

WEATHER CONDITIONS. NUMBER OF DAYS WITH
THUNDERSTORM              0     MIXED PRECIP               0
HEAVY RAIN                4     RAIN                       3
LIGHT RAIN               38     FREEZING RAIN              0
LT FREEZING RAIN          0     HAIL                       0
HEAVY SNOW                0     SNOW                       0
LIGHT SNOW                1     SLEET                      0
FOG                       4     FOG W/VIS <= 1/4 MILE      0
HAZE                      2

-  INDICATES NEGATIVE NUMBERS.
R  INDICATES RECORD WAS SET OR TIED.
MM INDICATES DATA IS MISSING.
T  INDICATES TRACE AMOUNT.

&&

=====================================================================

...WARMEST METEOROLOGICAL SUMMER (JUNE - AUGUST) ON RECORD IN ELY
   WITH AN AVERAGE TEMPERATURE OF 68.3 DEGREES...

$$

DS
