000
CXUS53 KPAH 122115
CLSEVV

CXUS53 KPAH DDHHMM
CLSEVV

CXUS53 KPAH DDHHMM
CLSEVV

INDCLMEWS 000
TTAA00 KPAH 122110


CLIMATE REPORT
NATIONAL WEATHER SERVICE PADUCAH KY
409 PM CDT FRI JUN 12 2015

...................................

...THE EVANSVILLE IN CLIMATE SUMMARY FOR THE SPRING SEASON, FROM
3/1/2015 TO 5/31/2015...

CLIMATE NORMAL PERIOD 1981 TO 2010
CLIMATE RECORD PERIOD 1896 TO 2015

WEATHER         OBSERVED          NORMAL  DEPART
                 VALUE   DATE(S)  VALUE   FROM
                                          NORMAL
................................................
TEMPERATURE (F)
RECORD
 HIGH              98   05/29/1911
                        05/28/1911
 LOW               -9   03/06/1960
HIGHEST            88   05/08        67      21
LOWEST              0   03/06        45     -45
AVG. MAXIMUM     67.4              67.1     0.3
AVG. MINIMUM     47.3              44.8     2.5
MEAN             57.4              56.0     1.4
DAYS MAX >= 90      0               0.9    -0.9
DAYS MAX <= 32      2               0.5     1.5
DAYS MIN <= 32     10              15.2    -5.2
DAYS MIN <= 0       1               0.0     1.0

PRECIPITATION (INCHES)
RECORD
 MAXIMUM        25.01   2011
 MINIMUM         0.01   1910
TOTALS          16.91             13.97    2.94
DAILY AVG.       0.18              0.15    0.03
DAYS >= .01        36              34.8     1.2
DAYS >= .10        29              22.7     6.3
DAYS >= .50        10               9.5     0.5
DAYS >= 1.00        5               3.6     1.4
GREATEST
 24 HR. TOTAL    2.19   MM
 STORM TOTAL       MM
 (MM/DD(HH))            MM

SNOWFALL (INCHES)
TOTALS            8.5
 LIQUID EQUIV    0.85
SINCE 7/1        18.5
 LIQUID 7/1      1.85
SNOWDEPTH AVG.      0
DAYS >= TRACE       2
DAYS >= 1.0         1
GREATEST
 SNOW DEPTH         5   03/06
                        03/05
 24 HR TOTAL      8.5   MM
 STORM TOTAL       MM
 (MM/DD(HH))            MM

DEGREE_DAYS
HEATING TOTAL     870               967     -97
 SINCE 7/1         MM              4541      MM
COOLING TOTAL     191               134      57
 SINCE 1/1        191               135      56

FREEZE DATES
RECORD
 EARLIEST     10/03/1974
 LATEST       05/10/1966
EARLIEST                        10/23
LATEST                          04/10
.................................................

WIND (MPH)
AVERAGE WIND SPEED              7.1
HIGHEST WIND SPEED/DIRECTION    52/240    DATE  04/09
HIGHEST GUST SPEED/DIRECTION    67/240    DATE  04/09

SKY COVER
POSSIBLE SUNSHINE (PERCENT)   MM
AVERAGE SKY COVER           0.40
NUMBER OF DAYS FAIR           49
NUMBER OF DAYS PC             28
NUMBER OF DAYS CLOUDY         15

AVERAGE RH (PERCENT)     65

WEATHER CONDITIONS. NUMBER OF DAYS WITH
THUNDERSTORM              0     MIXED PRECIP               0
HEAVY RAIN               24     RAIN                      20
LIGHT RAIN               46     FREEZING RAIN              0
LT FREEZING RAIN          2     HAIL                       0
HEAVY SNOW                1     SNOW                       1
LIGHT SNOW                2     SLEET                      0
FOG                      51     FOG W/VIS <= 1/4 MILE      4
HAZE                     35

-  INDICATES NEGATIVE NUMBERS.
R  INDICATES RECORD WAS SET OR TIED.
MM INDICATES DATA IS MISSING.
T  INDICATES TRACE AMOUNT.

$$
