000
CXUS52 KRAH 021022 RRB
CLSGSO

CLIMATE REPORT
NATIONAL WEATHER SERVICE RALEIGH NC
509 AM EST WED DEC 2 2015

...................................

...THE PIEDMONT TRIAD INTL AIRPORT CLIMATE SUMMARY FOR THE SEASON, FROM
9/1/2015 TO 11/30/2015...

CLIMATE NORMAL PERIOD 1981 TO 2010
CLIMATE RECORD PERIOD 1903 TO 2015

WEATHER         OBSERVED          NORMAL  DEPART
                 VALUE   DATE(S)  VALUE   FROM
                                          NORMAL
................................................
TEMPERATURE (F)
RECORD
 HIGH             101   09/03/1921
                        09/02/1921
 LOW               10   11/25/1970
                        11/30/1929
HIGHEST            93   09/02        MM      MM
LOWEST             27   11/24        MM      MM
AVG. MAXIMUM     71.6              70.3     1.3
AVG. MINIMUM     52.1              49.7     2.4
MEAN             61.8              60.0     1.8
DAYS MAX >= 90      4               2.0     2.0
DAYS MAX <= 32      0               0.0     0.0
DAYS MIN <= 32      4               7.1    -3.1
DAYS MIN <= 0       0               0.0     0.0

PRECIPITATION (INCHES)
RECORD
 MAXIMUM        20.94   1947
 MINIMUM         1.33   1931
TOTALS          16.63             10.43    6.20
DAYS >= .01        33              22.7    10.3
DAYS >= 1.00        6               3.2     2.8
GREATEST
 24 HR. TOTAL    2.25   09/24 TO 09/25

SNOWFALL (INCHES)
RECORDS
 TOTAL            5.9   1968
TOTALS            0.0               0.1    -0.1
DAYS >= TRACE       0               0.1    -0.1
DAYS >= 1.0         0               0.0     0.0

DEGREE_DAYS
HEATING TOTAL     514               680    -166
 SINCE 7/1        514               680    -166
.................................................

WIND (MPH)
AVERAGE WIND SPEED              6.4
HIGHEST WIND SPEED/DIRECTION    30/050    DATE  10/02
HIGHEST GUST SPEED/DIRECTION    39/060    DATE  10/02

SKY COVER
POSSIBLE SUNSHINE (PERCENT)    0
AVERAGE SKY COVER           0.60
NUMBER OF DAYS FAIR           22
NUMBER OF DAYS PC             32
NUMBER OF DAYS CLOUDY         37

AVERAGE RH (PERCENT)     69

WEATHER CONDITIONS. NUMBER OF DAYS WITH
THUNDERSTORM              2     MIXED PRECIP               0
HEAVY RAIN               12     RAIN                      19
LIGHT RAIN               43     FREEZING RAIN              0
LT FREEZING RAIN          0     HAIL                       0
HEAVY SNOW                0     SNOW                       0
LIGHT SNOW                0     SLEET                      0
FOG                      43     FOG W/VIS <= 1/4 MILE      0
HAZE                      7

-  INDICATES NEGATIVE NUMBERS.
R  INDICATES RECORD WAS SET OR TIED.
MM INDICATES DATA IS MISSING.
T  INDICATES TRACE AMOUNT.

&&

THE 16.63 INCHES OF PRECIPIATION AT THE PIEDMONT TRIAD AIRPORT MAKES
SEPTEMBER-OCTOBER-NOVEMBER 2015 THE 6TH WETTEST OF ALL TIME.

$$
