000
CXUS53 KEAX 032238
CLSIRK

CLIMATE REPORT
NATIONAL WEATHER SERVICE KANSAS CITY/PLEASANT HILL MO
527 PM CDT WED JUN 3 2015

...................................

...THE KIRKSVILLE CLIMATE SUMMARY FOR THE SEASON, FROM
3/1/2015 TO 5/31/2015...

CLIMATE NORMAL PERIOD 1981 TO 2010
CLIMATE RECORD PERIOD 9999 TO 9999

WEATHER         OBSERVED          NORMAL  DEPART  LAST YEAR`S
                 VALUE   DATE(S)  VALUE   FROM    VALUE  DATE(S)
                                          NORMAL
................................................................
TEMPERATURE (F)
HIGHEST            82   05/27        85      -3       88  05/21
                        05/03                             05/07
LOWEST              9   03/05        11      -2       -7  03/03
AVG. MAXIMUM     65.1              62.0     3.1     62.7
AVG. MINIMUM     42.3              41.0     1.3     37.9
MEAN             53.7              51.5     2.2     50.3
DAYS MAX >= 90      0               0.1    -0.1        0
DAYS MAX <= 32      3               2.3     0.7        3
DAYS MIN <= 32     21              24.4    -3.4       34
DAYS MIN <= 0       0               0.2    -0.2        2

PRECIPITATION (INCHES)
TOTALS           8.71             11.35   -2.64     5.55
DAILY AVG.       0.09              0.12   -0.03     0.06
DAYS >= .01        36              32.7     3.3       26
DAYS >= .10        22              20.5     1.5       15
DAYS >= .50         6               7.3    -1.3        4
DAYS >= 1.00        1               2.7    -1.7        0
GREATEST
 24 HR. TOTAL    1.08   MM

DEGREE_DAYS
HEATING TOTAL    1086              1307    -221     1458
COOLING TOTAL      68                63       5      122
.................................................................

WIND (MPH)
AVERAGE WIND SPEED              9.1
HIGHEST WIND SPEED/DIRECTION    32/200    DATE  05/07
HIGHEST GUST SPEED/DIRECTION    46/180    DATE  05/07

SKY COVER
POSSIBLE SUNSHINE (PERCENT)    0
AVERAGE SKY COVER           0.40
NUMBER OF DAYS FAIR           49
NUMBER OF DAYS PC             29
NUMBER OF DAYS CLOUDY         14

AVERAGE RH (PERCENT)     69

WEATHER CONDITIONS. NUMBER OF DAYS WITH
THUNDERSTORM              0     MIXED PRECIP               0
HEAVY RAIN               14     RAIN                      15
LIGHT RAIN               39     FREEZING RAIN              1
LT FREEZING RAIN          2     HAIL                       0
HEAVY SNOW                0     SNOW                       1
LIGHT SNOW                1     SLEET                      0
FOG                      38     FOG W/VIS <= 1/4 MILE      4
HAZE                     11

-  INDICATES NEGATIVE NUMBERS.
R  INDICATES RECORD WAS SET OR TIED.
MM INDICATES DATA IS MISSING.
T  INDICATES TRACE AMOUNT.

$$
