000
CXUS51 KCTP 011000
CLSMDT

CLIMATE REPORT
NATIONAL WEATHER SERVICE STATE COLLEGE PA
458 AM EST THU DEC 1 2016

...................................

...THE HARRISBURG PA CLIMATE SUMMARY FOR THE AUTUMN SEASON
FROM 9/1/2016 TO 11/30/2016...

CLIMATE NORMAL PERIOD 1981 TO 2010
CLIMATE RECORD PERIOD 1888 TO 2016

WEATHER         OBSERVED          NORMAL  DEPART  LAST YEAR`S
                 VALUE   DATE(S)  VALUE   FROM    VALUE  DATE(S)
                                          NORMAL
................................................................
TEMPERATURE (F)
RECORD
 HIGH             102   09/03/1953
                        09/02/1953
 LOW               10   11/30/1929
HIGHEST            94   09/10         0      94       95  09/08
                        09/08
LOWEST             26   11/23         0      26       27  11/25
                        11/14                             11/23

AVG. MAXIMUM     68.9              64.3     4.6     68.6
AVG. MINIMUM     48.8              45.3     3.5     48.6
MEAN             58.8              54.8     4.0     58.6
DAYS MAX >= 90      6               1.4     4.6        6
DAYS MAX <= 32      0               0.2    -0.2        0
DAYS MIN <= 32      6              11.4    -5.4       10
DAYS MIN <= 0       0               0.0     0.0        0

PRECIPITATION (INCHES)
RECORD
 MAXIMUM        27.08   2011
 MINIMUM         3.29   1914
TOTALS           7.84             10.57   -2.73    13.13
DAILY AVG.       0.09              0.12   -0.03     0.15
DAYS >= .01        24              27.0    -3.0       21
DAYS >= .10        15              17.0    -2.0       12
DAYS >= .50         7               7.8    -0.8        6
DAYS >= 1.00        1               3.1    -2.1        4
GREATEST
 24 HR. TOTAL    1.46   MM
 STORM TOTAL       MM                                 MM
 (MM/DD(HH))            MM

SNOWFALL (INCHES)
RECORDS
 TOTAL           15.4   1953
 24 HR TOTAL       MM
 SNOW DEPTH        MM   MM
TOTALS              T               0.6    -0.6      0.0
 LIQUID EQUIV      MM              0.00      MM     0.00
SINCE 7/1           T               0.6    -0.6      0.0
 LIQUID 7/1        MM              0.10      MM     0.00
SNOWDEPTH AVG.      0                MM      MM        0
DAYS >= TRACE       2               0.9     1.1        0
DAYS >= 1.0         0               0.2    -0.2        0
GREATEST
 SNOW DEPTH         0   MM                             0  MM
 24 HR TOTAL      0.0   MM
 STORM TOTAL       MM                                 MM
 (MM/DD(HH))            MM

DEGREE_DAYS
HEATING TOTAL     786              1037    -251      775
 SINCE 7/1        786              1039    -253      775
COOLING TOTAL     251               107     144      214
 SINCE 1/1       1515              1002     513     1334

FREEZE DATES
RECORD
 EARLIEST     09/24/1963
 LATEST       05/11/1966
EARLIEST                        09/24
LATEST                          05/11
.................................................

WIND (MPH)
AVERAGE WIND SPEED              5.8
RESULTANT WIND SPEED/DIRECTION   3/324
HIGHEST WIND SPEED/DIRECTION    39/300    DATE  11/21
HIGHEST GUST SPEED/DIRECTION    55/300    DATE  11/21

SKY COVER
POSSIBLE SUNSHINE (PERCENT)   MM
AVERAGE SKY COVER           0.50
NUMBER OF DAYS FAIR           22
NUMBER OF DAYS PC             44
NUMBER OF DAYS CLOUDY         25

AVERAGE RH (PERCENT)     71

WEATHER CONDITIONS. NUMBER OF DAYS WITH
THUNDERSTORM              6     MIXED PRECIP               0
HEAVY RAIN               10     RAIN                      15
LIGHT RAIN               28     FREEZING RAIN              0
LT FREEZING RAIN          0     HAIL                       0
HEAVY SNOW                0     SNOW                       0
LIGHT SNOW                1     SLEET                      1
FOG                      36     FOG W/VIS <= 1/4 MILE      5
HAZE                      8

-  INDICATES NEGATIVE NUMBERS.
R  INDICATES RECORD WAS SET OR TIED.
MM INDICATES DATA IS MISSING.
T  INDICATES TRACE AMOUNT.

$$

LA CORTE
