000
CXUS54 KLZK 021341
CLSPBF

CLIMATE REPORT
NATIONAL WEATHER SERVICE LITTLE ROCK AR
732 AM CST WED MAR 2 2016

...................................

...THE PINE BLUFF CLIMATE SUMMARY FOR THE SEASON, FROM
12/1/2015 TO 2/29/2016...

CLIMATE NORMAL PERIOD 1981 TO 2010
CLIMATE RECORD PERIOD 1883 TO 2016

WEATHER         OBSERVED          NORMAL  DEPART  LAST YEAR`S
                 VALUE   DATE(S)  VALUE   FROM    VALUE  DATE(S)
                                          NORMAL
................................................................
TEMPERATURE (F)
RECORD
 HIGH              93   02/27/1918
 LOW               -6   01/13/1918
                        01/12/1918
HIGHEST            79   12/26        53      26       72  02/14
LOWEST             23   01/18        34     -11       11  01/08
                        01/11
AVG. MAXIMUM     57.7              53.6     4.1     49.6
AVG. MINIMUM     37.8              34.7     3.1     32.2
MEAN             47.7              44.1     3.6     40.9
DAYS MAX >= 90      0               0.0     0.0        0
DAYS MAX <= 32      0               3.3    -3.3        4
DAYS MIN <= 32     34              36.8    -2.8       42
DAYS MIN <= 0       0               0.0     0.0        0

PRECIPITATION (INCHES)
RECORD
 MAXIMUM        30.21   1939
 MINIMUM         4.17   1936
TOTALS          11.39             13.26   -1.87     8.13
DAILY AVG.       0.12              0.15   -0.03     0.09
DAYS >= .01        20              28.1    -8.1       27
DAYS >= .10        15                                 16
DAYS >= .50         9                                  5
DAYS >= 1.00        4               4.2    -0.2        1
GREATEST
 24 HR. TOTAL    2.95   02/14 TO 02/15
 STORM TOTAL       MM
 (MM/DD(HH))            MM

SNOWFALL (INCHES)
RECORDS
 TOTAL           25.1   1966
 24 HR TOTAL     12.0   01/28/1966 TO 01/28/1966
                        12/22/1963 TO 12/22/1963
 SNOW DEPTH        12   01/28/1966
                        12/23/1963
TOTALS            3.6               3.1     0.5      7.1
 LIQUID EQUIV    0.36              0.20    0.16     0.71
SINCE 7/1         3.6               3.1     0.5      7.2
 LIQUID 7/1      0.36              0.30    0.06     0.72
SNOWDEPTH AVG.      0                 0       0        0
DAYS >= TRACE       3               0.9     2.1        7
DAYS >= 1.0         1               0.8     0.2        2
GREATEST
 SNOW DEPTH         4   01/22
 24 HR TOTAL      3.6   01/21 TO 01/22

DEGREE_DAYS
HEATING TOTAL    1568              1883    -315     2130
 SINCE 7/1         MM              2403      MM       MM
COOLING TOTAL      14                 4      10        0
 SINCE 1/1          4                 3       1        0

FREEZE DATES
RECORD
 EARLIEST     10/10/2000
 LATEST       04/25/1910
EARLIEST                        11/12
LATEST                          03/16
......................................................

WIND (MPH)
AVERAGE WIND SPEED              8.3
HIGHEST WIND SPEED/DIRECTION    36/230    DATE  12/28
HIGHEST GUST SPEED/DIRECTION    57/240    DATE  12/28

SKY COVER
POSSIBLE SUNSHINE (PERCENT)   MM
AVERAGE SKY COVER           0.40
NUMBER OF DAYS FAIR           50
NUMBER OF DAYS PC             20
NUMBER OF DAYS CLOUDY         21

AVERAGE RH (PERCENT)     70

WEATHER CONDITIONS. NUMBER OF DAYS WITH
THUNDERSTORM              0     MIXED PRECIP               1
HEAVY RAIN               13     RAIN                      12
LIGHT RAIN               23     FREEZING RAIN              2
LT FREEZING RAIN          1     HAIL                       0
HEAVY SNOW                0     SNOW                       0
LIGHT SNOW                3     SLEET                      1
FOG                      30     FOG W/VIS <= 1/4 MILE      6
HAZE                      2

-  INDICATES NEGATIVE NUMBERS.
R  INDICATES RECORD WAS SET OR TIED.
MM INDICATES DATA IS MISSING.
T  INDICATES TRACE AMOUNT.

&&

...DATA FOR PINE BLUFF FOR WINTER 2015-2016...

.SUMMARY...
THE WINTER OF 2015-2016 AT PINE BLUFF WAS ONE OF THE WARMEST IN
YEARS. TEMPERATURES IN THE 70S IN MID DECEMBER...LATE JANUARY AND
MID AND LATE FEBRUARY ASSURED THIS WOULD BE POSSIBLE.

.SEASONAL TEMPERATURES...
THE AVERAGE HIGH TEMPERATURE WAS THE WARMEST SINCE 1975-1976. THE
AVERAGE LOW TEMPERATURE WAS THE WARMEST SINCE 2011-2012. THE AVERAGE
SEASONAL TEMPERATURE WAS THE WARMEST SINCE 1991-1992.

THERE WERE 34 DAYS WITH TEMPERATURES AT OR BELOW FREEZING...WHICH
WAS THE FEWEST IN THREE YEARS /SINCE 2012-2013/.

.RAINFALL...
RAINFALL WAS BELOW AVERAGE FOR THE THIRD WINTER IN A ROW...HOWEVER
IT WAS THE WETTEST WINTER SINCE 2013-2014.

.SNOWFALL...
WINTER OF 2015-2016 SAW THE LEAST AMOUNT OF SNOW SINCE 2012-2013.
HOWEVER...SNOWFALL WAS SLIGHTLY ABOVE AVERAGE...THANKS TO THE SNOW
STORM JANUARY 21ST-22ND...WHEN 3.6 INCHES OF SNOW FELL. THERE WERE
THREE DAYS WITH SNOWFALL...WHICH WAS BELOW THE 30-YEAR AVERAGE OF
FIVE.

$$

57
