000
CXUS53 KGRB 040014
CLSRHI

CLIMATE REPORT
NATIONAL WEATHER SERVICE GREEN BAY
705 PM CDT SUN SEP 3 2017

...THE RHINELANDER WI CLIMATE SUMMARY FOR THE SUMMER, FROM
6/1/2017 TO 8/31/2017...

CLIMATE NORMAL PERIOD 1981 TO 2010
CLIMATE RECORD PERIOD 1908 TO 2017

WEATHER         OBSERVED          NORMAL  DEPART  LAST YEAR`S
                 VALUE   DATE(S)  VALUE   FROM    VALUE  DATE(S)
                                          NORMAL
................................................................
TEMPERATURE (F)
RECORD
 HIGH             108   07/13/1936
 LOW               27   06/01/2003
HIGHEST            88   07/30        92      -4       91  07/22
                        07/06
                        06/10
LOWEST             35   06/01        35       0       32  06/08
AVG. MAXIMUM     76.0              76.8    -0.8     77.8
AVG. MINIMUM     51.3              52.6    -1.3     54.7
MEAN             63.6              64.7    -1.1     66.2
DAYS MAX >= 90      0               2.1    -2.1        2
DAYS MAX <= 32      0               0.0     0.0        0
DAYS MIN <= 32      0               0.5    -0.5        1
DAYS MIN <= 0       0               0.0     0.0        0

PRECIPITATION (INCHES)
RECORD
 MAXIMUM        21.33   1978
 MINIMUM         5.37   1910
TOTALS          13.37             11.20    2.17    16.51
DAILY AVG.       0.14              0.12    0.02     0.18
DAYS >= .01        36                MM      MM       37
DAYS >= .10        23                MM      MM       29
DAYS >= .50         8                MM      MM       10
DAYS >= 1.00        2                MM      MM        4

SNOWFALL (INCHES)
RECORDS
 TOTAL              T   1945
 24 HR TOTAL       MM
TOTALS            0.0                MM      MM      0.0
SINCE 7/1         0.0                MM      MM      0.0
DAYS >= TRACE       0                MM      MM        0
DAYS >= 1.0         0                MM      MM        0
GREATEST
 SNOW DEPTH         0   MM                             0  MM
 24 HR TOTAL      0.0   MM

DEGREE_DAYS
HEATING TOTAL     264               261       3      153
 SINCE 7/1        166               127      39       61
COOLING TOTAL     160               230     -70      293
 SINCE 1/1        162               241     -79      308

FREEZE DATES
RECORD
 EARLIEST     08/27/1915
 LATEST       07/30/1928
EARLIEST                        09/23
LATEST                          05/20
.................................................................

WIND (MPH)
AVERAGE WIND SPEED              5.8
RESULTANT WIND SPEED/DIRECTION   2/252
HIGHEST WIND SPEED/DIRECTION    32/300    DATE  06/11
HIGHEST GUST SPEED/DIRECTION    44/300    DATE  06/11

SKY COVER
POSSIBLE SUNSHINE (PERCENT)   MM
AVERAGE SKY COVER           0.40
NUMBER OF DAYS FAIR           42
NUMBER OF DAYS PC             36
NUMBER OF DAYS CLOUDY         14

AVERAGE RH (PERCENT)     75

WEATHER CONDITIONS. NUMBER OF DAYS WITH
THUNDERSTORM             13     MIXED PRECIP               0
HEAVY RAIN               15     RAIN                      22
LIGHT RAIN               46     FREEZING RAIN              0
LT FREEZING RAIN          0     HAIL                       0
HEAVY SNOW                0     SNOW                       0
LIGHT SNOW                0     SLEET                      0
FOG                      78     FOG W/VIS <= 1/4 MILE     31
HAZE                      2

-  INDICATES NEGATIVE NUMBERS.
R  INDICATES RECORD WAS SET OR TIED.
MM INDICATES DATA IS MISSING.
T  INDICATES TRACE AMOUNT.

$$
SAC
