000
CXUS55 KBOU 011000
CF620V
PRELIMINARY LOCAL CLIMATOLOGICAL DATA (WS FORM: F-6)
STATION: KREMMLING
MONTH: FEBRUARY
YEAR: 2024
LATITUDE: 40 3 N
LONGITUDE: 106 22 W
TEMPERATURE IN F: :PCPN: SNOW: WIND :SUNSHINE: SKY :PK WND
================================================================================
1 2 3 4 5 6A 6B 7 8 9 10 11 12 13 14 15 16 17 18
12Z AVG MX 2MIN
DY MAX MIN AVG DEP HDD CDD WTR SNW DPTH SPD SPD DIR MIN PSBL S-S WX SPD DR
================================================================================
1 21 -6 8 M 57 0 M M M 0.0 M M M M 2 M M
2 30 3 17 M 48 0 M M M 0.3 4 280 M M 8 M M
3 34 21 28 M 37 0 M M M 2.3 8 330 M M 10 M M
4 28 0 14 M 51 0 M M M 0.0 M M M M 6 12 M M
5 14 -8 3 M 62 0 M M M 0.0 M M M M 4 12 M M
6 21 0 11 M 54 0 M M M 0.3 4 40 M M 1 M M
7 37 1 19 M 46 0 M M M 3.4 13 250 M M 8 12 25 0
8 36 14 25 M 40 0 M M M 3.1 12 240 M M 9 12 18 240
9 23 3 13 M 52 0 M M M 0.2 4 140 M M 8 M M
10 21 0 11 M 54 0 M M M 0.7 5 140 M M 7 M M
11 21 -6 8 M 57 0 M M M 0.0 M M M M 3 M M
12 19 -11 4 M 61 0 M M M 0.1 4 250 M M 7 M M
13 19 -11 4 M 61 0 M M M 0.1 4 140 M M 0 M M
14 34 -6 14 M 51 0 M M M 1.4 6 360 M M 7 M M
15 41 25 33 M 32 0 M M M 8.7 22 240 M M 8 31 250
16 34 21 28 M 37 0 M M M 3.0 14 250 M M 9 22 260
17 23 -8 8 M 57 0 M M M 1.4 13 340 M M 1 20 340
18 18 -11 4 M 61 0 M M M 1.0 14 120 M M 9 12 M M
19 30 0 15 M 50 0 M M M 0.9 7 240 M M 3 1 M M
20 48 18 33 M 32 0 M M M 4.6 17 260 M M 5 28 260
21 46 27 37 M 28 0 M M M 7.0 23 260 M M 4 30 260
22 36 18 27 M 38 0 M M M 3.4 12 350 M M 8 21 360
23 36 10 23 M 42 0 M M M 2.6 10 270 M M 6 10 260
24 27 -2 13 M 52 0 M M M 0.1 4 30 M M 0 M M
25 45 -2 22 M 43 0 M M M 2.4 20 240 M M 0 31 240
26 48 16 32 M 33 0 M M M 11.1 26 260 M M 6 38 260
27 37 10 24 M 41 0 M M M 14.1 23 250 M M 8 39 250
28 23 0 12 M 53 0 M M M 1.7 8 260 M M 1 M M
29 27 -4 12 M 53 0 M M M 0.4 3 240 M M 0 M M
================================================================================
SM 877 112 1383 0 M M 74.3 M 148
================================================================================
AV 30.2 3.9 2.6 FASTST M M 5 MAX(MPH)
MISC ----> 26 260 39 250
================================================================================
NOTES:
# LAST OF SEVERAL OCCURRENCES
COLUMN 17 PEAK WIND IN M.P.H.
PRELIMINARY LOCAL CLIMATOLOGICAL DATA (WS FORM: F-6) , PAGE 2
STATION: KREMMLING
MONTH: FEBRUARY
YEAR: 2024
LATITUDE: 40 3 N
LONGITUDE: 106 22 W
[TEMPERATURE DATA] [PRECIPITATION DATA] SYMBOLS USED IN COLUMN 16
AVERAGE MONTHLY: 17.1 TOTAL FOR MONTH: M 1 = FOG OR MIST
DPTR FM NORMAL: 0.0 DPTR FM NORMAL: M 2 = FOG REDUCING VISIBILITY
HIGHEST: 48 ON 20,26 GRTST 24HR M ON M TO 1/4 MILE OR LESS
LOWEST: -11 ON 12,13 3 = THUNDER
SNOW, ICE PELLETS, HAIL 4 = ICE PELLETS
TOTAL MONTH: M 5 = HAIL
GRTST 24HR M ON M 6 = FREEZING RAIN OR DRIZZLE
GRTST DEPTH: M ON M 7 = DUSTSTORM OR SANDSTORM:
VSBY 1/2 MILE OR LESS
8 = SMOKE OR HAZE
[NO. OF DAYS WITH] [WEATHER - DAYS WITH] 9 = BLOWING SNOW
X = TORNADO
MAX 32 OR BELOW: 16 0.01 INCH OR MORE: 0
MAX 90 OR ABOVE: 0 0.10 INCH OR MORE: 0
MIN 32 OR BELOW: 29 0.50 INCH OR MORE: 0
MIN 0 OR BELOW: 16 1.00 INCH OR MORE: 0
[HDD (BASE 65) ]
TOTAL THIS MO. 1383 CLEAR (SCALE 0-3) 9
DPTR FM NORMAL M PTCLDY (SCALE 4-7) 15
TOTAL FM JUL 1 6642 CLOUDY (SCALE 8-10) 5
DPTR FM NORMAL M
[CDD (BASE 65) ]
TOTAL THIS MO. 0
DPTR FM NORMAL M [PRESSURE DATA]
TOTAL FM JAN 1 0 HIGHEST SLP M ON M
DPTR FM NORMAL M LOWEST SLP M ON M
[REMARKS]
#FINAL-02-24#