000
CXUS55 KBOU 010900
CF620V
PRELIMINARY LOCAL CLIMATOLOGICAL DATA (WS FORM: F-6)
STATION: KREMMLING
MONTH: MAY
YEAR: 2021
LATITUDE: 40 3 N
LONGITUDE: 106 22 W
TEMPERATURE IN F: :PCPN: SNOW: WIND :SUNSHINE: SKY :PK WND
================================================================================
1 2 3 4 5 6A 6B 7 8 9 10 11 12 13 14 15 16 17 18
12Z AVG MX 2MIN
DY MAX MIN AVG DEP HDD CDD WTR SNW DPTH SPD SPD DIR MIN PSBL S-S WX SPD DR
================================================================================
1 77 32 55 M 10 0 0.00 M M 4.7 16 250 M M 2 24 230
2 50 39 45 M 20 0 0.21 M M 3.5 15 320 M M 8 25 120
3 48 34 41 M 24 0 0.33 M M 9.5 21 60 M M 9 29 90
4 48 34 41 M 24 0 0.02 M M 3.6 14 260 M M 8 28 310
5 55 34 45 M 20 0 0.01 M M 5.6 18 330 M M 5 31 290
6 73 27 50 M 15 0 0.00 M M 3.5 16 280 M M 0 25 270
7 75 30 53 M 12 0 0.00 M M 3.8 17 260 M M 1 29 270
8 59 36 48 M 17 0 0.00 M M 8.9 23 330 M M 5 31 330
9 37 32 35 M 30 0 0.00 M M 4.6 8 330 M M 0 M M
10 M M M M M M 0.00 M M M M M M M M M M
11 45 32 39 M 26 0 0.04 M M 3.7 12 190 M M 7 M M
12 59 27 43 M 22 0 0.00 M M 2.1 12 350 M M 2 18 320
13 68 27 48 M 17 0 0.00 M M 3.5 14 240 M M 3 37 230
14 68 32 50 M 15 0 0.00 M M 3.4 13 240 M M 4 21 240
15 73 30 52 M 13 0 0.00 M M 5.3 16 350 M M 1 26 350
16 73 34 54 M 11 0 0.02 M M 4.3 22 110 M M 3 31 90
17 54 34 44 M 21 0 0.06 M M 2.6 15 220 M M 7 1 21 220
18 68 39 54 M 11 0 0.00 M M 3.8 16 130 M M 5 3 23 130
19 70 34 52 M 13 0 0.04 M M 5.1 21 100 M M 4 31 100
20 73 37 55 M 10 0 0.06 M M 3.9 14 170 M M 2 22 190
21 68 37 53 M 12 0 0.00 M M 7.3 21 200 M M 4 30 200
22 73 32 53 M 12 0 0.02 M M 5.8 21 100 M M 6 36 180
23 59 34 47 M 18 0 0.00 M M 9.8 27 250 M M 3 36 240
24 64 23 44 M 21 0 0.00 M M 8.0 20 250 M M 0 29 250
25 70 27 49 M 16 0 0.00 M M 3.9 15 240 M M 1 26 240
26 73 34 54 M 11 0 0.00 M M 7.9 22 270 M M 1 32 250
27 73 34 54 M 11 0 0.00 M M 5.0 17 260 M M 0 24 260
28 73 30 52 M 13 0 0.00 M M 3.4 9 350 M M 2 26 360
29 73 34 54 M 11 0 0.00 M M 3.6 14 320 M M 2 33 180
30 64 39 52 M 13 0 0.31 M M 4.0 17 110 M M 6 3 22 110
31 68 36 52 M 13 0 0.00 M M 3.8 17 90 M M 4 1 23 90
================================================================================
SM 1931 984 482 0 1.12 M 147.9 M 105
================================================================================
AV 64.4 32.8 4.9 FASTST M M 4 MAX(MPH)
MISC ----> 27 250 37 230
================================================================================
NOTES:
# LAST OF SEVERAL OCCURRENCES
COLUMN 17 PEAK WIND IN M.P.H.
PRELIMINARY LOCAL CLIMATOLOGICAL DATA (WS FORM: F-6) , PAGE 2
STATION: KREMMLING
MONTH: MAY
YEAR: 2021
LATITUDE: 40 3 N
LONGITUDE: 106 22 W
[TEMPERATURE DATA] [PRECIPITATION DATA] SYMBOLS USED IN COLUMN 16
AVERAGE MONTHLY: 48.6 TOTAL FOR MONTH: 1.12 1 = FOG OR MIST
DPTR FM NORMAL: 0.0 DPTR FM NORMAL: M 2 = FOG REDUCING VISIBILITY
HIGHEST: 77 ON 1 GRTST 24HR 0.33 ON 3- 3 TO 1/4 MILE OR LESS
LOWEST: 23 ON 24 3 = THUNDER
SNOW, ICE PELLETS, HAIL 4 = ICE PELLETS
TOTAL MONTH: M 5 = HAIL
GRTST 24HR M ON M 6 = FREEZING RAIN OR DRIZZLE
GRTST DEPTH: M ON M 7 = DUSTSTORM OR SANDSTORM:
VSBY 1/2 MILE OR LESS
8 = SMOKE OR HAZE
[NO. OF DAYS WITH] [WEATHER - DAYS WITH] 9 = BLOWING SNOW
X = TORNADO
MAX 32 OR BELOW: 0 0.01 INCH OR MORE: 11
MAX 90 OR ABOVE: 0 0.10 INCH OR MORE: 3
MIN 32 OR BELOW: 13 0.50 INCH OR MORE: 0
MIN 0 OR BELOW: 0 1.00 INCH OR MORE: 0
[HDD (BASE 65) ]
TOTAL THIS MO. 482 CLEAR (SCALE 0-3) 14
DPTR FM NORMAL M PTCLDY (SCALE 4-7) 14
TOTAL FM JUL 1 8514 CLOUDY (SCALE 8-10) 3
DPTR FM NORMAL M
[CDD (BASE 65) ]
TOTAL THIS MO. 0
DPTR FM NORMAL M [PRESSURE DATA]
TOTAL FM JAN 1 0 HIGHEST SLP M ON M
DPTR FM NORMAL M LOWEST SLP M ON M
[REMARKS]
#FINAL-05-21#