000
CXUS55 KBOU 010823
CF633V
PRELIMINARY LOCAL CLIMATOLOGICAL DATA (WS FORM: F-6)
STATION: Walden
MONTH: MARCH
YEAR: 2020
LATITUDE: 40 45 N
LONGITUDE: 106 16 W
TEMPERATURE IN F: :PCPN: SNOW: WIND :SUNSHINE: SKY :PK WND
================================================================================
1 2 3 4 5 6A 6B 7 8 9 10 11 12 13 14 15 16 17 18
12Z AVG MX 2MIN
DY MAX MIN AVG DEP HDD CDD WTR SNW DPTH SPD SPD DIR MIN PSBL S-S WX SPD DR
================================================================================
1 36 18 27 M 38 0 M M M 9.4 16 200 M M 6 20 200
2 27 9 18 M 47 0 M M M 10.6 20 210 M M 3 27 210
3 36 9 23 M 42 0 M M M 11.8 17 210 M M 0 24 190
4 39 3 21 M 44 0 M M M 7.8 18 250 M M 0 22 180
5 41 18 30 M 35 0 M M M 7.7 18 260 M M 0 M M
6 37 10 24 M 41 0 M M M 4.1 9 140 M M 0 M M
7 46 18 32 M 33 0 M M M 7.3 10 130 M M 2 M M
8 43 30 37 M 28 0 M M M 7.4 12 190 M M 7 18 210
9 39 27 33 M 32 0 M M M 8.1 17 220 M M 6 16 210
10 37 25 31 M 34 0 M M M 11.8 20 220 M M 5 24 220
11 43 30 37 M 28 0 M M M 16.0 21 220 M M 7 27 220
12 43 30 37 M 28 0 M M M 9.4 18 230 M M 7 30 230
13 37 21 29 M 36 0 M M M 5.7 16 220 M M 7 33 220
14 41 25 33 M 32 0 M M M 9.4 16 230 M M 6 21 230
15 46 23 35 M 30 0 M M M 7.8 14 210 M M 2 22 200
16 48 25 37 M 28 0 M M M 7.4 16 230 M M 1 22 210
17 50 21 36 M 29 0 M M M 8.9 18 240 M M 0 25 230
18 48 21 35 M 30 0 M M M 8.5 22 220 M M 4 31 220
19 34 21 28 M 37 0 M M M 7.5 17 20 M M 9 22 20
20 39 18 29 M 36 0 M M M 6.8 15 260 M M 8 20 260
21 39 27 33 M 32 0 M M M 9.8 18 210 M M 6 23 210
22 36 23 30 M 35 0 M M M 11.0 22 230 M M 7 28 220
23 41 21 31 M 34 0 M M M 10.7 20 220 M M 5 22 220
24 43 30 37 M 28 0 M M M 14.9 24 220 M M 7 31 220
25 45 34 40 M 25 0 M M M 16.2 23 240 M M 4 35 240
26 46 25 36 M 29 0 M M M 15.1 27 250 M M 2 32 240
27 36 18 27 M 38 0 M M M 10.5 24 350 M M 8 31 350
28 34 9 22 M 43 0 M M M 10.1 17 240 M M 4 24 290
29 39 19 29 M 36 0 M M M 9.1 15 210 M M 7 20 210
30 43 21 32 M 33 0 M M M 6.9 20 250 M M 7 25 250
31 50 32 41 M 24 0 0.00 0.0 0 14.2 27 230 M M 7 36 230
================================================================================
SM 1262 661 1045 0 0.00 0.0 301.9 M 144
================================================================================
AV 40.7 21.3 9.7 FASTST M M 5 MAX(MPH)
MISC ----> # 27 250 # 36 230
================================================================================
NOTES:
# LAST OF SEVERAL OCCURRENCES
COLUMN 17 PEAK WIND IN M.P.H.
PRELIMINARY LOCAL CLIMATOLOGICAL DATA (WS FORM: F-6) , PAGE 2
STATION: Walden
MONTH: MARCH
YEAR: 2020
LATITUDE: 40 45 N
LONGITUDE: 106 16 W
[TEMPERATURE DATA] [PRECIPITATION DATA] SYMBOLS USED IN COLUMN 16
AVERAGE MONTHLY: 31.0 TOTAL FOR MONTH: 0.00 1 = FOG OR MIST
DPTR FM NORMAL: M DPTR FM NORMAL: M 2 = FOG REDUCING VISIBILITY
HIGHEST: 50 ON 31,17 GRTST 24HR 0.00 ON 31-31 TO 1/4 MILE OR LESS
LOWEST: 3 ON 4 3 = THUNDER
SNOW, ICE PELLETS, HAIL 4 = ICE PELLETS
TOTAL MONTH: 0.0 INCH 5 = HAIL
GRTST 24HR 0.0 6 = FREEZING RAIN OR DRIZZLE
GRTST DEPTH: 0 7 = DUSTSTORM OR SANDSTORM:
VSBY 1/2 MILE OR LESS
8 = SMOKE OR HAZE
[NO. OF DAYS WITH] [WEATHER - DAYS WITH] 9 = BLOWING SNOW
X = TORNADO
MAX 32 OR BELOW: 1 0.01 INCH OR MORE: 0
MAX 90 OR ABOVE: 0 0.10 INCH OR MORE: 0
MIN 32 OR BELOW: 30 0.50 INCH OR MORE: 0
MIN 0 OR BELOW: 0 1.00 INCH OR MORE: 0
[HDD (BASE 65) ]
TOTAL THIS MO. 1045 CLEAR (SCALE 0-3) 10
DPTR FM NORMAL M PTCLDY (SCALE 4-7) 19
TOTAL FM JUL 1 8189 CLOUDY (SCALE 8-10) 2
DPTR FM NORMAL M
[CDD (BASE 65) ]
TOTAL THIS MO. 0
DPTR FM NORMAL M [PRESSURE DATA]
TOTAL FM JAN 1 0 HIGHEST SLP M ON M
DPTR FM NORMAL M LOWEST SLP M ON M
[REMARKS]
#FINAL-03-20#