000
CXUS54 KEWX 011010
CF63T5
PRELIMINARY LOCAL CLIMATOLOGICAL DATA (WS FORM: F-6)
STATION: LA GRANGE
MONTH: APRIL
YEAR: 2021
LATITUDE: 29 54 N
LONGITUDE: 96 57 W
TEMPERATURE IN F: :PCPN: SNOW: WIND :SUNSHINE: SKY :PK WND
================================================================================
1 2 3 4 5 6A 6B 7 8 9 10 11 12 13 14 15 16 17 18
12Z AVG MX 2MIN
DY MAX MIN AVG DEP HDD CDD WTR SNW DPTH SPD SPD DIR MIN PSBL S-S WX SPD DR
================================================================================
1 70 44 57 M 8 0 0.00 M M 4.7 12 70 M M 1 8 21 70
2 71 41 56 M 9 0 0.00 M M 5.0 12 100 M M 1 18 100
3 69 52 61 M 4 0 0.07 M M 5.8 9 110 M M 6 20 140
4 78 54 66 M 0 1 0.00 M M 3.9 8 150 M M 4 1 M M
5 78 53 66 M 0 1 0.00 M M 5.9 13 170 M M 6 18 24 160
6 85 66 76 M 0 11 0.00 M M 11.9 21 180 M M 9 32 160
7 82 60 71 M 0 6 0.00 M M 7.6 17 170 M M 7 24 170
8 89 56 73 M 0 8 0.00 M M 6.2 14 160 M M 5 1 21 150
9 87 72 80 M 0 15 0.00 M M 10.6 16 180 M M 8 18 24 160
10 82 53 68 M 0 3 0.00 M M 8.3 16 350 M M 2 1 24 340
11 88 46 67 M 0 2 0.00 M M 4.8 10 170 M M 0 17 170
12 89 65 77 M 0 12 0.00 M M 7.4 12 160 M M 8 1 17 140
13 86 72 79 M 0 14 0.03 M M 3.0 8 150 M M 10 18 M M
14 83 70 77 M 0 12 0.04 M M 4.9 10 100 M M 9 12 18 160
15 71 64 68 M 0 3 0.00 M M 5.5 9 30 M M 10 1 18 50
16 73 63 68 M 0 3 0.02 M M 5.0 10 30 M M 10 1 18 30
17 67 52 60 M 5 0 0.00 M M 11.2 17 340 M M 7 29 350
18 68 48 58 M 7 0 0.00 M M 5.9 16 340 M M 1 20 20
19 76 45 61 M 4 0 0.00 M M 2.5 9 150 M M 4 8 M M
20 85 53 69 M 0 4 0.00 M M 5.6 18 350 M M 3 28 0
21 71 45 58 M 7 0 0.00 M M 7.1 12 20 M M 2 22 10
22 71 46 59 M 6 0 0.00 M M 5.6 12 120 M M 8 18 130
23 78 66 72 M 0 7 0.48 M M 5.9 13 180 M M 8 1 21 120
24 84 60 72 M 0 7 0.00 M M 6.7 15 330 M M 1 1 23 360
25 88 58 73 M 0 8 0.00 M M 6.1 13 170 M M 1 20 130
26 86 66 76 M 0 11 0.00 M M 10.4 21 180 M M 5 30 180
27 82 72 77 M 0 12 0.00 M M 9.2 14 140 M M 8 25 140
28 86 75 81 M 0 16 0.00 M M 12.1 17 160 M M 10 8 29 160
29 82 73 78 M 0 13 0.05 M M 5.9 12 150 M M 9 138 18 160
30 73 68 71 M 0 6 3.21 M M 7.1 12 80 M M 10 13 21 80
================================================================================
SM 2378 1758 50 175 3.90 M 201.9 M 173
================================================================================
AV 79.3 58.6 6.7 FASTST M M 6 MAX(MPH)
MISC ----> 21 180 32 160
================================================================================
NOTES:
# LAST OF SEVERAL OCCURRENCES
COLUMN 17 PEAK WIND IN M.P.H.
PRELIMINARY LOCAL CLIMATOLOGICAL DATA (WS FORM: F-6) , PAGE 2
STATION: LA GRANGE
MONTH: APRIL
YEAR: 2021
LATITUDE: 29 54 N
LONGITUDE: 96 57 W
[TEMPERATURE DATA] [PRECIPITATION DATA] SYMBOLS USED IN COLUMN 16
AVERAGE MONTHLY: 68.9 TOTAL FOR MONTH: 3.90 1 = FOG OR MIST
DPTR FM NORMAL: 0.0 DPTR FM NORMAL: M 2 = FOG REDUCING VISIBILITY
HIGHEST: 89 ON 12, 8 GRTST 24HR 3.21 ON 30-30 TO 1/4 MILE OR LESS
LOWEST: 41 ON 2 3 = THUNDER
SNOW, ICE PELLETS, HAIL 4 = ICE PELLETS
TOTAL MONTH: M 5 = HAIL
GRTST 24HR M ON M 6 = FREEZING RAIN OR DRIZZLE
GRTST DEPTH: M ON M 7 = DUSTSTORM OR SANDSTORM:
VSBY 1/2 MILE OR LESS
8 = SMOKE OR HAZE
[NO. OF DAYS WITH] [WEATHER - DAYS WITH] 9 = BLOWING SNOW
X = TORNADO
MAX 32 OR BELOW: 0 0.01 INCH OR MORE: 7
MAX 90 OR ABOVE: 0 0.10 INCH OR MORE: 2
MIN 32 OR BELOW: 0 0.50 INCH OR MORE: 1
MIN 0 OR BELOW: 0 1.00 INCH OR MORE: 1
[HDD (BASE 65) ]
TOTAL THIS MO. 50 CLEAR (SCALE 0-3) 9
DPTR FM NORMAL M PTCLDY (SCALE 4-7) 12
TOTAL FM JUL 1 1445 CLOUDY (SCALE 8-10) 9
DPTR FM NORMAL M
[CDD (BASE 65) ]
TOTAL THIS MO. 175
DPTR FM NORMAL M [PRESSURE DATA]
TOTAL FM JAN 1 287 HIGHEST SLP M ON M
DPTR FM NORMAL M LOWEST SLP M ON M
[REMARKS]
#FINAL-04-21#