000
CXUS52 KTAE 010800
CF6AAF
PRELIMINARY LOCAL CLIMATOLOGICAL DATA (WS FORM: F-6)
STATION: APALACHICOLA
MONTH: FEBRUARY
YEAR: 2020
LATITUDE: 29 43 N
LONGITUDE: 85 2 W
TEMPERATURE IN F: :PCPN: SNOW: WIND :SUNSHINE: SKY :PK WND
================================================================================
1 2 3 4 5 6A 6B 7 8 9 10 11 12 13 14 15 16 17 18
12Z AVG MX 2MIN
DY MAX MIN AVG DEP HDD CDD WTR SNW DPTH SPD SPD DIR MIN PSBL S-S WX SPD DR
================================================================================
1 59 47 53 0 12 0 T 0.0 0 7.2 15 340 M M 8 1 19 320
2 66 37 52 -2 13 0 0.00 0.0 0 6.1 17 300 M M 0 23 310
3 69 43 56 2 9 0 0.00 0.0 0 3.5 14 180 M M 1 18 17 190
4 72 50 61 7 4 0 0.00 0.0 0 8.7 15 160 M M 2 21 170
5 71 64 68 14 0 3 0.00 0.0 0 10.6 16 170 M M 7 1 22 170
6 75 60 68 14 0 3 0.66 0.0 0 15.7 25 280 M M 10 138 33 280
7 60 38 49 -5 16 0 0.00 0.0 0 12.6 33 280 M M 2 46 280
8 64 35 50 -4 15 0 0.00 0.0 0 4.6 15 150 M M 0 19 150
9 68 45 57 3 8 0 0.00 0.0 0 8.3 18 90 M M 0 25 110
10 70 60 65 10 0 0 0.00 0.0 0 8.4 15 140 M M 4 1 20 140
11 75 63 69 14 0 4 0.00 0.0 0 6.2 13 190 M M 8 1 17 190
12 72 66 69 14 0 4 0.00 0.0 0 6.8 14 140 M M 10 128 20 190
13 77 58 68 13 0 3 0.51 0.0 0 10.5 24 260 M M 10 18 30 250
14 66 49 58 3 7 0 0.50 0.0 0 10.2 18 30 M M 2 13 22 40
15 69 40 55 0 10 0 0.00 0.0 0 7.9 16 80 M M 0 24 100
16 M M M M M M 0.00 0.0 0 7.6 12 100 M M 8 M M
17 M M M M M M 0.00 0.0 0 M M M M M 0 M M
18 M M M M M M M 0.0 0 M M M M M 0 M M
19 M M M M M M M 0.0 0 M M M M M 0 M M
20 M M M M M M M 0.0 0 M M M M M 0 M M
21 M M M M M M 0.00 0.0 0 M M M M M 0 M M
22 M M M M M M 0.00 0.0 0 M M M M M 0 M M
23 M M M M M M 0.00 0.0 0 M M M M M 0 M M
24 M M M M M M 0.00 0.0 0 M M M M M 0 M M
25 M M M M M M 0.00 0.0 0 M M M M M 0 M M
26 M M M M M M 0.00 0.0 0 M M M M M 0 3 M M
27 M M M M M M 0.00 0.0 0 M M M M M 0 M M
28 M M M M M M 0.00 0.0 0 M M M M M 0 M M
29 M M M M M M 0.00 0.0 0 M M M M M 0 M M
================================================================================
SM 1033 755 94 17 1.67 0.0 134.9 M 72
================================================================================
AV 68.9 50.3 8.4 FASTST M M 2 MAX(MPH)
MISC ----> # 33 280 # 46 280
================================================================================
NOTES:
# LAST OF SEVERAL OCCURRENCES
COLUMN 17 PEAK WIND IN M.P.H.
PRELIMINARY LOCAL CLIMATOLOGICAL DATA (WS FORM: F-6) , PAGE 2
STATION: APALACHICOLA
MONTH: FEBRUARY
YEAR: 2020
LATITUDE: 29 43 N
LONGITUDE: 85 2 W
[TEMPERATURE DATA] [PRECIPITATION DATA] SYMBOLS USED IN COLUMN 16
AVERAGE MONTHLY: 59.6 TOTAL FOR MONTH: 1.67 1 = FOG OR MIST
DPTR FM NORMAL: 4.3 DPTR FM NORMAL: -2.48 2 = FOG REDUCING VISIBILITY
HIGHEST: 77 ON 13 GRTST 24HR 0.66 ON 6- 6 TO 1/4 MILE OR LESS
LOWEST: 35 ON 8 3 = THUNDER
SNOW, ICE PELLETS, HAIL 4 = ICE PELLETS
TOTAL MONTH: 0.0 INCH 5 = HAIL
GRTST 24HR 0.0 6 = FREEZING RAIN OR DRIZZLE
GRTST DEPTH: 0 7 = DUSTSTORM OR SANDSTORM:
VSBY 1/2 MILE OR LESS
8 = SMOKE OR HAZE
[NO. OF DAYS WITH] [WEATHER - DAYS WITH] 9 = BLOWING SNOW
X = TORNADO
MAX 32 OR BELOW: 0 0.01 INCH OR MORE: 3
MAX 90 OR ABOVE: 0 0.10 INCH OR MORE: 3
MIN 32 OR BELOW: 0 0.50 INCH OR MORE: 3
MIN 0 OR BELOW: 0 1.00 INCH OR MORE: 0
[HDD (BASE 65) ]
TOTAL THIS MO. 94 CLEAR (SCALE 0-3) 21
DPTR FM NORMAL -182 PTCLDY (SCALE 4-7) 4
TOTAL FM JUL 1 714 CLOUDY (SCALE 8-10) 4
DPTR FM NORMAL -462
[CDD (BASE 65) ]
TOTAL THIS MO. 17
DPTR FM NORMAL 12 [PRESSURE DATA]
TOTAL FM JAN 1 51 HIGHEST SLP 30.48 ON 22
DPTR FM NORMAL 42 LOWEST SLP 29.47 ON 6
[REMARKS]
#FINAL-02-20#