000
CXUS56 KMFR 011000
CF6AAT
PRELIMINARY LOCAL CLIMATOLOGICAL DATA (WS FORM: F-6)
STATION: ALTURAS CA
MONTH: APRIL
YEAR: 2020
LATITUDE: 41 29 N
LONGITUDE: 120 34 W
TEMPERATURE IN F: :PCPN: SNOW: WIND :SUNSHINE: SKY :PK WND
================================================================================
1 2 3 4 5 6A 6B 7 8 9 10 11 12 13 14 15 16 17 18
12Z AVG MX 2MIN
DY MAX MIN AVG DEP HDD CDD WTR SNW DPTH SPD SPD DIR MIN PSBL S-S WX SPD DR
================================================================================
1 44 22 33 -7 32 0 0.00 M M 9.6 22 360 M M 6 29 290
2 49 18 34 -6 31 0 0.00 M M 3.6 16 350 M M 4 1 19 340
3 50 16 33 -7 32 0 0.00 M M 3.0 13 280 M M 1 18 16 280
4 45 20 33 -8 32 0 0.03 M M 7.4 25 210 M M 8 18 31 210
5 48 32 40 -1 25 0 0.02 M M 10.0 28 170 M M 8 1 36 150
6 51 28 40 -1 25 0 0.05 M M 2.1 9 360 M M 5 1 13 10
7 64 23 44 3 21 0 0.00 M M 2.4 9 50 M M 4 12 M M
8 70 27 49 8 16 0 0.00 M M 6.5 20 30 M M 2 1 24 20
9 72 41 57 15 8 0 0.00 M M 8.1 16 20 M M 0 21 10
10 71 31 51 9 14 0 0.00 M M 5.2 21 320 M M 0 27 320
11 65 31 48 6 17 0 0.00 M M 9.5 24 310 M M 0 31 300
12 59 32 46 4 19 0 0.00 M M 5.5 18 310 M M 0 27 280
13 54 24 39 -3 26 0 0.00 M M 5.0 16 70 M M 0 24 40
14 63 15 39 -4 26 0 0.00 M M 4.3 15 290 M M 0 23 300
15 65 29 47 4 18 0 0.00 M M 8.8 23 310 M M 0 32 320
16 60 30 45 2 20 0 0.00 M M 6.8 16 60 M M 1 24 40
17 64 17 41 -2 24 0 0.00 M M 3.2 12 170 M M 0 18 50
18 62 26 44 0 21 0 0.02 M M 9.5 24 220 M M 3 32 220
19 57 32 45 1 20 0 0.68 M M 3.0 17 270 M M 4 18 23 260
20 63 28 46 2 19 0 0.00 M M 4.4 18 260 M M 3 23 250
21 67 34 51 7 14 0 0.00 M M 4.9 17 330 M M 3 23 320
22 66 30 48 3 17 0 0.30 M M 6.5 25 260 M M 6 1 30 280
23 62 36 49 4 16 0 0.00 M M 7.7 18 320 M M 2 18 26 320
24 68 35 52 7 13 0 0.00 M M 5.1 17 320 M M 5 22 320
25 72 37 55 9 10 0 0.00 M M 5.5 21 320 M M 1 26 320
26 73 36 55 9 10 0 0.00 M M 5.7 22 260 M M 0 26 260
27 69 40 55 9 10 0 0.00 M M 4.0 18 280 M M 7 24 270
28 80 36 58 11 7 0 0.00 M M 2.1 9 320 M M 0 1 16 40
29 76 45 61 14 4 0 0.00 M M 6.6 24 260 M M 0 32 270
30 67 40 54 7 11 0 0.00 M M 7.9 22 260 M M 5 27 260
================================================================================
SM 1876 891 558 0 1.10 M 173.9 M 78
================================================================================
AV 62.5 29.7 5.8 FASTST M M 3 MAX(MPH)
MISC ----> # 28 170 # 36 150
================================================================================
NOTES:
# LAST OF SEVERAL OCCURRENCES
COLUMN 17 PEAK WIND IN M.P.H.
PRELIMINARY LOCAL CLIMATOLOGICAL DATA (WS FORM: F-6) , PAGE 2
STATION: ALTURAS CA
MONTH: APRIL
YEAR: 2020
LATITUDE: 41 29 N
LONGITUDE: 120 34 W
[TEMPERATURE DATA] [PRECIPITATION DATA] SYMBOLS USED IN COLUMN 16
AVERAGE MONTHLY: 46.1 TOTAL FOR MONTH: 1.10 1 = FOG OR MIST
DPTR FM NORMAL: 2.9 DPTR FM NORMAL: -0.46 2 = FOG REDUCING VISIBILITY
HIGHEST: 80 ON 28 GRTST 24HR 0.68 ON 19-19 TO 1/4 MILE OR LESS
LOWEST: 15 ON 14 3 = THUNDER
SNOW, ICE PELLETS, HAIL 4 = ICE PELLETS
TOTAL MONTH: M 5 = HAIL
GRTST 24HR M ON M 6 = FREEZING RAIN OR DRIZZLE
GRTST DEPTH: M ON M 7 = DUSTSTORM OR SANDSTORM:
VSBY 1/2 MILE OR LESS
8 = SMOKE OR HAZE
[NO. OF DAYS WITH] [WEATHER - DAYS WITH] 9 = BLOWING SNOW
X = TORNADO
MAX 32 OR BELOW: 0 0.01 INCH OR MORE: 6
MAX 90 OR ABOVE: 0 0.10 INCH OR MORE: 2
MIN 32 OR BELOW: 20 0.50 INCH OR MORE: 1
MIN 0 OR BELOW: 0 1.00 INCH OR MORE: 0
[HDD (BASE 65) ]
TOTAL THIS MO. 558 CLEAR (SCALE 0-3) 19
DPTR FM NORMAL -94 PTCLDY (SCALE 4-7) 11
TOTAL FM JUL 1 6017 CLOUDY (SCALE 8-10) 0
DPTR FM NORMAL -327
[CDD (BASE 65) ]
TOTAL THIS MO. 0
DPTR FM NORMAL 0 [PRESSURE DATA]
TOTAL FM JAN 1 0 HIGHEST SLP M ON M
DPTR FM NORMAL 0 LOWEST SLP 29.50 ON 5
[REMARKS]
#FINAL-04-20#