000
CXUS54 KSJT 021746
CLMABI
CLIMATE REPORT
NATIONAL WEATHER SERVICE SAN ANGELO TX
1246 PM CDT SUN JUL 02 2023
...................................
...THE ABILENE CLIMATE SUMMARY FOR THE MONTH OF JUNE 2023...
CLIMATE NORMAL PERIOD: 1991 TO 2020
CLIMATE RECORD PERIOD: 1886 TO 2023
WEATHER OBSERVED NORMAL DEPART LAST YEAR`S
VALUE DATE(S) VALUE FROM VALUE DATE(S)
NORMAL
................................................................
TEMPERATURE (F)
RECORD
HIGH 110 06/30/1907
LOW 44 06/03/1919
HIGHEST 108 06/20 MM MM 109 06/12
LOWEST 61 06/03 MM MM 63 06/02
06/06
AVG. MAXIMUM 94.0 92.8 1.2 99.5
AVG. MINIMUM 69.8 69.5 0.3 73.5
MEAN 81.9 81.1 0.8 86.5
DAYS MAX >= 90 19 20.3 -1.3 28
DAYS MAX <= 32 0 0.0 0.0 0
DAYS MIN <= 32 0 0.0 0.0 0
DAYS MIN <= 0 0 0.0 0.0 0
PRECIPITATION (INCHES)
RECORD
MAXIMUM 9.60 1961
MINIMUM T 1994
TOTALS 4.05 3.44 0.61 0.69
DAILY AVG. 0.14 0.11 0.03 0.02
DAYS >= .01 10 6.9 3.1 4
DAYS >= .10 6 4.9 1.1 2
DAYS >= .50 3 2.6 0.4 0
DAYS >= 1.00 1 1.1 -0.1 0
GREATEST
24 HR. TOTAL 1.60 06/02 TO 06/02
SNOWFALL (INCHES)
RECORDS
TOTAL MM 5
TOTALS 0.0 0.0 0.0 0.0
SINCE 7/1 T 3.7 -3.7 MM
SNOWDEPTH AVG. 0 0
DAYS >= 1.0 0 0.0 0.0 0
GREATEST
SNOW DEPTH 0 0 MM
24 HR TOTAL MM
DEGREE DAYS
HEATING TOTAL 0 0 0 0
SINCE 7/1 2095 2320 -225 MM
COOLING TOTAL 516 485 31 652
SINCE 1/1 981 956 25 MM
................................................................
WIND (MPH)
AVERAGE WIND SPEED 9.0
HIGHEST WIND SPEED/DIRECTION 46/330 DATE 06/21
HIGHEST GUST SPEED/DIRECTION 74/330 DATE 06/21
SKY COVER
AVERAGE SKY COVER 0.16
AVERAGE RH (PERCENT) 64
WEATHER CONDITIONS. NUMBER OF DAYS WITH
THUNDERSTORM 10 MIXED PRECIP 0
HEAVY RAIN 6 RAIN 4
LIGHT RAIN 14 FREEZING RAIN 0
LT FREEZING RAIN 0 HAIL 1
HEAVY SNOW 0 SNOW 0
LIGHT SNOW 0 SLEET 0
FOG 15 FOG W/VIS <= 1/4 MILE 1
HAZE 9
- INDICATES NEGATIVE NUMBERS.
R INDICATES RECORD WAS SET OR TIED.
MM INDICATES DATA IS MISSING.
T INDICATES TRACE AMOUNT.
$$