000
CXUS52 KTAE 010800
CF6ABY
PRELIMINARY LOCAL CLIMATOLOGICAL DATA (WS FORM: F-6)
STATION: ALBANY
MONTH: MAY
YEAR: 2020
LATITUDE: 31 31 N
LONGITUDE: 84 11 W
TEMPERATURE IN F: :PCPN: SNOW: WIND :SUNSHINE: SKY :PK WND
================================================================================
1 2 3 4 5 6A 6B 7 8 9 10 11 12 13 14 15 16 17 18
12Z AVG MX 2MIN
DY MAX MIN AVG DEP HDD CDD WTR SNW DPTH SPD SPD DIR MIN PSBL S-S WX SPD DR
================================================================================
1 80 51 66 -4 0 1 0.00 0.0 0 5.8 16 300 M M 0 27 320
2 85 51 68 -3 0 3 0.00 0.0 0 1.8 8 230 M M 0 10 210
3 86 56 71 0 0 6 0.00 0.0 0 4.9 16 220 M M 0 21 220
4 87 60 74 3 0 9 0.00 0.0 0 4.9 13 210 M M 0 1 17 210
5 89 67 78 6 0 13 0.00 0.0 0 8.4 18 220 M M 3 26 230
6 83 59 71 -1 0 6 0.00 0.0 0 11.0 24 300 M M 1 34 290
7 74 48 61 -11 4 0 0.00 0.0 0 6.1 18 340 M M 0 26 10
8 82 47 65 -7 0 0 T M 0 9.4 28 210 M M 3 8 38 200
9 76 54 65 -8 0 0 0.00 0.0 0 8.2 16 340 M M 1 23 340
10 83 54 69 -4 0 4 0.00 0.0 0 4.2 10 330 M M 0 15 70
11 82 51 67 -6 0 2 0.00 0.0 0 6.2 18 330 M M 0 26 300
12 82 48 65 -9 0 0 0.00 0.0 0 3.8 13 60 M M 0 17 40
13 88 56 72 -2 0 7 0.00 0.0 0 6.6 16 140 M M 0 21 130
14 87 64 76 2 0 11 0.00 0.0 0 9.3 17 140 M M 2 26 110
15 88 62 75 1 0 10 0.00 0.0 0 6.0 13 100 M M 1 17 120
16 90 63 77 2 0 12 0.00 0.0 0 5.3 14 60 M M 1 19 60
17 92 67 80 5 0 15 0.25 0.0 0 4.9 20 220 M M 3 13 25 220
18 87 70 79 4 0 14 0.41 0.0 0 6.0 28 210 M M 6 13 34 210
19 86 69 78 2 0 13 0.07 0.0 0 6.7 13 290 M M 5 1 17 290
20 82 63 73 -3 0 8 1.20 0.0 0 5.9 16 40 M M 9 13 20 240
21 81 62 72 -4 0 7 0.06 0.0 0 3.8 13 150 M M 7 138 16 150
22 93 68 81 5 0 16 0.90 0.0 0 5.2 22 330 M M 4 13 26 330
23 92 67 80 4 0 15 T 0.0 0 3.5 15 150 M M 2 19 150
24 91 70 81 4 0 16 0.00 0.0 0 4.8 13 100 M M 0 18 150
25 89 72 81 4 0 16 T 0.0 0 10.1 29 60 M M 5 41 60
26 82 71 77 0 0 12 0.04 0.0 0 10.2 24 90 M M 9 1 32 100
27 87 72 80 3 0 15 0.01 0.0 0 6.2 13 50 M M 9 138 16 50
28 92 70 81 3 0 16 T 0.0 0 4.3 13 160 M M 6 13 17 210
29 88 72 80 2 0 15 1.34 0.0 0 4.9 26 170 M M 4 13 31 170
30 91 71 81 3 0 16 0.00 0.0 0 3.3 9 280 M M 4 18 13 270
31 91 68 80 2 0 15 0.00 0.0 0 4.0 14 320 M M 1 18 320
================================================================================
SM 2666 1923 4 293 4.28 0.0 185.7 M 86
================================================================================
AV 86.0 62.0 6.0 FASTST M M 3 MAX(MPH)
MISC ----> # 29 60 # 41 60
================================================================================
NOTES:
# LAST OF SEVERAL OCCURRENCES
COLUMN 17 PEAK WIND IN M.P.H.
PRELIMINARY LOCAL CLIMATOLOGICAL DATA (WS FORM: F-6) , PAGE 2
STATION: ALBANY
MONTH: MAY
YEAR: 2020
LATITUDE: 31 31 N
LONGITUDE: 84 11 W
[TEMPERATURE DATA] [PRECIPITATION DATA] SYMBOLS USED IN COLUMN 16
AVERAGE MONTHLY: 74.0 TOTAL FOR MONTH: 4.28 1 = FOG OR MIST
DPTR FM NORMAL: -0.5 DPTR FM NORMAL: 1.59 2 = FOG REDUCING VISIBILITY
HIGHEST: 93 ON 22 GRTST 24HR 1.34 ON 29-29 TO 1/4 MILE OR LESS
LOWEST: 47 ON 8 3 = THUNDER
SNOW, ICE PELLETS, HAIL 4 = ICE PELLETS
TOTAL MONTH: 0.0 INCH 5 = HAIL
GRTST 24HR 0.0 6 = FREEZING RAIN OR DRIZZLE
GRTST DEPTH: 0 7 = DUSTSTORM OR SANDSTORM:
VSBY 1/2 MILE OR LESS
8 = SMOKE OR HAZE
[NO. OF DAYS WITH] [WEATHER - DAYS WITH] 9 = BLOWING SNOW
X = TORNADO
MAX 32 OR BELOW: 0 0.01 INCH OR MORE: 9
MAX 90 OR ABOVE: 8 0.10 INCH OR MORE: 5
MIN 32 OR BELOW: 0 0.50 INCH OR MORE: 3
MIN 0 OR BELOW: 0 1.00 INCH OR MORE: 2
[HDD (BASE 65) ]
TOTAL THIS MO. 4 CLEAR (SCALE 0-3) 20
DPTR FM NORMAL 0 PTCLDY (SCALE 4-7) 8
TOTAL FM JUL 1 1247 CLOUDY (SCALE 8-10) 3
DPTR FM NORMAL -591
[CDD (BASE 65) ]
TOTAL THIS MO. 293
DPTR FM NORMAL -7 [PRESSURE DATA]
TOTAL FM JAN 1 653 HIGHEST SLP 30.29 ON 12
DPTR FM NORMAL 213 LOWEST SLP 29.76 ON 19
[REMARKS]
#FINAL-05-20#