000
CXUS54 KFWD 010900
CLMACT
CLIMATE REPORT
NATIONAL WEATHER SERVICE FORT WORTH TX
400 AM CDT THU JUN 01 2023
...................................
...THE WACO CLIMATE SUMMARY FOR THE MONTH OF MAY 2023...
CLIMATE NORMAL PERIOD 1991 TO 2020
CLIMATE RECORD PERIOD 1901 TO 2023
WEATHER OBSERVED NORMAL DEPART LAST YEAR`S
VALUE DATE(S) VALUE FROM VALUE DATE(S)
NORMAL
................................................................
TEMPERATURE (F)
RECORD
HIGH 102 05/31/1985
LOW 34 05/04/2013
HIGHEST 90 05/05 94 -4 97 05/21
05/19
LOWEST 50 05/01 50 0 54 05/06
AVG. MAXIMUM 83.3 85.3 -2.0 91.3
AVG. MINIMUM 62.8 63.3 -0.5 67.7
MEAN 73.0 74.3 -1.3 79.5
DAYS MAX >= 90 2 9.0 -7.0 22
DAYS MAX <= 32 0 0.0 0.0 0
DAYS MAX >= 100 0 0
DAYS MIN <= 32 0 0.0 0.0 0
DAYS MIN <= 0 0 0.0 0.0 0
DAYS MIN >= 80 0 0
PRECIPITATION (INCHES)
RECORD
MAXIMUM 15.00 1965
MINIMUM 0.08 1934
TOTALS 5.26 4.44 0.82 2.85
DAILY AVG. 0.17 0.14 0.03 0.09
DAYS >= .01 9 8.3 0.7 5
DAYS >= .10 8 5.5 2.5 4
DAYS >= .50 4 3.0 1.0 3
DAYS >= 1.00 2 1.5 0.5 1
GREATEST
24 HR. TOTAL 1.73 05/10 TO 05/10 1.22
DEGREE DAYS
HEATING TOTAL 1 8 -7 0
SINCE 7/1 2011 2078 -67 MM
COOLING TOTAL 258 297 -39 457
SINCE 1/1 367 462 -95 MM
................................................................
WIND (MPH)
AVERAGE WIND SPEED 7.1
HIGHEST WIND SPEED/DIRECTION 41/180 DATE 05/05
HIGHEST GUST SPEED/DIRECTION 58/180 DATE 05/05
SKY COVER
POSSIBLE SUNSHINE (PERCENT) MM
AVERAGE SKY COVER 0.30
NUMBER OF DAYS FAIR 18
NUMBER OF DAYS PC 13
NUMBER OF DAYS CLOUDY 0
AVERAGE RH (PERCENT) 77
WEATHER CONDITIONS. NUMBER OF DAYS WITH
THUNDERSTORM 11 MIXED PRECIP 0
HEAVY RAIN 5 RAIN 7
LIGHT RAIN 13 FREEZING RAIN 0
LT FREEZING RAIN 0 HAIL 0
HEAVY SNOW 0 SNOW 0
LIGHT SNOW 0 SLEET 0
FOG 26 FOG W/VIS <= 1/4 MILE 2
HAZE 7
- INDICATES NEGATIVE NUMBERS.
R INDICATES RECORD WAS SET OR TIED.
MM INDICATES DATA IS MISSING.
T INDICATES TRACE AMOUNT.
$$