847
CXUS52 KFFC 011110
CF6AHN
PRELIMINARY LOCAL CLIMATOLOGICAL DATA (WS FORM: F-6)
STATION: ATHENS
MONTH: FEBRUARY
YEAR: 2021
LATITUDE: 33 57 N
LONGITUDE: 83 19 W
TEMPERATURE IN F: :PCPN: SNOW: WIND :SUNSHINE: SKY :PK WND
================================================================================
1 2 3 4 5 6A 6B 7 8 9 10 11 12 13 14 15 16 17 18
12Z AVG MX 2MIN
DY MAX MIN AVG DEP HDD CDD WTR SNW DPTH SPD SPD DIR MIN PSBL S-S WX SPD DR
================================================================================
1 47 37 42 -3 23 0 0.00 0.0 M 13.0 22 310 M M 9 1 39 330
2 50 35 43 -2 22 0 0.00 0.0 M 13.5 23 300 M M 1 35 300
3 54 29 42 -3 23 0 0.00 0.0 M 6.9 15 290 M M 0 23 300
4 56 27 42 -3 23 0 0.00 0.0 M 2.8 9 190 M M 2 16 180
5 58 40 49 4 16 0 0.13 M M 5.6 17 290 M M 4 18 27 250
6 52 32 42 -4 23 0 0.10 M M 6.1 18 80 M M 6 1 30 110
7 59 35 47 1 18 0 0.05 M M 4.3 13 60 M M 5 1 19 70
8 61 32 47 1 18 0 0.00 0.0 M 6.2 12 90 M M 1 17 120
9 70 48 59 13 6 0 0.00 0.0 M 2.8 10 90 M M 8 12 80
10 74 42 58 12 7 0 0.00 0.0 M 1.9 9 100 M M 3 128 13 80
11 63 52 58 12 7 0 0.07 0.0 M 1.4 7 180 M M 8 12 M M
12 62 40 51 4 14 0 0.04 M M 9.5 20 40 M M 10 18 25 30
13 44 38 41 -6 24 0 0.81 M M 8.3 15 60 M M 10 18 21 50
14 45 41 43 -4 22 0 0.34 M M 8.1 16 50 M M 10 18 21 40
15 45 42 44 -3 21 0 0.71 0.0 M 9.1 16 80 M M 10 13 22 80
16 46 27 37 -10 28 0 0.00 0.0 M 8.6 14 260 M M 6 1 30 270
17 55 26 41 -7 24 0 T M M 7.5 16 100 M M 3 23 70
18 47 39 43 -5 22 0 0.22 M M 8.9 20 90 M M 10 18 28 80
19 57 39 48 0 17 0 0.00 0.0 M 4.9 12 260 M M 7 128 20 270
20 57 31 44 -4 21 0 0.00 0.0 M 5.1 13 290 M M 0 20 290
21 60 32 46 -3 19 0 0.00 0.0 M 6.1 14 140 M M 2 22 140
22 65 46 56 7 9 0 0.08 0.0 M 6.5 16 270 M M 6 1 28 250
23 72 39 56 7 9 0 0.00 0.0 M 6.5 16 260 M M 0 27 270
24 76 38 57 8 8 0 0.00 0.0 M 3.4 14 230 M M 0 23 230
25 79 42 61 11 4 0 0.00 0.0 M 4.2 12 290 M M 0 19 300
26 59 46 53 3 12 0 0.21 M M 7.9 16 80 M M 8 18 25 60
27 68 44 56 6 9 0 T M M 3.1 12 60 M M 6 128 15 70
28 81 50 66 16 0 1 0.00 0.0 M 5.1 16 220 M M 5 128 29 220
================================================================================
SM 1662 1069 449 1 2.76 0.0 177.3 M 140
================================================================================
AV 59.4 38.2 6.3 FASTST M M 5 MAX(MPH)
MISC ----> 23 300 39 330
================================================================================
NOTES:
# LAST OF SEVERAL OCCURRENCES
COLUMN 17 PEAK WIND IN M.P.H.
PRELIMINARY LOCAL CLIMATOLOGICAL DATA (WS FORM: F-6) , PAGE 2
STATION: ATHENS
MONTH: FEBRUARY
YEAR: 2021
LATITUDE: 33 57 N
LONGITUDE: 83 19 W
[TEMPERATURE DATA] [PRECIPITATION DATA] SYMBOLS USED IN COLUMN 16
AVERAGE MONTHLY: 48.8 TOTAL FOR MONTH: 2.76 1 = FOG OR MIST
DPTR FM NORMAL: 1.6 DPTR FM NORMAL: -1.72 2 = FOG REDUCING VISIBILITY
HIGHEST: 81 ON 28 GRTST 24HR 0.83 ON 12-13 TO 1/4 MILE OR LESS
LOWEST: 26 ON 17 3 = THUNDER
SNOW, ICE PELLETS, HAIL 4 = ICE PELLETS
TOTAL MONTH: 0.0 INCH 5 = HAIL
GRTST 24HR 0.0 6 = FREEZING RAIN OR DRIZZLE
GRTST DEPTH: M ON M 7 = DUSTSTORM OR SANDSTORM:
VSBY 1/2 MILE OR LESS
8 = SMOKE OR HAZE
[NO. OF DAYS WITH] [WEATHER - DAYS WITH] 9 = BLOWING SNOW
X = TORNADO
MAX 32 OR BELOW: 0 0.01 INCH OR MORE: 11
MAX 90 OR ABOVE: 0 0.10 INCH OR MORE: 7
MIN 32 OR BELOW: 8 0.50 INCH OR MORE: 2
MIN 0 OR BELOW: 0 1.00 INCH OR MORE: 0
[HDD (BASE 65) ]
TOTAL THIS MO. 449 CLEAR (SCALE 0-3) 11
DPTR FM NORMAL -49 PTCLDY (SCALE 4-7) 11
TOTAL FM JUL 1 1851 CLOUDY (SCALE 8-10) 6
DPTR FM NORMAL -403
[CDD (BASE 65) ]
TOTAL THIS MO. 1
DPTR FM NORMAL 0 [PRESSURE DATA]
TOTAL FM JAN 1 1 HIGHEST SLP 30.51 ON 21
DPTR FM NORMAL 1 LOWEST SLP 29.75 ON 15
[REMARKS]
#FINAL-02-21#