000
CXUS55 KCYS 011826
CLMAIA
CLIMATE REPORT
NATIONAL WEATHER SERVICE CHEYENNE WY
1126 AM MST FRI DEC 01 2023
...................................
...THE ALLIANCE NEBRASKA AIRPORT CLIMATE SUMMARY FOR THE MONTH OF NOVEMBER 2023...
CLIMATE NORMAL PERIOD 1991 TO 2020
CLIMATE RECORD PERIOD 1896 TO 2023
WEATHER OBSERVED NORMAL DEPART LAST YEAR`S
VALUE DATE(S) VALUE FROM VALUE DATE(S)
NORMAL
................................................................
TEMPERATURE (F)
RECORD
HIGH 80 11/08/2006
11/08/1999
11/07/1999
LOW -25 11/13/1916
HIGHEST 76 11/05 MM MM 74
LOWEST 3 11/25 MM MM -9
AVG. MAXIMUM 54.6 49.2 5.4 45.0
AVG. MINIMUM 19.7 17.6 2.1 12.1
MEAN 37.2 33.4 3.8 28.6
DAYS MAX >= 90 0 0.0 0.0 0
DAYS MAX <= 32 2 3.9 -1.9 7
DAYS MIN <= 32 28 28.8 -0.8 29
DAYS MIN <= 0 0 1.3 -1.3 3
PRECIPITATION (INCHES)
RECORD
MAXIMUM 1.50 1972
TOTALS MM 0.24 MM 0.12
DAYS >= .01 2 3.4 -1.4 1
DAYS >= .10 1 0.9 0.1 1
DAYS >= .50 0 0.0 0.0 0
DAYS >= 1.00 0 0.0 0.0 0
GREATEST
24 HR. TOTAL 0.11 11/16 TO 11/16 0.12 11/03 TO 11/03
11/04 TO 11/04
DEGREE DAYS
HEATING TOTAL 829 948 -119 1087
SINCE 7/1 1540 1780 -240 MM
COOLING TOTAL 0 0 0 0
SINCE 1/1 543 561 -18 MM
................................................................
WIND (MPH)
AVERAGE WIND SPEED 8.6
HIGHEST WIND SPEED/DIRECTION 38/270 DATE 11/05
HIGHEST GUST SPEED/DIRECTION 49/270 DATE 11/05
SKY COVER
POSSIBLE SUNSHINE (PERCENT) MM
AVERAGE SKY COVER 0.18
NUMBER OF DAYS FAIR 23
NUMBER OF DAYS PC 5
NUMBER OF DAYS CLOUDY 2
AVERAGE RH (PERCENT) 59
WEATHER CONDITIONS. NUMBER OF DAYS WITH
THUNDERSTORM 1 MIXED PRECIP 0
HEAVY RAIN 0 RAIN 0
LIGHT RAIN 3 FREEZING RAIN 0
LT FREEZING RAIN 0 HAIL 0
HEAVY SNOW 0 SNOW 0
LIGHT SNOW 4 SLEET 0
FOG 8 FOG W/VIS <= 1/4 MILE 1
HAZE 3
- INDICATES NEGATIVE NUMBERS.
R INDICATES RECORD WAS SET OR TIED.
MM INDICATES DATA IS MISSING.
T INDICATES TRACE AMOUNT.
$$