000
CXUS56 KSGX 011045
CF6AJO
PRELIMINARY LOCAL CLIMATOLOGICAL DATA (WS FORM: F-6)
STATION: CORONA AIRPORT CA
MONTH: SEPTEMBER
YEAR: 2023
LATITUDE: 33 53 N
LONGITUDE: 117-36 E
TEMPERATURE IN F: :PCPN: SNOW: WIND :SUNSHINE: SKY :PK WND
================================================================================
1 2 3 4 5 6A 6B 7 8 9 10 11 12 13 14 15 16 17 18
12Z AVG MX 2MIN
DY MAX MIN AVG DEP HDD CDD WTR SNW DPTH SPD SPD DIR MIN PSBL S-S WX SPD DR
================================================================================
1 90 63 77 M 0 12 0.00 M M 4.5 13 270 M M 4 1 18 270
2 80 68 74 M 0 9 T M M 5.8 13 260 M M 10 1 20 260
3 80 62 71 M 0 6 0.00 M M 8.1 14 260 M M 7 21 260
4 82 57 70 M 0 5 0.00 M M 5.1 16 280 M M 2 20 280
5 77 59 68 M 0 3 0.00 M M 6.8 17 290 M M 1 24 270
6 86 62 74 M 0 9 0.00 M M 5.6 10 260 M M 5 M M
7 89 56 73 M 0 8 0.00 M M 3.7 15 280 M M 0 20 280
8 98 60 79 M 0 14 0.00 M M 4.1 14 270 M M 0 1 18 270
9 97 63 80 M 0 15 0.00 M M 5.1 15 280 M M 0 21 280
10 96 69 83 M 0 18 T M M 4.7 13 280 M M 1 M M
11 92 64 78 M 0 13 T M M 3.2 13 280 M M 0 18 280
12 87 60 74 M 0 9 0.00 M M 4.0 14 280 M M 0 M M
13 82 60 71 M 0 6 0.00 M M 5.4 14 280 M M 3 M M
14 82 58 70 M 0 5 0.00 M M 5.0 14 270 M M 3 1 20 270
15 80 61 71 M 0 6 0.00 M M 4.5 14 280 M M 4 17 280
16 73 63 68 M 0 3 0.00 M M 3.7 12 280 M M 8 18 M M
17 75 64 70 M 0 5 0.00 M M 5.5 9 270 M M 10 1 M M
18 81 57 69 M 0 4 0.00 M M 6.1 13 250 M M 5 20 270
19 81 51 66 M 0 1 0.00 M M 4.6 15 280 M M 0 1 20 260
20 80 60 70 M 0 5 0.00 M M 4.8 13 260 M M 5 1 20 260
21 76 55 66 M 0 1 0.00 M M 5.5 13 240 M M 6 17 260
22 80 53 67 M 0 2 0.00 M M 3.2 10 270 M M 1 20 270
23 82 57 70 M 0 5 0.00 M M 5.0 12 290 M M 1 18 20 290
24 86 55 71 M 0 6 0.00 M M 4.9 14 290 M M 2 128 M M
25 85 51 68 M 0 3 0.00 M M 4.6 14 300 M M 1 12 M M
26 87 48 68 M 0 3 0.00 M M 3.2 14 290 M M 0 1 M M
27 89 50 70 M 0 5 0.00 M M 4.2 14 290 M M 0 8 21 270
28 81 56 69 M 0 4 0.00 M M 6.4 18 280 M M 3 128 22 270
29 76 62 69 M 0 4 0.00 M M 5.8 12 260 M M 7 1 18 260
30 72 58 65 M 0 0 T M M 4.6 15 280 M M 9 21 280
================================================================================
SM 2502 1762 0 189 T M 147.4 M 98
================================================================================
AV 83.4 58.7 4.9 FASTST M M 3 MAX(MPH)
MISC ----> 18 280 24 270
================================================================================
NOTES:
# LAST OF SEVERAL OCCURRENCES
COLUMN 17 PEAK WIND IN M.P.H.
PRELIMINARY LOCAL CLIMATOLOGICAL DATA (WS FORM: F-6) , PAGE 2
STATION: CORONA AIRPORT CA
MONTH: SEPTEMBER
YEAR: 2023
LATITUDE: 33 53 N
LONGITUDE: 117-36 E
[TEMPERATURE DATA] [PRECIPITATION DATA] SYMBOLS USED IN COLUMN 16
AVERAGE MONTHLY: 71.1 TOTAL FOR MONTH: T 1 = FOG OR MIST
DPTR FM NORMAL: 0.0 DPTR FM NORMAL: M 2 = FOG REDUCING VISIBILITY
HIGHEST: 98 ON 8 GRTST 24HR T ON 2- 2 TO 1/4 MILE OR LESS
LOWEST: 48 ON 26 3 = THUNDER
SNOW, ICE PELLETS, HAIL 4 = ICE PELLETS
TOTAL MONTH: M 5 = HAIL
GRTST 24HR M ON M 6 = FREEZING RAIN OR DRIZZLE
GRTST DEPTH: M ON M 7 = DUSTSTORM OR SANDSTORM:
VSBY 1/2 MILE OR LESS
8 = SMOKE OR HAZE
[NO. OF DAYS WITH] [WEATHER - DAYS WITH] 9 = BLOWING SNOW
X = TORNADO
MAX 32 OR BELOW: 0 0.01 INCH OR MORE: 0
MAX 90 OR ABOVE: 5 0.10 INCH OR MORE: 0
MIN 32 OR BELOW: 0 0.50 INCH OR MORE: 0
MIN 0 OR BELOW: 0 1.00 INCH OR MORE: 0
[HDD (BASE 65) ]
TOTAL THIS MO. 0 CLEAR (SCALE 0-3) 17
DPTR FM NORMAL M PTCLDY (SCALE 4-7) 10
TOTAL FM JUL 1 0 CLOUDY (SCALE 8-10) 3
DPTR FM NORMAL M
[CDD (BASE 65) ]
TOTAL THIS MO. 189
DPTR FM NORMAL M [PRESSURE DATA]
TOTAL FM JAN 1 1023 HIGHEST SLP M ON M
DPTR FM NORMAL M LOWEST SLP M ON M
[REMARKS]
#FINAL-09-23#