000
CXUS54 KEPZ 011030
CF6ALM
PRELIMINARY LOCAL CLIMATOLOGICAL DATA (WS FORM: F-6)
STATION: ALAMOGORDO
MONTH: MAY
YEAR: 2023
LATITUDE: 32 49 N
LONGITUDE: 106 0 W
TEMPERATURE IN F: :PCPN: SNOW: WIND :SUNSHINE: SKY :PK WND
================================================================================
1 2 3 4 5 6A 6B 7 8 9 10 11 12 13 14 15 16 17 18
12Z AVG MX 2MIN
DY MAX MIN AVG DEP HDD CDD WTR SNW DPTH SPD SPD DIR MIN PSBL S-S WX SPD DR
================================================================================
1 86 52 69 M 0 4 0.00 M M 8.1 15 170 M M 2 21 170
2 84 57 71 M 0 6 0.00 M M 7.4 17 150 M M 3 23 150
3 84 54 69 M 0 4 0.00 M M 9.5 20 190 M M 1 31 170
4 82 59 71 M 0 6 0.00 M M 9.7 22 220 M M 4 29 220
5 82 50 66 M 0 1 0.00 M M 8.8 22 240 M M 2 30 240
6 84 54 69 M 0 4 0.00 M M 9.1 16 230 M M 2 25 230
7 86 50 68 M 0 3 0.00 M M 6.1 15 200 M M 1 22 99
8 88 48 68 M 0 3 0.00 M M 5.7 10 220 M M 1 21 240
9 90 45 68 M 0 3 0.00 M M 6.9 21 190 M M 2 27 220
10 84 52 68 M 0 3 0.00 M M 12.8 30 250 M M 3 8 38 M
11 79 48 64 M 1 0 0.00 M M 8.2 15 240 M M 2 24 290
12 86 45 66 M 0 1 0.00 M M 3.2 8 240 M M 2 17 240
13 82 61 72 M 0 7 0.00 M M 10.5 15 M M M 3 22 250
14 82 50 66 M 0 1 0.00 M M 6.7 13 190 M M 3 27 80
15 81 55 68 M 0 3 0.00 M M 7.0 14 60 M M 4 24 20
16 82 57 70 M 0 5 0.00 M M 6.2 18 60 M M 4 27 60
17 88 59 74 M 0 9 0.08 M M 7.8 22 260 M M 5 3 36 260
18 81 55 68 M 0 3 0.00 M M 5.9 18 170 M M 2 22 170
19 86 52 69 M 0 4 0.00 M M 6.5 15 260 M M 1 16 100
20 79 55 67 M 0 2 0.09 M M 11.7 25 260 M M 4 3 33 260
21 82 50 66 M 0 1 0.00 M M 6.1 32 300 M M 1 39 300
22 90 50 70 M 0 5 0.00 M M 6.1 12 280 M M 1 16 290
23 91 52 72 M 0 7 0.00 M M 4.4 10 210 M M 1 17 210
24 91 57 74 M 0 9 0.00 M M 5.8 16 190 M M 1 8 30 M
25 91 55 73 M 0 8 0.00 M M 7.5 14 160 M M 1 24 260
26 93 66 80 M 0 15 0.00 M M 14.3 23 200 M M 1 8 30 180
27 90 66 78 M 0 13 0.00 M M 10.4 16 160 M M 0 23 260
28 90 59 75 M 0 10 0.00 M M 8.7 20 160 M M 1 27 240
29 90 59 75 M 0 10 0.00 M M 6.8 16 160 M M 1 20 170
30 93 55 74 M 0 9 0.00 M M 6.9 17 210 M M 2 28 240
31 91 61 76 M 0 11 0.00 M M 8.4 22 220 M M 2 32 180
================================================================================
SM 2668 1688 1 170 0.17 M 243.2 M 63
================================================================================
AV 86.1 54.5 7.8 FASTST M M 2 MAX(MPH)
MISC ----> 32 300 39 300
================================================================================
NOTES:
# LAST OF SEVERAL OCCURRENCES
COLUMN 17 PEAK WIND IN M.P.H.
PRELIMINARY LOCAL CLIMATOLOGICAL DATA (WS FORM: F-6) , PAGE 2
STATION: ALAMOGORDO
MONTH: MAY
YEAR: 2023
LATITUDE: 32 49 N
LONGITUDE: 106 0 W
[TEMPERATURE DATA] [PRECIPITATION DATA] SYMBOLS USED IN COLUMN 16
AVERAGE MONTHLY: 70.3 TOTAL FOR MONTH: 0.17 1 = FOG OR MIST
DPTR FM NORMAL: 0.0 DPTR FM NORMAL: M 2 = FOG REDUCING VISIBILITY
HIGHEST: 93 ON 30,26 GRTST 24HR 0.09 ON 20-20 TO 1/4 MILE OR LESS
LOWEST: 45 ON 12, 9 3 = THUNDER
SNOW, ICE PELLETS, HAIL 4 = ICE PELLETS
TOTAL MONTH: M 5 = HAIL
GRTST 24HR M ON M 6 = FREEZING RAIN OR DRIZZLE
GRTST DEPTH: M ON M 7 = DUSTSTORM OR SANDSTORM:
VSBY 1/2 MILE OR LESS
8 = SMOKE OR HAZE
[NO. OF DAYS WITH] [WEATHER - DAYS WITH] 9 = BLOWING SNOW
X = TORNADO
MAX 32 OR BELOW: 0 0.01 INCH OR MORE: 2
MAX 90 OR ABOVE: 11 0.10 INCH OR MORE: 0
MIN 32 OR BELOW: 0 0.50 INCH OR MORE: 0
MIN 0 OR BELOW: 0 1.00 INCH OR MORE: 0
[HDD (BASE 65) ]
TOTAL THIS MO. 1 CLEAR (SCALE 0-3) 26
DPTR FM NORMAL M PTCLDY (SCALE 4-7) 5
TOTAL FM JUL 1 3118 CLOUDY (SCALE 8-10) 0
DPTR FM NORMAL M
[CDD (BASE 65) ]
TOTAL THIS MO. 170
DPTR FM NORMAL M [PRESSURE DATA]
TOTAL FM JAN 1 185 HIGHEST SLP M ON M
DPTR FM NORMAL M LOWEST SLP M ON M
[REMARKS]
#FINAL-05-23#