000
CXUS56 KPDT 011810
CF6ALW
PRELIMINARY LOCAL CLIMATOLOGICAL DATA (WS FORM: F-6)
STATION: WALLA WALLA WA
MONTH: AUGUST
YEAR: 2023
LATITUDE: 46 5 N
LONGITUDE: 118 17 W
TEMPERATURE IN F: :PCPN: SNOW: WIND :SUNSHINE: SKY :PK WND
================================================================================
1 2 3 4 5 6A 6B 7 8 9 10 11 12 13 14 15 16 17 18
12Z AVG MX 2MIN
DY MAX MIN AVG DEP HDD CDD WTR SNW DPTH SPD SPD DIR MIN PSBL S-S WX SPD DR
================================================================================
1 92 64 78 0 0 13 0.00 M M 6.2 13 220 M M 0 18 220
2 94 66 80 2 0 15 0.00 M M 6.7 13 170 M M 0 20 210
3 93 67 80 2 0 15 0.00 M M 7.9 16 240 M M 0 20 240
4 84 69 77 -1 0 12 T M M 10.6 18 240 M M 3 25 240
5 86 65 76 -2 0 11 0.02 M M 7.3 16 330 M M 5 23 360
6 80 63 72 -6 0 7 T M M 4.9 10 240 M M 6 14 200
7 74 63 69 -9 0 4 0.23 M M 8.4 18 260 M M 3 13 24 260
8 86 61 74 -3 0 9 0.00 M M 7.6 15 210 M M 0 20 230
9 87 64 76 -1 0 11 T M M 10.8 18 240 M M 2 25 190
10 84 64 74 -3 0 9 0.00 M M 10.9 18 210 M M 1 27 260
11 88 58 73 -4 0 8 0.00 M M 7.7 16 270 M M 0 22 270
12 89 65 77 1 0 12 0.00 M M 5.8 13 190 M M 0 16 210
13 97 64 81 5 0 16 0.00 M M 5.7 15 320 M M 0 21 330
14 100 65 83 7 0 18 0.00 M M 5.3 9 260 M M 0 8 13 270
15 102 72 87 11 0 22 0.00 M M 5.1 13 170 M M 0 16 170
16 102 78 90 15 0 25 0.00 M M 8.2 16 210 M M 0 21 200
17 101 74 88 13 0 23 0.00 M M 10.9 21 250 M M 0 8 29 250
18 90 65 78 3 0 13 0.00 M M 12.9 26 210 M M 0 36 210
19 87 60 74 0 0 9 0.00 M M 5.8 12 170 M M 4 8 15 170
20 77 60 69 -5 0 4 0.00 M M 4.1 10 180 M M 9 8 13 170
21 78 64 71 -3 0 6 0.00 M M 3.5 9 260 M M 3 8 11 260
22 71 59 65 -9 0 0 0.17 M M 7.3 17 190 M M 8 18 22 190
23 77 57 67 -6 0 2 0.00 M M 6.6 18 190 M M 1 8 23 190
24 89 52 71 -2 0 6 0.00 M M 9.4 23 30 M M 0 8 30 10
25 88 63 76 3 0 11 T M M 8.8 25 80 M M 2 8 30 80
26 84 59 72 -1 0 7 T M M 5.1 12 210 M M 0 8 16 200
27 98 63 81 9 0 16 0.00 M M 5.1 12 210 M M 0 8 15 270
28 103 66 85 13 0 20 0.00 M M 7.7 18 80 M M 0 8 24 30
29 75 64 70 -2 0 5 T M M 14.6 26 210 M M 3 38 36 220
30 78 60 69 -2 0 4 0.01 M M 13.7 23 240 M M 5 31 260
31 70 57 64 -7 1 0 T M M 5.8 12 320 M M 3 16 250
================================================================================
SM 2704 1971 1 333 0.43 M 240.4 M 58
================================================================================
AV 87.2 63.6 7.8 FASTST M M 2 MAX(MPH)
MISC ----> # 26 210 # 36 210
================================================================================
NOTES:
# LAST OF SEVERAL OCCURRENCES
COLUMN 17 PEAK WIND IN M.P.H.
PRELIMINARY LOCAL CLIMATOLOGICAL DATA (WS FORM: F-6) , PAGE 2
STATION: WALLA WALLA WA
MONTH: AUGUST
YEAR: 2023
LATITUDE: 46 5 N
LONGITUDE: 118 17 W
[TEMPERATURE DATA] [PRECIPITATION DATA] SYMBOLS USED IN COLUMN 16
AVERAGE MONTHLY: 75.4 TOTAL FOR MONTH: 0.43 1 = FOG OR MIST
DPTR FM NORMAL: 0.2 DPTR FM NORMAL: 0.03 2 = FOG REDUCING VISIBILITY
HIGHEST: 103 ON 28 GRTST 24HR 0.23 ON 7- 7 TO 1/4 MILE OR LESS
LOWEST: 52 ON 24 3 = THUNDER
SNOW, ICE PELLETS, HAIL 4 = ICE PELLETS
TOTAL MONTH: M 5 = HAIL
GRTST 24HR M ON M 6 = FREEZING RAIN OR DRIZZLE
GRTST DEPTH: M ON M 7 = DUSTSTORM OR SANDSTORM:
VSBY 1/2 MILE OR LESS
8 = SMOKE OR HAZE
[NO. OF DAYS WITH] [WEATHER - DAYS WITH] 9 = BLOWING SNOW
X = TORNADO
MAX 32 OR BELOW: 0 0.01 INCH OR MORE: 4
MAX 90 OR ABOVE: 11 0.10 INCH OR MORE: 2
MIN 32 OR BELOW: 0 0.50 INCH OR MORE: 0
MIN 0 OR BELOW: 0 1.00 INCH OR MORE: 0
[HDD (BASE 65) ]
TOTAL THIS MO. 1 CLEAR (SCALE 0-3) 24
DPTR FM NORMAL -4 PTCLDY (SCALE 4-7) 6
TOTAL FM JUL 1 1 CLOUDY (SCALE 8-10) 1
DPTR FM NORMAL -3
[CDD (BASE 65) ]
TOTAL THIS MO. 333
DPTR FM NORMAL 13 [PRESSURE DATA]
TOTAL FM JAN 1 969 HIGHEST SLP 30.13 ON 23
DPTR FM NORMAL 142 LOWEST SLP 29.64 ON 17
[REMARKS]
#FINAL-08-23#