542
CXUS54 KAMA 010710
CF6AMA
PRELIMINARY LOCAL CLIMATOLOGICAL DATA (WS FORM: F-6)
STATION: AMARILLO
MONTH: SEPTEMBER
YEAR: 2020
LATITUDE: 35 13 N
LONGITUDE: 101 42 W
TEMPERATURE IN F: :PCPN: SNOW: WIND :SUNSHINE: SKY :PK WND
================================================================================
1 2 3 4 5 6A 6B 7 8 9 10 11 12 13 14 15 16 17 18
12Z AVG MX 2MIN
DY MAX MIN AVG DEP HDD CDD WTR SNW DPTH SPD SPD DIR MIN PSBL S-S WX SPD DR
================================================================================
1 93 62 78 4 0 13 0.19 0.0 0 8.8 31 80 M M 2 38 47 340
2 85 63 74 0 0 9 0.00 0.0 0 8.1 20 110 M M 3 24 110
3 91 62 77 3 0 12 0.00 0.0 0 11.0 21 360 M M 0 26 360
4 89 58 74 0 0 9 0.00 0.0 0 8.1 15 140 M M 0 19 150
5 89 62 76 3 0 11 0.00 0.0 0 10.6 17 170 M M 0 21 170
6 94 65 80 7 0 15 0.00 0.0 0 15.9 24 210 M M 0 32 170
7 91 64 78 5 0 13 0.00 0.0 0 17.5 26 170 M M 0 32 180
8 77 40 59 -13 6 0 0.07 0.0 0 24.0 37 10 M M 6 13 43 10
9 42 37 40 -32 25 0 0.19 0.0 0 23.0 32 360 M M 10 13 39 360
10 52 40 46 -26 19 0 0.00 0.0 0 10.4 22 360 M M 10 1 26 360
11 77 46 62 -9 3 0 0.00 0.0 0 10.0 18 190 M M 3 25 200
12 83 52 68 -3 0 3 0.00 0.0 0 7.6 16 160 M M 0 19 180
13 84 55 70 -1 0 5 0.00 0.0 0 5.5 12 320 M M 0 46 330
14 83 57 70 0 0 5 0.00 0.0 0 6.7 15 90 M M 1 1 18 100
15 84 56 70 0 0 5 0.00 0.0 0 10.1 16 140 M M 0 22 170
16 86 52 69 -1 0 4 0.00 0.0 0 8.8 16 40 M M 1 21 80
17 81 55 68 -1 0 3 0.00 0.0 0 7.4 15 60 M M 0 21 40
18 82 53 68 -1 0 3 0.00 0.0 0 7.2 15 130 M M 0 8 18 90
19 81 51 66 -2 0 1 0.00 0.0 0 12.4 21 170 M M 0 8 26 170
20 84 52 68 0 0 3 0.00 0.0 0 14.0 23 190 M M 0 18 26 180
21 81 50 66 -2 0 1 0.00 0.0 0 11.8 17 180 M M 0 23 140
22 85 50 68 1 0 3 0.00 0.0 0 10.8 18 140 M M 0 22 130
23 83 55 69 2 0 4 0.00 0.0 0 10.0 17 170 M M 2 12 20 170
24 92 54 73 7 0 8 0.00 0.0 0 8.8 15 270 M M 0 18 270
25 98 62 80 14 0 15 0.00 0.0 0 18.5 29 190 M M 0 35 190
26 97 61 79 13 0 14 0.00 0.0 0 13.2 23 190 M M 0 28 190
27 77 54 66 1 0 1 0.00 0.0 0 20.7 33 20 M M 2 43 360
28 67 42 55 -10 10 0 0.00 0.0 0 12.8 25 340 M M 2 8 37 330
29 81 42 62 -2 3 0 0.00 0.0 0 9.4 22 260 M M 0 8 27 280
30 92 50 71 7 0 6 0.00 0.0 0 10.1 20 60 M M 0 8 24 60
================================================================================
SM 2481 1602 66 166 0.45 0.0 353.2 M 42
================================================================================
AV 82.7 53.4 11.8 FASTST M M 1 MAX(MPH)
MISC ----> 37 10 47 340
================================================================================
NOTES:
# LAST OF SEVERAL OCCURRENCES
COLUMN 17 PEAK WIND IN M.P.H.
PRELIMINARY LOCAL CLIMATOLOGICAL DATA (WS FORM: F-6) , PAGE 2
STATION: AMARILLO
MONTH: SEPTEMBER
YEAR: 2020
LATITUDE: 35 13 N
LONGITUDE: 101 42 W
[TEMPERATURE DATA] [PRECIPITATION DATA] SYMBOLS USED IN COLUMN 16
AVERAGE MONTHLY: 68.1 TOTAL FOR MONTH: 0.45 1 = FOG OR MIST
DPTR FM NORMAL: -1.4 DPTR FM NORMAL: -1.47 2 = FOG REDUCING VISIBILITY
HIGHEST: 98 ON 25 GRTST 24HR 0.26 ON 8- 9 TO 1/4 MILE OR LESS
LOWEST: 37 ON 9 3 = THUNDER
SNOW, ICE PELLETS, HAIL 4 = ICE PELLETS
TOTAL MONTH: 0.0 INCH 5 = HAIL
GRTST 24HR 0.0 6 = FREEZING RAIN OR DRIZZLE
GRTST DEPTH: 0 7 = DUSTSTORM OR SANDSTORM:
VSBY 1/2 MILE OR LESS
8 = SMOKE OR HAZE
[NO. OF DAYS WITH] [WEATHER - DAYS WITH] 9 = BLOWING SNOW
X = TORNADO
MAX 32 OR BELOW: 0 0.01 INCH OR MORE: 3
MAX 90 OR ABOVE: 8 0.10 INCH OR MORE: 2
MIN 32 OR BELOW: 0 0.50 INCH OR MORE: 0
MIN 0 OR BELOW: 0 1.00 INCH OR MORE: 0
[HDD (BASE 65) ]
TOTAL THIS MO. 66 CLEAR (SCALE 0-3) 26
DPTR FM NORMAL 23 PTCLDY (SCALE 4-7) 2
TOTAL FM JUL 1 66 CLOUDY (SCALE 8-10) 2
DPTR FM NORMAL 23
[CDD (BASE 65) ]
TOTAL THIS MO. 166
DPTR FM NORMAL -12 [PRESSURE DATA]
TOTAL FM JAN 1 1782 HIGHEST SLP M ON M
DPTR FM NORMAL 412 LOWEST SLP 29.49 ON 27
[REMARKS]
#FINAL-09-20#