000
CXUS54 KAMA 011653
CLMAMA
CLIMATE REPORT
NATIONAL WEATHER SERVICE AMARILLO
1053 AM CST THU FEB 01 2024
...................................
...THE AMARILLO CLIMATE SUMMARY FOR THE MONTH OF JANUARY 2024...
CLIMATE NORMAL PERIOD: 1991 TO 2020
CLIMATE RECORD PERIOD: 1892 TO 2024
WEATHER OBSERVED NORMAL DEPART LAST YEAR`S
VALUE DATE(S) VALUE FROM VALUE DATE(S)
NORMAL
................................................................
TEMPERATURE (F)
RECORD
HIGH 83 01/05/1927
LOW -11 01/18/1984
01/04/1959
01/06/1912
HIGHEST 69 01/31 73 01/10
01/14
LOWEST 0 01/14 7 01/30
01/16
AVG. MAXIMUM 47.0 52.2 -5.2 53.7
AVG. MINIMUM 21.7 24.9 -3.2 27.5
MEAN 34.3 38.6 -4.3 40.6
DAYS MAX >= 90 0 0.0 0.0 0
DAYS MAX <= 32 3 2.9 0.1 3
DAYS MIN <= 32 27 26.7 0.3 21
DAYS MIN <= 0 2 0.1 1.9 0
PRECIPITATION (INCHES)
RECORD
MAXIMUM 3.17 2017
MINIMUM 0.00 1986
TOTALS 1.02 0.71 0.31 0.25
DAILY AVG. 0.03 0.02 0.01 0.01
DAYS >= .01 4 3.8 0.2 1
DAYS >= .10 2 1.6 0.4 1
DAYS >= .50 1 0.5 0.5 0
DAYS >= 1.00 0 0.1 -0.1 0
GREATEST
24 HR. TOTAL 0.79 01/26 TO 01/26
SNOWFALL (INCHES)
RECORDS
TOTAL 19.7 1897
TOTALS 1.1 4.0 -2.9 2.8
SINCE 7/1 1.7 11.1 -9.4 MM
DAYS >= TRACE 4 2.3 1.7 4
DAYS >= 1.0 1 1.1 -0.1 1
GREATEST
SNOW DEPTH MM
24 HR TOTAL MM
DEGREE DAYS
HEATING TOTAL 944 820 124 748
SINCE 7/1 2264 2411 -147 MM
COOLING TOTAL 0 0 0 0
SINCE 1/1 0 0 0 MM
................................................................
WIND (MPH)
AVERAGE WIND SPEED 12.4
HIGHEST WIND SPEED/DIRECTION 46/340 DATE 01/08
HIGHEST GUST SPEED/DIRECTION 71/340 DATE 01/08
SKY COVER
POSSIBLE SUNSHINE (PERCENT) MM
NUMBER OF DAYS FAIR 23
NUMBER OF DAYS PC 5
NUMBER OF DAYS CLOUDY 3
AVERAGE RH (PERCENT) 59
WEATHER CONDITIONS. NUMBER OF DAYS WITH
THUNDERSTORM 0 MIXED PRECIP 0
HEAVY RAIN 0 RAIN 1
LIGHT RAIN 2 FREEZING RAIN 0
LT FREEZING RAIN 0 HAIL 0
HEAVY SNOW 0 SNOW 1
LIGHT SNOW 4 SLEET 0
FOG 11 FOG W/VIS <= 1/4 MILE 6
HAZE 7
- INDICATES NEGATIVE NUMBERS.
R INDICATES RECORD WAS SET OR TIED.
MM INDICATES DATA IS MISSING.
T INDICATES TRACE AMOUNT.
$$