000
CXUS53 KDMX 041529
CF6AMW
PRELIMINARY LOCAL CLIMATOLOGICAL DATA (WS FORM: F-6)
STATION: AMES IA
MONTH: JULY
YEAR: 2020
LATITUDE: 41 59 N
LONGITUDE: 93 37 W
TEMPERATURE IN F: :PCPN: SNOW: WIND :SUNSHINE: SKY :PK WND
================================================================================
1 2 3 4 5 6A 6B 7 8 9 10 11 12 13 14 15 16 17 18
12Z AVG MX 2MIN
DY MAX MIN AVG DEP HDD CDD WTR SNW DPTH SPD SPD DIR MIN PSBL S-S WX SPD DR
================================================================================
1 84 68 76 3 0 11 0.02 0.0 0 4.7 22 80 M M 5 1 32 80
2 90 65 78 5 0 13 0.00 0.0 0 4.0 13 80 M M 2 1 17 70
3 90 65 78 5 0 13 0.00 0.0 0 3.9 15 90 M M 1 1 20 80
4 90 62 76 3 0 11 0.00 0.0 0 2.5 10 140 M M 1 128 14 40
5 90 63 77 4 0 12 0.00 0.0 0 3.0 10 150 M M 1 18 15 170
6 90 64 77 4 0 12 0.00 0.0 0 2.8 13 340 M M 1 18 20 10
7 92 68 80 7 0 15 0.00 0.0 0 5.0 15 260 M M 1 18 20 250
8 94 67 81 8 0 16 0.00 0.0 0 5.8 15 220 M M 2 18 19 180
9 81 61 71 -3 0 6 T 0.0 0 6.7 17 20 M M 3 26 50
10 90 60 75 1 0 10 0.00 0.0 0 4.1 14 260 M M 0 19 260
11 91 64 78 4 0 13 0.11 0.0 0 6.7 36 350 M M 2 13 45 360
12 86 61 74 0 0 9 0.00 0.0 0 7.0 15 350 M M 2 22 330
13 88 57 73 -1 0 8 0.00 0.0 0 9.0 21 170 M M 1 12 30 180
14 88 67 78 4 0 13 2.43 0.0 0 8.0 22 130 M M 3 123 29 120
15 78 63 71 -3 0 6 0.07 0.0 0 6.7 14 350 M M 5 18 350
16 83 54 69 -5 0 4 0.00 0.0 0 3.5 12 150 M M 0 1 15 160
17 89 63 76 2 0 11 0.00 0.0 0 8.1 18 160 M M 1 12 27 170
18 91 75 83 9 0 18 0.00 0.0 0 11.4 24 180 M M 2 32 170
19 85 66 76 2 0 11 0.00 0.0 0 8.4 17 330 M M 2 27 340
20 81 64 73 -1 0 8 T 0.0 0 2.5 10 140 M M 4 1 15 120
21 82 62 72 -2 0 7 0.21 0.0 0 4.5 15 310 M M 3 1 22 310
22 83 60 72 -1 0 7 0.00 0.0 0 5.5 12 330 M M M 1 17 360
23 84 60 72 -1 0 7 T 0.0 0 5.5 15 130 M M M 21 120
24 90 66 78 5 0 13 0.00 0.0 0 8.4 17 150 M M M 24 150
25 93 73 83 10 0 18 0.00 0.0 0 9.0 17 180 M M M 24 200
26 83 73 78 5 0 13 0.28 0.0 0 7.2 14 210 M M M 1 22 220
27 86 62 74 1 0 9 0.00 0.0 0 6.3 15 350 M M 0 1 21 350
28 87 58 73 0 0 8 0.00 0.0 0 8.1 20 220 M M M 28 230
29 90 65 78 5 0 13 T 0.0 0 3.6 17 150 M M 1 3 22 160
30 86 68 77 4 0 12 0.10 0.0 0 10.3 20 20 M M 2 1 28 40
31 83 59 71 -2 0 6 0.00 0.0 0 5.1 13 20 M M 5 17 50
================================================================================
SM 2698 1983 0 333 3.22 0.0 187.3 M 50
================================================================================
AV 87.0 64.0 6.0 FASTST M M 2 MAX(MPH)
MISC ----> # 36 350 # 45 360
================================================================================
NOTES:
# LAST OF SEVERAL OCCURRENCES
COLUMN 17 PEAK WIND IN M.P.H.
PRELIMINARY LOCAL CLIMATOLOGICAL DATA (WS FORM: F-6) , PAGE 2
STATION: AMES IA
MONTH: JULY
YEAR: 2020
LATITUDE: 41 59 N
LONGITUDE: 93 37 W
[TEMPERATURE DATA] [PRECIPITATION DATA] SYMBOLS USED IN COLUMN 16
AVERAGE MONTHLY: 75.5 TOTAL FOR MONTH: 3.22 1 = FOG OR MIST
DPTR FM NORMAL: 2.1 DPTR FM NORMAL: -1.48 2 = FOG REDUCING VISIBILITY
HIGHEST: 94 ON 8 GRTST 24HR 2.43 ON 14-14 TO 1/4 MILE OR LESS
LOWEST: 54 ON 16 3 = THUNDER
SNOW, ICE PELLETS, HAIL 4 = ICE PELLETS
TOTAL MONTH: 0.0 INCH 5 = HAIL
GRTST 24HR 0.0 6 = FREEZING RAIN OR DRIZZLE
GRTST DEPTH: 0 7 = DUSTSTORM OR SANDSTORM:
VSBY 1/2 MILE OR LESS
8 = SMOKE OR HAZE
[NO. OF DAYS WITH] [WEATHER - DAYS WITH] 9 = BLOWING SNOW
X = TORNADO
MAX 32 OR BELOW: 0 0.01 INCH OR MORE: 7
MAX 90 OR ABOVE: 13 0.10 INCH OR MORE: 5
MIN 32 OR BELOW: 0 0.50 INCH OR MORE: 1
MIN 0 OR BELOW: 0 1.00 INCH OR MORE: 1
[HDD (BASE 65) ]
TOTAL THIS MO. 0 CLEAR (SCALE 0-3) 19
DPTR FM NORMAL -4 PTCLDY (SCALE 4-7) 6
TOTAL FM JUL 1 0 CLOUDY (SCALE 8-10) 0
DPTR FM NORMAL -4
[CDD (BASE 65) ]
TOTAL THIS MO. 333
DPTR FM NORMAL 70 [PRESSURE DATA]
TOTAL FM JAN 1 647 HIGHEST SLP 30.11 ON 23
DPTR FM NORMAL 161 LOWEST SLP 29.72 ON 18
[REMARKS]
#FINAL-07-20#