000
CXAK56 PAFC 011003
CF6ANC
PRELIMINARY LOCAL CLIMATOLOGICAL DATA (WS FORM: F-6)
STATION: ANCHORAGE AK
MONTH: JULY
YEAR: 2023
LATITUDE: 61 10 N
LONGITUDE: 150 2 W
TEMPERATURE IN F: :PCPN: SNOW: WIND :SUNSHINE: SKY :PK WND
================================================================================
1 2 3 4 5 6A 6B 7 8 9 10 11 12 13 14 15 16 17 18
12Z AVG MX 2MIN
DY MAX MIN AVG DEP HDD CDD WTR SNW DPTH SPD SPD DIR MIN PSBL S-S WX SPD DR
================================================================================
1 66 46 56 -3 9 0 0.00 0.0 0 8.0 23 150 M M 4 35 130
2 62 52 57 -2 8 0 0.17 0.0 0 8.7 25 150 M M 8 36 150
3 61 50 56 -3 9 0 0.27 0.0 0 6.7 21 240 M M 9 1 31 210
4 60 49 55 -4 10 0 0.01 0.0 0 11.0 21 150 M M 9 35 150
5 60 50 55 -4 10 0 0.08 0.0 0 3.9 20 140 M M 9 1 27 140
6 59 52 56 -3 9 0 0.34 0.0 0 4.5 20 170 M M 10 1 27 180
7 59 49 54 -5 11 0 0.15 0.0 0 8.7 20 240 M M 10 1 33 220
8 58 47 53 -6 12 0 0.00 0.0 0 6.6 14 290 M M 8 18 200
9 64 49 57 -2 8 0 0.01 0.0 0 7.8 22 240 M M 7 31 220
10 56 49 53 -7 12 0 0.12 0.0 0 3.5 8 40 M M 10 1 11 190
11 60 52 56 -4 9 0 T 0.0 0 2.5 7 350 M M 10 10 350
12 64 52 58 -2 7 0 0.00 0.0 0 4.8 9 300 M M 8 12 170
13 72 56 64 4 1 0 0.00 0.0 0 6.4 16 150 M M 7 31 160
14 67 54 61 1 4 0 T 0.0 0 9.1 15 150 M M 8 32 160
15 57 54 56 -4 9 0 0.83 0.0 0 5.8 17 140 M M 10 1 25 140
16 58 53 56 -4 9 0 0.77 0.0 0 2.1 8 80 M M 10 1 17 20
17 64 54 59 -1 6 0 0.07 0.0 0 4.5 9 60 M M 9 20 160
18 71 52 62 2 3 0 0.00 0.0 0 3.1 10 310 M M 7 22 10
19 62 55 59 -1 6 0 0.31 0.0 0 6.5 18 150 M M 9 1 28 150
20 65 51 58 -2 7 0 0.11 0.0 0 4.6 14 310 M M 7 1 24 340
21 72 52 62 2 3 0 0.00 0.0 0 5.0 18 150 M M 8 26 150
22 71 58 65 5 0 0 0.00 0.0 0 6.4 16 150 M M 4 23 140
23 67 52 60 0 5 0 0.00 0.0 0 5.3 9 290 M M 3 M M
24 64 52 58 -2 7 0 0.00 0.0 0 4.9 13 310 M M 5 21 340
25 64 52 58 -2 7 0 0.00 0.0 0 3.6 10 230 M M 7 19 350
26 66 56 61 1 4 0 0.00 0.0 0 4.3 13 310 M M 7 23 340
27 64 56 60 0 5 0 0.00 0.0 0 7.1 13 290 M M 8 23 330
28 64 55 60 0 5 0 0.05 0.0 0 4.0 16 170 M M 10 1 22 170
29 59 56 58 -2 7 0 0.78 0.0 0 2.3 10 130 M M 10 1 24 360
30 69 56 63 3 2 0 0.01 0.0 0 1.8 9 340 M M 7 1 19 350
31 70 55 63 3 2 0 T 0.0 0 4.3 9 320 M M 4 24 350
================================================================================
SM 1975 1626 206 0 4.08 0.0 167.8 M 242
================================================================================
AV 63.7 52.5 5.4 FASTST M M 8 MAX(MPH)
MISC ----> 25 150 36 150
================================================================================
NOTES:
# LAST OF SEVERAL OCCURRENCES
COLUMN 17 PEAK WIND IN M.P.H.
PRELIMINARY LOCAL CLIMATOLOGICAL DATA (WS FORM: F-6) , PAGE 2
STATION: ANCHORAGE AK
MONTH: JULY
YEAR: 2023
LATITUDE: 61 10 N
LONGITUDE: 150 2 W
[TEMPERATURE DATA] [PRECIPITATION DATA] SYMBOLS USED IN COLUMN 16
AVERAGE MONTHLY: 58.1 TOTAL FOR MONTH: 4.08 1 = FOG OR MIST
DPTR FM NORMAL: -1.5 DPTR FM NORMAL: 2.26 2 = FOG REDUCING VISIBILITY
HIGHEST: 72 ON 21,13 GRTST 24HR 1.11 ON 15-16 TO 1/4 MILE OR LESS
LOWEST: 46 ON 1 3 = THUNDER
SNOW, ICE PELLETS, HAIL 4 = ICE PELLETS
TOTAL MONTH: 0.0 INCH 5 = HAIL
GRTST 24HR 0.0 6 = FREEZING RAIN OR DRIZZLE
GRTST DEPTH: 0 7 = DUSTSTORM OR SANDSTORM:
VSBY 1/2 MILE OR LESS
8 = SMOKE OR HAZE
[NO. OF DAYS WITH] [WEATHER - DAYS WITH] 9 = BLOWING SNOW
X = TORNADO
MAX 32 OR BELOW: 0 0.01 INCH OR MORE: 16
MAX 90 OR ABOVE: 0 0.10 INCH OR MORE: 10
MIN 32 OR BELOW: 0 0.50 INCH OR MORE: 3
MIN 0 OR BELOW: 0 1.00 INCH OR MORE: 0
[HDD (BASE 65) ]
TOTAL THIS MO. 206 CLEAR (SCALE 0-3) 1
DPTR FM NORMAL 32 PTCLDY (SCALE 4-7) 16
TOTAL FM JUL 1 206 CLOUDY (SCALE 8-10) 14
DPTR FM NORMAL 37
[CDD (BASE 65) ]
TOTAL THIS MO. 0
DPTR FM NORMAL -5 [PRESSURE DATA]
TOTAL FM JAN 1 0 HIGHEST SLP M ON M
DPTR FM NORMAL -7 LOWEST SLP 29.77 ON 16
[REMARKS]
#FINAL-07-23#