000
CXAK56 PAFC 011204
CF6ANC
PRELIMINARY LOCAL CLIMATOLOGICAL DATA (WS FORM: F-6)
STATION: ANCHORAGE AK
MONTH: NOVEMBER
YEAR: 2023
LATITUDE: 61 10 N
LONGITUDE: 150 2 W
TEMPERATURE IN F: :PCPN: SNOW: WIND :SUNSHINE: SKY :PK WND
================================================================================
1 2 3 4 5 6A 6B 7 8 9 10 11 12 13 14 15 16 17 18
12Z AVG MX 2MIN
DY MAX MIN AVG DEP HDD CDD WTR SNW DPTH SPD SPD DIR MIN PSBL S-S WX SPD DR
================================================================================
1 38 32 35 7 30 0 0.00 0.0 0 3.5 9 50 M M 6 12 50
2 38 31 35 7 30 0 0.04 0.0 0 4.0 8 60 M M 8 13 30
3 40 35 38 11 27 0 0.14 0.0 0 2.3 8 10 M M 9 10 10
4 38 32 35 8 30 0 0.07 0.0 0 4.9 9 30 M M 9 12 16 60
5 37 27 32 6 33 0 0.37 6.2 0 5.5 14 200 M M 10 1 26 180
6 32 27 30 4 35 0 0.13 1.9 6 1.8 8 250 M M 10 1 26 350
7 32 22 27 1 38 0 T 0.1 8 5.6 17 350 M M 8 1 26 350
8 34 27 31 6 34 0 0.80 9.0 7 5.9 15 350 M M 10 1 21 340
9 33 29 31 6 34 0 0.53 8.2 16 7.2 20 180 M M 10 128 28 190
10 31 27 29 5 36 0 0.15 3.6 20 3.3 9 350 M M 10 1 15 340
11 29 19 24 0 41 0 0.00 0.0 21 4.2 8 360 M M 7 8 12 170
12 25 15 20 -4 45 0 0.01 0.2 19 2.9 9 80 M M 6 12 12 60
13 29 16 23 -1 42 0 0.68 8.7 19 5.3 17 350 M M 7 12 24 350
14 23 13 18 -5 47 0 0.00 0.0 23 3.8 10 10 M M 9 12 14 320
15 37 22 30 7 35 0 0.01 0.1 22 11.1 26 150 M M 10 1 43 150
16 41 29 35 12 30 0 0.08 0.0 20 16.1 24 190 M M 10 1 40 200
17 29 16 23 0 42 0 0.01 1.1 17 11.1 22 190 M M 9 18 35 200
18 18 4 11 -11 54 0 T T 17 3.1 9 330 M M 6 128 11 330
19 10 0 5 -17 60 0 T 0.1 17 3.6 7 110 M M 6 128 9 110
20 23 -2 11 -11 54 0 0.00 0.0 16 8.2 24 360 M M 2 33 360
21 26 9 18 -4 47 0 T T 16 2.3 9 360 M M 7 12 330
22 29 18 24 2 41 0 T 0.1 16 5.8 15 10 M M 8 1 18 360
23 34 28 31 9 34 0 0.01 0.0 16 4.4 10 340 M M 8 15 340
24 44 32 38 16 27 0 0.04 T 15 5.6 21 150 M M 9 33 180
25 43 34 39 17 26 0 0.05 0.0 14 3.8 16 160 M M 10 30 160
26 36 33 35 14 30 0 0.32 T 13 5.1 16 220 M M 10 1 29 200
27 39 32 36 15 29 0 T 0.0 11 10.3 21 170 M M 8 49 190
28 41 34 38 17 27 0 0.00 0.0 11 17.4 31 160 M M 9 47 150
29 39 31 35 14 30 0 0.00 0.0 10 7.5 25 150 M M 8 41 150
30 40 27 34 13 31 0 T T 10 6.6 22 150 M M 8 40 150
================================================================================
SM 988 699 1099 0 3.44 39.3 182.2 M 247
================================================================================
AV 32.9 23.3 6.1 FASTST M M 8 MAX(MPH)
MISC ----> 31 160 49 190
================================================================================
NOTES:
# LAST OF SEVERAL OCCURRENCES
COLUMN 17 PEAK WIND IN M.P.H.
PRELIMINARY LOCAL CLIMATOLOGICAL DATA (WS FORM: F-6) , PAGE 2
STATION: ANCHORAGE AK
MONTH: NOVEMBER
YEAR: 2023
LATITUDE: 61 10 N
LONGITUDE: 150 2 W
[TEMPERATURE DATA] [PRECIPITATION DATA] SYMBOLS USED IN COLUMN 16
AVERAGE MONTHLY: 28.1 TOTAL FOR MONTH: 3.44 1 = FOG OR MIST
DPTR FM NORMAL: 4.5 DPTR FM NORMAL: 2.25 2 = FOG REDUCING VISIBILITY
HIGHEST: 44 ON 24 GRTST 24HR 1.23 ON 8- 9 TO 1/4 MILE OR LESS
LOWEST: -2 ON 20 3 = THUNDER
SNOW, ICE PELLETS, HAIL 4 = ICE PELLETS
TOTAL MONTH: 39.3 INCHES 5 = HAIL
GRTST 24HR 9.0 ON 8- 8 6 = FREEZING RAIN OR DRIZZLE
GRTST DEPTH: 23 ON 14 7 = DUSTSTORM OR SANDSTORM:
VSBY 1/2 MILE OR LESS
8 = SMOKE OR HAZE
[NO. OF DAYS WITH] [WEATHER - DAYS WITH] 9 = BLOWING SNOW
X = TORNADO
MAX 32 OR BELOW: 13 0.01 INCH OR MORE: 17
MAX 90 OR ABOVE: 0 0.10 INCH OR MORE: 8
MIN 32 OR BELOW: 26 0.50 INCH OR MORE: 3
MIN 0 OR BELOW: 2 1.00 INCH OR MORE: 0
[HDD (BASE 65) ]
TOTAL THIS MO. 1099 CLEAR (SCALE 0-3) 1
DPTR FM NORMAL -143 PTCLDY (SCALE 4-7) 12
TOTAL FM JUL 1 2872 CLOUDY (SCALE 8-10) 17
DPTR FM NORMAL -139
[CDD (BASE 65) ]
TOTAL THIS MO. 0
DPTR FM NORMAL 0 [PRESSURE DATA]
TOTAL FM JAN 1 0 HIGHEST SLP 30.31 ON 19
DPTR FM NORMAL -8 LOWEST SLP 28.61 ON 9
[REMARKS]
#FINAL-11-23#