000
CXUS52 KGSP 011031
CF6AND
PRELIMINARY LOCAL CLIMATOLOGICAL DATA (WS FORM: F-6)
STATION: ANDERSON SC
MONTH: JUNE
YEAR: 2020
LATITUDE: 34 30 N
LONGITUDE: 82 43 W
TEMPERATURE IN F: :PCPN: SNOW: WIND :SUNSHINE: SKY :PK WND
================================================================================
1 2 3 4 5 6A 6B 7 8 9 10 11 12 13 14 15 16 17 18
12Z AVG MX 2MIN
DY MAX MIN AVG DEP HDD CDD WTR SNW DPTH SPD SPD DIR MIN PSBL S-S WX SPD DR
================================================================================
1 80 63 72 -1 0 7 0.00 M M 6.6 21 60 M M 3 26 60
2 84 61 73 0 0 8 0.00 M M 7.0 17 220 M M 1 24 240
3 90 65 78 4 0 13 0.00 M M 8.4 18 220 M M 0 21 200
4 90 68 79 5 0 14 0.18 M M 5.9 30 200 M M 1 13 38 190
5 85 69 77 3 0 12 0.00 M M 7.8 17 230 M M 5 1 22 250
6 87 67 77 3 0 12 0.00 M M 4.5 12 190 M M 1 12 13 200
7 89 69 79 4 0 14 0.00 M M 4.0 15 180 M M 1 1 17 190
8 86 71 79 4 0 14 0.00 M M 3.3 9 110 M M 5 13 70
9 90 71 81 6 0 16 0.02 M M 5.3 22 250 M M 5 28 250
10 87 72 80 5 0 15 0.08 M M 8.3 21 170 M M 7 13 25 180
11 89 72 81 5 0 16 T M M 6.5 17 240 M M 3 1 21 240
12 86 69 78 2 0 13 0.00 M M 9.3 21 70 M M 1 26 40
13 87 63 75 -1 0 10 0.00 M M 5.8 16 90 M M 1 21 70
14 83 63 73 -3 0 8 0.37 M M 6.7 18 310 M M 5 13 26 10
15 75 61 68 -8 0 3 0.00 M M 10.8 21 60 M M 6 26 70
16 66 59 63 -14 2 0 0.00 M M 10.0 18 40 M M 9 25 50
17 77 60 69 -8 0 4 0.01 M M 3.4 12 180 M M 10 14 220
18 82 60 71 -6 0 6 0.00 M M 3.9 13 210 M M 6 15 190
19 87 66 77 0 0 12 0.02 M M 3.1 18 240 M M 4 13 31 230
20 89 64 77 0 0 12 T M M 3.3 13 300 M M 2 1 16 290
21 92 68 80 2 0 15 0.06 M M 3.9 21 270 M M 2 13 26 270
22 90 66 78 0 0 13 0.03 M M 5.8 24 210 M M 1 13 33 200
23 84 67 76 -2 0 11 0.81 M M 10.1 23 290 M M 6 123 29 300
24 85 70 78 0 0 13 0.10 M M 6.4 18 220 M M 3 13 23 210
25 87 68 78 0 0 13 0.30 M M 9.6 20 230 M M 4 1 24 250
26 87 69 78 0 0 13 T M M 8.1 22 280 M M 4 31 280
27 87 69 78 0 0 13 0.03 M M 8.3 28 320 M M 2 8 38 330
28 91 70 81 3 0 16 T M M 9.4 30 320 M M 1 3 44 330
29 92 73 83 4 0 18 0.00 M M 6.4 14 50 M M 1 3 20 310
30 90 71 81 2 0 16 0.00 M M 3.4 17 20 M M 1 138 25 20
================================================================================
SM 2574 2004 2 350 2.01 M 195.3 M 101
================================================================================
AV 85.8 66.8 6.5 FASTST M M 3 MAX(MPH)
MISC ----> # 30 200 44 330
================================================================================
NOTES:
# LAST OF SEVERAL OCCURRENCES
COLUMN 17 PEAK WIND IN M.P.H.
PRELIMINARY LOCAL CLIMATOLOGICAL DATA (WS FORM: F-6) , PAGE 2
STATION: ANDERSON SC
MONTH: JUNE
YEAR: 2020
LATITUDE: 34 30 N
LONGITUDE: 82 43 W
[TEMPERATURE DATA] [PRECIPITATION DATA] SYMBOLS USED IN COLUMN 16
AVERAGE MONTHLY: 76.3 TOTAL FOR MONTH: 2.01 1 = FOG OR MIST
DPTR FM NORMAL: -0.1 DPTR FM NORMAL: -1.71 2 = FOG REDUCING VISIBILITY
HIGHEST: 92 ON 29,21 GRTST 24HR 0.84 ON 22-23 TO 1/4 MILE OR LESS
LOWEST: 59 ON 16 3 = THUNDER
SNOW, ICE PELLETS, HAIL 4 = ICE PELLETS
TOTAL MONTH: M 5 = HAIL
GRTST 24HR M ON M 6 = FREEZING RAIN OR DRIZZLE
GRTST DEPTH: M ON M 7 = DUSTSTORM OR SANDSTORM:
VSBY 1/2 MILE OR LESS
8 = SMOKE OR HAZE
[NO. OF DAYS WITH] [WEATHER - DAYS WITH] 9 = BLOWING SNOW
X = TORNADO
MAX 32 OR BELOW: 0 0.01 INCH OR MORE: 12
MAX 90 OR ABOVE: 8 0.10 INCH OR MORE: 5
MIN 32 OR BELOW: 0 0.50 INCH OR MORE: 1
MIN 0 OR BELOW: 0 1.00 INCH OR MORE: 0
[HDD (BASE 65) ]
TOTAL THIS MO. 2 CLEAR (SCALE 0-3) 16
DPTR FM NORMAL 1 PTCLDY (SCALE 4-7) 12
TOTAL FM JUL 1 2472 CLOUDY (SCALE 8-10) 2
DPTR FM NORMAL -625
[CDD (BASE 65) ]
TOTAL THIS MO. 350
DPTR FM NORMAL 8 [PRESSURE DATA]
TOTAL FM JAN 1 564 HIGHEST SLP 30.27 ON 1
DPTR FM NORMAL 35 LOWEST SLP 29.80 ON 23
[REMARKS]
#FINAL-06-20#